{"id":11089,"date":"2024-08-14T13:26:52","date_gmt":"2024-08-14T13:26:52","guid":{"rendered":"https:\/\/pararepublique.com\/?post_type=product&#038;p=11089"},"modified":"2024-08-14T13:29:38","modified_gmt":"2024-08-14T13:29:38","slug":"neutraderm-bb-eau-neyyoyant-douceur","status":"publish","type":"product","link":"https:\/\/pararepublique.com\/index.php\/product\/neutraderm-bb-eau-neyyoyant-douceur\/","title":{"rendered":"NEUTRADERM BB EAU NEYYOYANT DOUCEUR"},"content":{"rendered":"<p>L\u2019eau nettoyante douceur 3 en 1 Neutraderm Baby poss\u00e8de une formule extra douce et haute tol\u00e9rance cutan\u00e9e. Elle nettoie et \u00e9limine les impuret\u00e9s en un seul geste du visage, du corps et du si\u00e8ge de b\u00e9b\u00e9, sans coller. Elle contient un actif naturel brevet\u00e9, l\u2019Active Oligo Skin Complex qui apaise, remin\u00e9ralise et restructure la peau. Il est hautement concentr\u00e9 en min\u00e9raux et oligo-\u00e9l\u00e9ments, il restaure la barri\u00e8re cutan\u00e9e et maintient l\u2019\u00e9quilibre du microbiome de la peau. Cette eau nettoyante prot\u00e8ge les peaux d\u00e9licates. La peau est douce, souple et retrouve tout son confort. Elle peut s\u2019utiliser aussi comme d\u00e9m\u00ealant car elle facilite le coiffage.<br \/>\nFormule compos\u00e9e \u00e0 99% d\u2019ingr\u00e9dients biod\u00e9gradables.<br \/>\nTest\u00e9 sous contr\u00f4le p\u00e9diatrique.<br \/>\nD\u00e8s la naissance.<\/p>\n","protected":false},"excerpt":{"rendered":"<p>Eau nettoyante sans rin\u00e7age qui nettoie et apaise la peau sensible de b\u00e9b\u00e9. Convient pour le visage, le corps et le si\u00e8ge.<\/p>\n","protected":false},"featured_media":11092,"comment_status":"open","ping_status":"closed","template":"","meta":{"inline_featured_image":false,"_monsterinsights_skip_tracking":false,"_monsterinsights_sitenote_active":false,"_monsterinsights_sitenote_note":"","_monsterinsights_sitenote_category":0,"_joinchat":[]},"product_cat":[147],"product_tag":[],"class_list":{"0":"post-11089","1":"product","2":"type-product","3":"status-publish","4":"has-post-thumbnail","6":"product_cat-neutraderm","8":"first","9":"instock","10":"shipping-taxable","11":"purchasable","12":"product-type-simple","13":"add-to-wishlist-after_add_to_cart"},"aioseo_notices":[],"_links":{"self":[{"href":"https:\/\/pararepublique.com\/index.php\/wp-json\/wp\/v2\/product\/11089","targetHints":{"allow":["GET"]}}],"collection":[{"href":"https:\/\/pararepublique.com\/index.php\/wp-json\/wp\/v2\/product"}],"about":[{"href":"https:\/\/pararepublique.com\/index.php\/wp-json\/wp\/v2\/types\/product"}],"replies":[{"embeddable":true,"href":"https:\/\/pararepublique.com\/index.php\/wp-json\/wp\/v2\/comments?post=11089"}],"version-history":[{"count":1,"href":"https:\/\/pararepublique.com\/index.php\/wp-json\/wp\/v2\/product\/11089\/revisions"}],"predecessor-version":[{"id":11091,"href":"https:\/\/pararepublique.com\/index.php\/wp-json\/wp\/v2\/product\/11089\/revisions\/11091"}],"wp:featuredmedia":[{"embeddable":true,"href":"https:\/\/pararepublique.com\/index.php\/wp-json\/wp\/v2\/media\/11092"}],"wp:attachment":[{"href":"https:\/\/pararepublique.com\/index.php\/wp-json\/wp\/v2\/media?parent=11089"}],"wp:term":[{"taxonomy":"product_cat","embeddable":true,"href":"https:\/\/pararepublique.com\/index.php\/wp-json\/wp\/v2\/product_cat?post=11089"},{"taxonomy":"product_tag","embeddable":true,"href":"https:\/\/pararepublique.com\/index.php\/wp-json\/wp\/v2\/product_tag?post=11089"}],"curies":[{"name":"wp","href":"https:\/\/api.w.org\/{rel}","templated":true}]}}