{"id":11151,"date":"2024-08-16T11:08:13","date_gmt":"2024-08-16T11:08:13","guid":{"rendered":"https:\/\/pararepublique.com\/?post_type=product&#038;p=11151"},"modified":"2024-08-16T11:08:14","modified_gmt":"2024-08-16T11:08:14","slug":"neutraderm-soin-apaisant-t40ml","status":"publish","type":"product","link":"https:\/\/pararepublique.com\/index.php\/product\/neutraderm-soin-apaisant-t40ml\/","title":{"rendered":"NEUTRADERM SOIN APAISANT  T40ML"},"content":{"rendered":"<p>Le <strong>Neutraderm Soin Apaisant 40ml<\/strong> est une solution sp\u00e9cialement formul\u00e9e pour calmer et apaiser les irritations cutan\u00e9es. Id\u00e9al pour les peaux sensibles ou sujettes aux rougeurs, ce soin offre un confort imm\u00e9diat et durable gr\u00e2ce \u00e0 sa formule riche en agents apaisants et hydratants.<\/p>\n<p><strong>Caract\u00e9ristiques :<\/strong><\/p>\n<ul>\n<li><strong>Contenance :<\/strong> 40 ml<\/li>\n<li><strong>Type de peau :<\/strong> Peaux sensibles, sujettes aux irritations<\/li>\n<li><strong>Utilisation :<\/strong> Application locale sur les zones irrit\u00e9es ou sensibles<\/li>\n<\/ul>\n<p><strong>Avantages :<\/strong><\/p>\n<ul>\n<li><strong>Apaisement Instantan\u00e9 :<\/strong> R\u00e9duit les sensations d&rsquo;inconfort et les rougeurs gr\u00e2ce \u00e0 des ingr\u00e9dients cibl\u00e9s.<\/li>\n<li><strong>Hydratation :<\/strong> Aide \u00e0 maintenir l&rsquo;hydratation naturelle de la peau pour une sensation de confort prolong\u00e9.<\/li>\n<li><strong>Formule Douce :<\/strong> Con\u00e7ue pour minimiser les risques d&rsquo;irritation, m\u00eame pour les peaux les plus d\u00e9licates.<\/li>\n<li><strong>Efficacit\u00e9 :<\/strong> Agit rapidement pour soulager les irritations et am\u00e9liorer l&rsquo;apparence de la peau.<\/li>\n<\/ul>\n<p><strong>Conseils d&rsquo;utilisation :<\/strong><\/p>\n<ul>\n<li>Appliquez une petite quantit\u00e9 de soin sur les zones affect\u00e9es, deux \u00e0 trois fois par jour ou selon les besoins.<\/li>\n<li>Massez d\u00e9licatement jusqu&rsquo;\u00e0 absorption compl\u00e8te.<\/li>\n<\/ul>\n<p>&nbsp;<\/p>\n","protected":false},"excerpt":{"rendered":"<p>Le <strong>Neutraderm Soin Apaisant 40ml<\/strong> est une solution sp\u00e9cialement formul\u00e9e pour calmer et apaiser les irritations cutan\u00e9es. Id\u00e9al pour les peaux sensibles ou sujettes aux rougeurs, ce soin offre un confort imm\u00e9diat et durable gr\u00e2ce \u00e0 sa formule riche en agents apaisants et hydratants.<\/p>\n","protected":false},"featured_media":11152,"comment_status":"open","ping_status":"closed","template":"","meta":{"inline_featured_image":false,"_monsterinsights_skip_tracking":false,"_monsterinsights_sitenote_active":false,"_monsterinsights_sitenote_note":"","_monsterinsights_sitenote_category":0,"_joinchat":[]},"product_cat":[147],"product_tag":[171],"class_list":{"0":"post-11151","1":"product","2":"type-product","3":"status-publish","4":"has-post-thumbnail","6":"product_cat-neutraderm","7":"product_tag-peaux-sensible","9":"first","10":"instock","11":"shipping-taxable","12":"purchasable","13":"product-type-simple","14":"add-to-wishlist-after_add_to_cart"},"aioseo_notices":[],"_links":{"self":[{"href":"https:\/\/pararepublique.com\/index.php\/wp-json\/wp\/v2\/product\/11151","targetHints":{"allow":["GET"]}}],"collection":[{"href":"https:\/\/pararepublique.com\/index.php\/wp-json\/wp\/v2\/product"}],"about":[{"href":"https:\/\/pararepublique.com\/index.php\/wp-json\/wp\/v2\/types\/product"}],"replies":[{"embeddable":true,"href":"https:\/\/pararepublique.com\/index.php\/wp-json\/wp\/v2\/comments?post=11151"}],"version-history":[{"count":0,"href":"https:\/\/pararepublique.com\/index.php\/wp-json\/wp\/v2\/product\/11151\/revisions"}],"wp:featuredmedia":[{"embeddable":true,"href":"https:\/\/pararepublique.com\/index.php\/wp-json\/wp\/v2\/media\/11152"}],"wp:attachment":[{"href":"https:\/\/pararepublique.com\/index.php\/wp-json\/wp\/v2\/media?parent=11151"}],"wp:term":[{"taxonomy":"product_cat","embeddable":true,"href":"https:\/\/pararepublique.com\/index.php\/wp-json\/wp\/v2\/product_cat?post=11151"},{"taxonomy":"product_tag","embeddable":true,"href":"https:\/\/pararepublique.com\/index.php\/wp-json\/wp\/v2\/product_tag?post=11151"}],"curies":[{"name":"wp","href":"https:\/\/api.w.org\/{rel}","templated":true}]}}