{"id":11240,"date":"2024-08-19T11:18:16","date_gmt":"2024-08-19T11:18:16","guid":{"rendered":"https:\/\/pararepublique.com\/?post_type=product&#038;p=11240"},"modified":"2024-08-19T11:18:17","modified_gmt":"2024-08-19T11:18:17","slug":"ducray-elution-shampoing-doux-200ml","status":"publish","type":"product","link":"https:\/\/pararepublique.com\/index.php\/product\/ducray-elution-shampoing-doux-200ml\/","title":{"rendered":"DUCRAY ELUTION SHAMPOING DOUX 200ML"},"content":{"rendered":"<div class=\"flex-shrink-0 flex flex-col relative items-end\">\n<div>\n<div class=\"pt-0\">\n<div class=\"gizmo-bot-avatar flex h-8 w-8 items-center justify-center overflow-hidden rounded-full\">\n<div class=\"relative p-1 rounded-sm flex items-center justify-center bg-token-main-surface-primary text-token-text-primary h-8 w-8\"><\/div>\n<\/div>\n<\/div>\n<\/div>\n<\/div>\n<div class=\"group\/conversation-turn relative flex w-full min-w-0 flex-col agent-turn\">\n<div class=\"flex-col gap-1 md:gap-3\">\n<div class=\"flex max-w-full flex-col flex-grow\">\n<div class=\"min-h-[20px] text-message flex w-full flex-col items-end gap-2 whitespace-pre-wrap break-words [.text-message+&amp;]:mt-5 overflow-x-auto\" dir=\"auto\" data-message-author-role=\"assistant\" data-message-id=\"66487f65-86f2-406b-a87d-b1e3260e4e20\">\n<div class=\"flex w-full flex-col gap-1 empty:hidden first:pt-[3px]\">\n<div class=\"markdown prose w-full break-words dark:prose-invert dark\">\n<p><strong>DUCRAY ELUTION SHAMPOING DOUX 200ML<\/strong> est un shampooing sp\u00e9cialement formul\u00e9 pour les cuirs chevelus sensibles ou fragilis\u00e9s. Il est particuli\u00e8rement recommand\u00e9 apr\u00e8s un traitement antipelliculaire pour aider \u00e0 prolonger les effets du traitement et pr\u00e9venir les r\u00e9cidives de pellicules.<\/p>\n<p>Ce shampooing doux contient des agents nettoyants non agressifs qui respectent l&rsquo;\u00e9quilibre naturel du cuir chevelu tout en offrant une action apaisante. Enrichi en actifs anti-irritants et hydratants, il aide \u00e0 calmer les d\u00e9mangeaisons et \u00e0 r\u00e9duire les sensations d&rsquo;inconfort. La formule de DUCRAY ELUTION est \u00e9galement renforc\u00e9e en ingr\u00e9dients qui prot\u00e8gent et renforcent la barri\u00e8re cutan\u00e9e du cuir chevelu, contribuant ainsi \u00e0 une meilleure sant\u00e9 capillaire \u00e0 long terme.<\/p>\n<p>Avec sa texture l\u00e9g\u00e8re et son parfum agr\u00e9able, ce shampooing nettoie les cheveux en douceur sans les alourdir, les laissant propres, souples et faciles \u00e0 coiffer. Adapt\u00e9 \u00e0 une utilisation quotidienne ou fr\u00e9quente, il convient \u00e0 tous les types de cheveux, y compris les cheveux color\u00e9s ou trait\u00e9s chimiquement.<\/p>\n<p>DUCRAY ELUTION SHAMPOING DOUX 200ML est un soin essentiel pour les personnes ayant un cuir chevelu sensible ou en convalescence apr\u00e8s un traitement antipelliculaire, permettant de maintenir l&rsquo;\u00e9quilibre du cuir chevelu tout en gardant les cheveux doux, brillants, et en bonne sant\u00e9.<\/p>\n<\/div>\n<\/div>\n<\/div>\n<\/div>\n<\/div>\n<\/div>\n","protected":false},"excerpt":{"rendered":"<p><strong>DUCRAY ELUTION SHAMPOING DOUX 200ML<\/strong> est un shampooing sp\u00e9cialement formul\u00e9 pour les cuirs chevelus sensibles ou fragilis\u00e9s. Il est particuli\u00e8rement recommand\u00e9 apr\u00e8s un traitement antipelliculaire pour aider \u00e0 prolonger les effets du traitement et pr\u00e9venir les r\u00e9cidives de pellicules.<\/p>\n","protected":false},"featured_media":11241,"comment_status":"open","ping_status":"closed","template":"","meta":{"inline_featured_image":false,"_monsterinsights_skip_tracking":false,"_monsterinsights_sitenote_active":false,"_monsterinsights_sitenote_note":"","_monsterinsights_sitenote_category":0,"_joinchat":[]},"product_cat":[159],"product_tag":[],"class_list":{"0":"post-11240","1":"product","2":"type-product","3":"status-publish","4":"has-post-thumbnail","6":"product_cat-ducray-soins-capillaires","8":"first","9":"instock","10":"shipping-taxable","11":"purchasable","12":"product-type-simple","13":"add-to-wishlist-after_add_to_cart"},"aioseo_notices":[],"_links":{"self":[{"href":"https:\/\/pararepublique.com\/index.php\/wp-json\/wp\/v2\/product\/11240","targetHints":{"allow":["GET"]}}],"collection":[{"href":"https:\/\/pararepublique.com\/index.php\/wp-json\/wp\/v2\/product"}],"about":[{"href":"https:\/\/pararepublique.com\/index.php\/wp-json\/wp\/v2\/types\/product"}],"replies":[{"embeddable":true,"href":"https:\/\/pararepublique.com\/index.php\/wp-json\/wp\/v2\/comments?post=11240"}],"version-history":[{"count":0,"href":"https:\/\/pararepublique.com\/index.php\/wp-json\/wp\/v2\/product\/11240\/revisions"}],"wp:featuredmedia":[{"embeddable":true,"href":"https:\/\/pararepublique.com\/index.php\/wp-json\/wp\/v2\/media\/11241"}],"wp:attachment":[{"href":"https:\/\/pararepublique.com\/index.php\/wp-json\/wp\/v2\/media?parent=11240"}],"wp:term":[{"taxonomy":"product_cat","embeddable":true,"href":"https:\/\/pararepublique.com\/index.php\/wp-json\/wp\/v2\/product_cat?post=11240"},{"taxonomy":"product_tag","embeddable":true,"href":"https:\/\/pararepublique.com\/index.php\/wp-json\/wp\/v2\/product_tag?post=11240"}],"curies":[{"name":"wp","href":"https:\/\/api.w.org\/{rel}","templated":true}]}}