{"id":11248,"date":"2024-08-19T11:28:04","date_gmt":"2024-08-19T11:28:04","guid":{"rendered":"https:\/\/pararepublique.com\/?post_type=product&#038;p=11248"},"modified":"2024-08-19T11:28:05","modified_gmt":"2024-08-19T11:28:05","slug":"ducray-hydra-creme-leger-40ml","status":"publish","type":"product","link":"https:\/\/pararepublique.com\/index.php\/product\/ducray-hydra-creme-leger-40ml\/","title":{"rendered":"DUCRAY HYDRA CREME LEGER  40ML"},"content":{"rendered":"<div class=\"flex-shrink-0 flex flex-col relative items-end\">\n<div>\n<div class=\"pt-0\">\n<div class=\"gizmo-bot-avatar flex h-8 w-8 items-center justify-center overflow-hidden rounded-full\">\n<div class=\"relative p-1 rounded-sm flex items-center justify-center bg-token-main-surface-primary text-token-text-primary h-8 w-8\"><\/div>\n<\/div>\n<\/div>\n<\/div>\n<\/div>\n<div class=\"group\/conversation-turn relative flex w-full min-w-0 flex-col agent-turn\">\n<div class=\"flex-col gap-1 md:gap-3\">\n<div class=\"flex max-w-full flex-col flex-grow\">\n<div class=\"min-h-[20px] text-message flex w-full flex-col items-end gap-2 whitespace-pre-wrap break-words [.text-message+&amp;]:mt-5 overflow-x-auto\" dir=\"auto\" data-message-author-role=\"assistant\" data-message-id=\"eef79945-c2fd-450a-8035-2c1c4e5f098e\">\n<div class=\"flex w-full flex-col gap-1 empty:hidden first:pt-[3px]\">\n<div class=\"markdown prose w-full break-words dark:prose-invert dark\">\n<p><strong>DUCRAY HYDRALIANE CR\u00c8ME L\u00c9G\u00c8RE 40ML<\/strong> est un soin hydratant con\u00e7u pour les peaux normales \u00e0 mixtes. Cette cr\u00e8me l\u00e9g\u00e8re est sp\u00e9cialement formul\u00e9e pour apporter une hydratation intense et durable tout en respectant l&rsquo;\u00e9quilibre naturel de la peau.<\/p>\n<p>La formule de la <strong>DUCRAY HYDRALIANE CR\u00c8ME L\u00c9G\u00c8RE<\/strong> est enrichie en actifs hydratants tels que l&rsquo;eau physiologique, un complexe d&rsquo;eau biomim\u00e9tique qui imite l&rsquo;eau naturellement pr\u00e9sente dans la peau. Cela permet d&rsquo;assurer une hydratation optimale et continue pendant 24 heures, laissant la peau douce, souple, et confortable. La texture l\u00e9g\u00e8re de la cr\u00e8me est id\u00e9ale pour une application quotidienne, car elle p\u00e9n\u00e8tre rapidement sans laisser de film gras, ce qui en fait une excellente base de maquillage.<\/p>\n<p>Cette cr\u00e8me hydratante est \u00e9galement formul\u00e9e pour apaiser et prot\u00e9ger la peau des agressions ext\u00e9rieures, comme la pollution et les variations climatiques. Elle contribue \u00e0 renforcer la barri\u00e8re cutan\u00e9e, aidant ainsi \u00e0 pr\u00e9venir la d\u00e9shydratation et \u00e0 maintenir une peau \u00e9clatante et en bonne sant\u00e9. Adapt\u00e9e aux peaux sensibles, elle est hypoallerg\u00e9nique, sans parab\u00e8nes, et non com\u00e9dog\u00e8ne.<\/p>\n<p><strong>Cat\u00e9gorie :<\/strong> La <strong>DUCRAY HYDRALIANE CR\u00c8ME L\u00c9G\u00c8RE<\/strong> fait partie de la cat\u00e9gorie des <strong>soins hydratants pour le visage<\/strong>, sp\u00e9cifiquement d\u00e9velopp\u00e9s pour les peaux normales \u00e0 mixtes, cherchant \u00e0 maintenir un bon niveau d&rsquo;hydratation tout en respectant la l\u00e9g\u00e8ret\u00e9 et le confort de la peau.<\/p>\n<\/div>\n<\/div>\n<\/div>\n<\/div>\n<\/div>\n<\/div>\n","protected":false},"excerpt":{"rendered":"<div class=\"flex-shrink-0 flex flex-col relative items-end\">\n<div>\n<div class=\"pt-0\">\n<div class=\"gizmo-bot-avatar flex h-8 w-8 items-center justify-center overflow-hidden rounded-full\">\n<div class=\"relative p-1 rounded-sm flex items-center justify-center bg-token-main-surface-primary text-token-text-primary h-8 w-8\"><\/div>\n<\/div>\n<\/div>\n<\/div>\n<\/div>\n<div class=\"group\/conversation-turn relative flex w-full min-w-0 flex-col agent-turn\">\n<div class=\"flex-col gap-1 md:gap-3\">\n<div class=\"flex max-w-full flex-col flex-grow\">\n<div class=\"min-h-[20px] text-message flex w-full flex-col items-end gap-2 whitespace-pre-wrap break-words [.text-message+&amp;]:mt-5 overflow-x-auto\" dir=\"auto\" data-message-author-role=\"assistant\" data-message-id=\"eef79945-c2fd-450a-8035-2c1c4e5f098e\">\n<div class=\"flex w-full flex-col gap-1 empty:hidden first:pt-[3px]\">\n<div class=\"markdown prose w-full break-words dark:prose-invert dark\">\n<p><strong>DUCRAY HYDRALIANE CR\u00c8ME L\u00c9G\u00c8RE 40ML<\/strong> est un soin hydratant con\u00e7u pour les peaux normales \u00e0 mixtes. Cette cr\u00e8me l\u00e9g\u00e8re est sp\u00e9cialement formul\u00e9e pour apporter une hydratation intense et durable tout en respectant l&rsquo;\u00e9quilibre naturel de la peau.<\/p>\n<\/div>\n<\/div>\n<\/div>\n<\/div>\n<\/div>\n<\/div>\n","protected":false},"featured_media":11249,"comment_status":"open","ping_status":"closed","template":"","meta":{"inline_featured_image":false,"_monsterinsights_skip_tracking":false,"_monsterinsights_sitenote_active":false,"_monsterinsights_sitenote_note":"","_monsterinsights_sitenote_category":0,"_joinchat":[]},"product_cat":[121],"product_tag":[],"class_list":{"0":"post-11248","1":"product","2":"type-product","3":"status-publish","4":"has-post-thumbnail","6":"product_cat-ducray","8":"first","9":"instock","10":"shipping-taxable","11":"purchasable","12":"product-type-simple","13":"add-to-wishlist-after_add_to_cart"},"aioseo_notices":[],"_links":{"self":[{"href":"https:\/\/pararepublique.com\/index.php\/wp-json\/wp\/v2\/product\/11248","targetHints":{"allow":["GET"]}}],"collection":[{"href":"https:\/\/pararepublique.com\/index.php\/wp-json\/wp\/v2\/product"}],"about":[{"href":"https:\/\/pararepublique.com\/index.php\/wp-json\/wp\/v2\/types\/product"}],"replies":[{"embeddable":true,"href":"https:\/\/pararepublique.com\/index.php\/wp-json\/wp\/v2\/comments?post=11248"}],"version-history":[{"count":0,"href":"https:\/\/pararepublique.com\/index.php\/wp-json\/wp\/v2\/product\/11248\/revisions"}],"wp:featuredmedia":[{"embeddable":true,"href":"https:\/\/pararepublique.com\/index.php\/wp-json\/wp\/v2\/media\/11249"}],"wp:attachment":[{"href":"https:\/\/pararepublique.com\/index.php\/wp-json\/wp\/v2\/media?parent=11248"}],"wp:term":[{"taxonomy":"product_cat","embeddable":true,"href":"https:\/\/pararepublique.com\/index.php\/wp-json\/wp\/v2\/product_cat?post=11248"},{"taxonomy":"product_tag","embeddable":true,"href":"https:\/\/pararepublique.com\/index.php\/wp-json\/wp\/v2\/product_tag?post=11248"}],"curies":[{"name":"wp","href":"https:\/\/api.w.org\/{rel}","templated":true}]}}