{"id":11250,"date":"2024-08-19T11:31:34","date_gmt":"2024-08-19T11:31:34","guid":{"rendered":"https:\/\/pararepublique.com\/?post_type=product&#038;p=11250"},"modified":"2024-08-19T11:31:34","modified_gmt":"2024-08-19T11:31:34","slug":"ducray-ictyane-100g","status":"publish","type":"product","link":"https:\/\/pararepublique.com\/index.php\/product\/ducray-ictyane-100g\/","title":{"rendered":"DUCRAY ICTYANE 100G"},"content":{"rendered":"<div class=\"flex-shrink-0 flex flex-col relative items-end\">\n<div>\n<div class=\"pt-0\">\n<div class=\"gizmo-bot-avatar flex h-8 w-8 items-center justify-center overflow-hidden rounded-full\">\n<div class=\"relative p-1 rounded-sm flex items-center justify-center bg-token-main-surface-primary text-token-text-primary h-8 w-8\"><\/div>\n<\/div>\n<\/div>\n<\/div>\n<\/div>\n<div class=\"group\/conversation-turn relative flex w-full min-w-0 flex-col agent-turn\">\n<div class=\"flex-col gap-1 md:gap-3\">\n<div class=\"flex max-w-full flex-col flex-grow\">\n<div class=\"min-h-[20px] text-message flex w-full flex-col items-end gap-2 whitespace-pre-wrap break-words [.text-message+&amp;]:mt-5 overflow-x-auto\" dir=\"auto\" data-message-author-role=\"assistant\" data-message-id=\"d86fdef0-ad16-4005-924a-456888f45131\">\n<div class=\"flex w-full flex-col gap-1 empty:hidden first:pt-[3px]\">\n<div class=\"markdown prose w-full break-words dark:prose-invert dark\">\n<p><strong>DUCRAY ICTYANE PAIN SURGRAS 100G<\/strong> est un savon dermatologique surgras sp\u00e9cialement formul\u00e9 pour nettoyer en douceur les peaux s\u00e8ches \u00e0 tr\u00e8s s\u00e8ches, tout en respectant leur \u00e9quilibre naturel. Ce pain surgras est enrichi en agents nourrissants et hydratants pour aider \u00e0 restaurer et maintenir la barri\u00e8re cutan\u00e9e, souvent alt\u00e9r\u00e9e par la s\u00e9cheresse.<\/p>\n<p>Ce soin nettoyant est id\u00e9al pour les personnes ayant une peau sensible ou r\u00e9active, car il nettoie sans agresser ni dess\u00e9cher la peau. Sa formule douce et sans savon est con\u00e7ue pour minimiser les risques d&rsquo;irritation et apporter un confort imm\u00e9diat. Le <strong>DUCRAY ICTYANE PAIN SURGRAS<\/strong> laisse la peau souple, douce, et prot\u00e9g\u00e9e contre les effets dess\u00e9chants de l&rsquo;eau calcaire.<\/p>\n<p>Ce pain est adapt\u00e9 pour une utilisation quotidienne sur le visage et le corps, et convient \u00e0 toute la famille, y compris aux enfants. Il est particuli\u00e8rement recommand\u00e9 pour les peaux ayant besoin de soins sp\u00e9cifiques, notamment en p\u00e9riode de froid ou de conditions climatiques agressives qui accentuent la s\u00e9cheresse cutan\u00e9e.<\/p>\n<\/div>\n<\/div>\n<\/div>\n<\/div>\n<\/div>\n<\/div>\n","protected":false},"excerpt":{"rendered":"<p><strong>DUCRAY ICTYANE PAIN SURGRAS 100G<\/strong> est un savon dermatologique surgras sp\u00e9cialement formul\u00e9 pour nettoyer en douceur les peaux s\u00e8ches \u00e0 tr\u00e8s s\u00e8ches, tout en respectant leur \u00e9quilibre naturel. Ce pain surgras est enrichi en agents nourrissants et hydratants pour aider \u00e0 restaurer et maintenir la barri\u00e8re cutan\u00e9e, souvent alt\u00e9r\u00e9e par la s\u00e9cheresse.<\/p>\n","protected":false},"featured_media":11251,"comment_status":"open","ping_status":"closed","template":"","meta":{"inline_featured_image":false,"_monsterinsights_skip_tracking":false,"_monsterinsights_sitenote_active":false,"_monsterinsights_sitenote_note":"","_monsterinsights_sitenote_category":0,"_joinchat":[]},"product_cat":[121],"product_tag":[],"class_list":{"0":"post-11250","1":"product","2":"type-product","3":"status-publish","4":"has-post-thumbnail","6":"product_cat-ducray","8":"first","9":"instock","10":"shipping-taxable","11":"purchasable","12":"product-type-simple","13":"add-to-wishlist-after_add_to_cart"},"aioseo_notices":[],"_links":{"self":[{"href":"https:\/\/pararepublique.com\/index.php\/wp-json\/wp\/v2\/product\/11250","targetHints":{"allow":["GET"]}}],"collection":[{"href":"https:\/\/pararepublique.com\/index.php\/wp-json\/wp\/v2\/product"}],"about":[{"href":"https:\/\/pararepublique.com\/index.php\/wp-json\/wp\/v2\/types\/product"}],"replies":[{"embeddable":true,"href":"https:\/\/pararepublique.com\/index.php\/wp-json\/wp\/v2\/comments?post=11250"}],"version-history":[{"count":1,"href":"https:\/\/pararepublique.com\/index.php\/wp-json\/wp\/v2\/product\/11250\/revisions"}],"predecessor-version":[{"id":11253,"href":"https:\/\/pararepublique.com\/index.php\/wp-json\/wp\/v2\/product\/11250\/revisions\/11253"}],"wp:featuredmedia":[{"embeddable":true,"href":"https:\/\/pararepublique.com\/index.php\/wp-json\/wp\/v2\/media\/11251"}],"wp:attachment":[{"href":"https:\/\/pararepublique.com\/index.php\/wp-json\/wp\/v2\/media?parent=11250"}],"wp:term":[{"taxonomy":"product_cat","embeddable":true,"href":"https:\/\/pararepublique.com\/index.php\/wp-json\/wp\/v2\/product_cat?post=11250"},{"taxonomy":"product_tag","embeddable":true,"href":"https:\/\/pararepublique.com\/index.php\/wp-json\/wp\/v2\/product_tag?post=11250"}],"curies":[{"name":"wp","href":"https:\/\/api.w.org\/{rel}","templated":true}]}}