{"id":11282,"date":"2024-08-19T12:21:06","date_gmt":"2024-08-19T12:21:06","guid":{"rendered":"https:\/\/pararepublique.com\/?post_type=product&#038;p=11282"},"modified":"2024-08-19T12:21:06","modified_gmt":"2024-08-19T12:21:06","slug":"ducray-ictyane-stick-levre","status":"publish","type":"product","link":"https:\/\/pararepublique.com\/index.php\/product\/ducray-ictyane-stick-levre\/","title":{"rendered":"DUCRAY ICTYANE STICK L\u00c8VRE"},"content":{"rendered":"<div class=\"flex-shrink-0 flex flex-col relative items-end\">\n<div>\n<div class=\"pt-0\">\n<div class=\"gizmo-bot-avatar flex h-8 w-8 items-center justify-center overflow-hidden rounded-full\">\n<div class=\"relative p-1 rounded-sm flex items-center justify-center bg-token-main-surface-primary text-token-text-primary h-8 w-8\"><\/div>\n<\/div>\n<\/div>\n<\/div>\n<\/div>\n<div class=\"group\/conversation-turn relative flex w-full min-w-0 flex-col agent-turn\">\n<div class=\"flex-col gap-1 md:gap-3\">\n<div class=\"flex max-w-full flex-col flex-grow\">\n<div class=\"min-h-[20px] text-message flex w-full flex-col items-end gap-2 whitespace-pre-wrap break-words [.text-message+&amp;]:mt-5 overflow-x-auto\" dir=\"auto\" data-message-author-role=\"assistant\" data-message-id=\"e2744456-feb2-4b9b-9435-0d1a12ec8f84\">\n<div class=\"flex w-full flex-col gap-1 empty:hidden first:pt-[3px]\">\n<div class=\"markdown prose w-full break-words dark:prose-invert dark\">\n<p><strong>DUCRAY ICTYANE STICK L\u00c8VRE<\/strong> est un soin sp\u00e9cifique con\u00e7u pour hydrater et prot\u00e9ger les l\u00e8vres s\u00e8ches et ab\u00eem\u00e9es. Ce stick est formul\u00e9 pour offrir une r\u00e9paration intensive et une protection durable contre les agressions ext\u00e9rieures.<\/p>\n<p><strong>Caract\u00e9ristiques principales :<\/strong><\/p>\n<ul>\n<li><strong>Hydratation intense :<\/strong> Enrichi en agents hydratants, le stick nourrit les l\u00e8vres en profondeur, les rendant douces et souples.<\/li>\n<li><strong>Protection contre les agressions :<\/strong> Formul\u00e9 pour cr\u00e9er une barri\u00e8re protectrice contre les \u00e9l\u00e9ments ext\u00e9rieurs, tels que le froid, le vent et le soleil, ce qui aide \u00e0 pr\u00e9venir les ger\u00e7ures et les fissures.<\/li>\n<li><strong>R\u00e9paration des l\u00e8vres :<\/strong> Aide \u00e0 r\u00e9parer et \u00e0 apaiser les l\u00e8vres s\u00e8ches et ab\u00eem\u00e9es, favorisant une gu\u00e9rison rapide.<\/li>\n<li><strong>Texture agr\u00e9able :<\/strong> Sa texture riche et cr\u00e9meuse s&rsquo;applique facilement et procure un confort imm\u00e9diat, sans effet collant.<\/li>\n<\/ul>\n<p><strong>Utilisation :<\/strong> Appliquez le stick sur les l\u00e8vres aussi souvent que n\u00e9cessaire, surtout lors des conditions climatiques d\u00e9favorables ou lorsque les l\u00e8vres sont particuli\u00e8rement s\u00e8ches. Utilisez-le r\u00e9guli\u00e8rement pour maintenir les l\u00e8vres hydrat\u00e9es et prot\u00e9g\u00e9es.<\/p>\n<\/div>\n<\/div>\n<\/div>\n<\/div>\n<\/div>\n<\/div>\n","protected":false},"excerpt":{"rendered":"<div class=\"flex-shrink-0 flex flex-col relative items-end\">\n<div>\n<div class=\"pt-0\">\n<div class=\"gizmo-bot-avatar flex h-8 w-8 items-center justify-center overflow-hidden rounded-full\">\n<div class=\"relative p-1 rounded-sm flex items-center justify-center bg-token-main-surface-primary text-token-text-primary h-8 w-8\"><\/div>\n<\/div>\n<\/div>\n<\/div>\n<\/div>\n<div class=\"group\/conversation-turn relative flex w-full min-w-0 flex-col agent-turn\">\n<div class=\"flex-col gap-1 md:gap-3\">\n<div class=\"flex max-w-full flex-col flex-grow\">\n<div class=\"min-h-[20px] text-message flex w-full flex-col items-end gap-2 whitespace-pre-wrap break-words [.text-message+&amp;]:mt-5 overflow-x-auto\" dir=\"auto\" data-message-author-role=\"assistant\" data-message-id=\"e2744456-feb2-4b9b-9435-0d1a12ec8f84\">\n<div class=\"flex w-full flex-col gap-1 empty:hidden first:pt-[3px]\">\n<div class=\"markdown prose w-full break-words dark:prose-invert dark\">\n<p><strong>DUCRAY ICTYANE STICK L\u00c8VRE<\/strong> est un soin sp\u00e9cifique con\u00e7u pour hydrater et prot\u00e9ger les l\u00e8vres s\u00e8ches et ab\u00eem\u00e9es. Ce stick est formul\u00e9 pour offrir une r\u00e9paration intensive et une protection durable contre les agressions ext\u00e9rieures.<\/p>\n<\/div>\n<\/div>\n<\/div>\n<\/div>\n<\/div>\n<\/div>\n","protected":false},"featured_media":11284,"comment_status":"open","ping_status":"closed","template":"","meta":{"inline_featured_image":false,"_monsterinsights_skip_tracking":false,"_monsterinsights_sitenote_active":false,"_monsterinsights_sitenote_note":"","_monsterinsights_sitenote_category":0,"_joinchat":[]},"product_cat":[121],"product_tag":[],"class_list":{"0":"post-11282","1":"product","2":"type-product","3":"status-publish","4":"has-post-thumbnail","6":"product_cat-ducray","8":"first","9":"instock","10":"shipping-taxable","11":"purchasable","12":"product-type-simple","13":"add-to-wishlist-after_add_to_cart"},"aioseo_notices":[],"_links":{"self":[{"href":"https:\/\/pararepublique.com\/index.php\/wp-json\/wp\/v2\/product\/11282","targetHints":{"allow":["GET"]}}],"collection":[{"href":"https:\/\/pararepublique.com\/index.php\/wp-json\/wp\/v2\/product"}],"about":[{"href":"https:\/\/pararepublique.com\/index.php\/wp-json\/wp\/v2\/types\/product"}],"replies":[{"embeddable":true,"href":"https:\/\/pararepublique.com\/index.php\/wp-json\/wp\/v2\/comments?post=11282"}],"version-history":[{"count":0,"href":"https:\/\/pararepublique.com\/index.php\/wp-json\/wp\/v2\/product\/11282\/revisions"}],"wp:featuredmedia":[{"embeddable":true,"href":"https:\/\/pararepublique.com\/index.php\/wp-json\/wp\/v2\/media\/11284"}],"wp:attachment":[{"href":"https:\/\/pararepublique.com\/index.php\/wp-json\/wp\/v2\/media?parent=11282"}],"wp:term":[{"taxonomy":"product_cat","embeddable":true,"href":"https:\/\/pararepublique.com\/index.php\/wp-json\/wp\/v2\/product_cat?post=11282"},{"taxonomy":"product_tag","embeddable":true,"href":"https:\/\/pararepublique.com\/index.php\/wp-json\/wp\/v2\/product_tag?post=11282"}],"curies":[{"name":"wp","href":"https:\/\/api.w.org\/{rel}","templated":true}]}}