{"id":11312,"date":"2024-08-19T13:16:04","date_gmt":"2024-08-19T13:16:04","guid":{"rendered":"https:\/\/pararepublique.com\/?post_type=product&#038;p=11312"},"modified":"2024-08-19T13:16:05","modified_gmt":"2024-08-19T13:16:05","slug":"ducray-keracnyl-levre-abimees","status":"publish","type":"product","link":"https:\/\/pararepublique.com\/index.php\/product\/ducray-keracnyl-levre-abimees\/","title":{"rendered":"DUCRAY KERACNYL LEVRE ABIMEES"},"content":{"rendered":"<p><strong>DUCRAY KERACNYL STICK L\u00c8VRES AB\u00ceM\u00c9ES<\/strong> est un soin sp\u00e9cialement formul\u00e9 pour les l\u00e8vres s\u00e8ches, ab\u00eem\u00e9es ou gerc\u00e9es, souvent associ\u00e9es \u00e0 des traitements dermatologiques ou \u00e0 des conditions environnementales difficiles.<\/p>\n<p><strong>Caract\u00e9ristiques principales :<\/strong><\/p>\n<ul>\n<li><strong>Hydratation intense :<\/strong> Contient des agents hydratants qui nourrissent profond\u00e9ment les l\u00e8vres, les rendant plus douces et souples.<\/li>\n<li><strong>R\u00e9paration cibl\u00e9e :<\/strong> Aide \u00e0 r\u00e9parer les l\u00e8vres ab\u00eem\u00e9es, apaisant les sensations de tiraillement et les ger\u00e7ures gr\u00e2ce \u00e0 sa formule r\u00e9paratrice.<\/li>\n<li><strong>Protection renforc\u00e9e :<\/strong> Forme une barri\u00e8re protectrice contre les agressions ext\u00e9rieures comme le vent et le froid, pr\u00e9venant ainsi la d\u00e9shydratation et les nouvelles fissures.<\/li>\n<li><strong>Texture agr\u00e9able :<\/strong> Sa texture riche et cr\u00e9meuse s&rsquo;applique facilement, offrant un confort imm\u00e9diat sans effet collant.<\/li>\n<\/ul>\n<p><strong>Utilisation :<\/strong> Appliquez le stick sur les l\u00e8vres aussi souvent que n\u00e9cessaire, surtout lors de conditions climatiques extr\u00eames ou lorsque les l\u00e8vres sont particuli\u00e8rement s\u00e8ches et ab\u00eem\u00e9es. Utilisez-le r\u00e9guli\u00e8rement pour maintenir vos l\u00e8vres hydrat\u00e9es et prot\u00e9g\u00e9es.<\/p>\n","protected":false},"excerpt":{"rendered":"<p><strong>DUCRAY KERACNYL STICK L\u00c8VRES AB\u00ceM\u00c9ES<\/strong> est un soin sp\u00e9cialement formul\u00e9 pour les l\u00e8vres s\u00e8ches, ab\u00eem\u00e9es ou gerc\u00e9es, souvent associ\u00e9es \u00e0 des traitements dermatologiques ou \u00e0 des conditions environnementales difficiles.<\/p>\n","protected":false},"featured_media":11313,"comment_status":"open","ping_status":"closed","template":"","meta":{"inline_featured_image":false,"_monsterinsights_skip_tracking":false,"_monsterinsights_sitenote_active":false,"_monsterinsights_sitenote_note":"","_monsterinsights_sitenote_category":0,"_joinchat":[]},"product_cat":[121],"product_tag":[],"class_list":{"0":"post-11312","1":"product","2":"type-product","3":"status-publish","4":"has-post-thumbnail","6":"product_cat-ducray","8":"first","9":"instock","10":"shipping-taxable","11":"purchasable","12":"product-type-simple","13":"add-to-wishlist-after_add_to_cart"},"aioseo_notices":[],"_links":{"self":[{"href":"https:\/\/pararepublique.com\/index.php\/wp-json\/wp\/v2\/product\/11312","targetHints":{"allow":["GET"]}}],"collection":[{"href":"https:\/\/pararepublique.com\/index.php\/wp-json\/wp\/v2\/product"}],"about":[{"href":"https:\/\/pararepublique.com\/index.php\/wp-json\/wp\/v2\/types\/product"}],"replies":[{"embeddable":true,"href":"https:\/\/pararepublique.com\/index.php\/wp-json\/wp\/v2\/comments?post=11312"}],"version-history":[{"count":0,"href":"https:\/\/pararepublique.com\/index.php\/wp-json\/wp\/v2\/product\/11312\/revisions"}],"wp:featuredmedia":[{"embeddable":true,"href":"https:\/\/pararepublique.com\/index.php\/wp-json\/wp\/v2\/media\/11313"}],"wp:attachment":[{"href":"https:\/\/pararepublique.com\/index.php\/wp-json\/wp\/v2\/media?parent=11312"}],"wp:term":[{"taxonomy":"product_cat","embeddable":true,"href":"https:\/\/pararepublique.com\/index.php\/wp-json\/wp\/v2\/product_cat?post=11312"},{"taxonomy":"product_tag","embeddable":true,"href":"https:\/\/pararepublique.com\/index.php\/wp-json\/wp\/v2\/product_tag?post=11312"}],"curies":[{"name":"wp","href":"https:\/\/api.w.org\/{rel}","templated":true}]}}