{"id":11319,"date":"2024-08-19T13:45:54","date_gmt":"2024-08-19T13:45:54","guid":{"rendered":"https:\/\/pararepublique.com\/?post_type=product&#038;p=11319"},"modified":"2024-08-19T13:45:54","modified_gmt":"2024-08-19T13:45:54","slug":"ducray-keracnyl-matifiant-30ml","status":"publish","type":"product","link":"https:\/\/pararepublique.com\/index.php\/product\/ducray-keracnyl-matifiant-30ml\/","title":{"rendered":"DUCRAY KERACNYL MATIFIANT  30ML"},"content":{"rendered":"<div class=\"flex-shrink-0 flex flex-col relative items-end\">\n<div>\n<div class=\"pt-0\">\n<div class=\"gizmo-bot-avatar flex h-8 w-8 items-center justify-center overflow-hidden rounded-full\">\n<div class=\"relative p-1 rounded-sm flex items-center justify-center bg-token-main-surface-primary text-token-text-primary h-8 w-8\"><\/div>\n<\/div>\n<\/div>\n<\/div>\n<\/div>\n<div class=\"group\/conversation-turn relative flex w-full min-w-0 flex-col agent-turn\">\n<div class=\"flex-col gap-1 md:gap-3\">\n<div class=\"flex max-w-full flex-col flex-grow\">\n<div class=\"min-h-[20px] text-message flex w-full flex-col items-end gap-2 whitespace-pre-wrap break-words [.text-message+&amp;]:mt-5 overflow-x-auto\" dir=\"auto\" data-message-author-role=\"assistant\" data-message-id=\"4ca5703d-7a02-476b-9463-2bde2a4fae5f\">\n<div class=\"flex w-full flex-col gap-1 empty:hidden first:pt-[3px]\">\n<div class=\"markdown prose w-full break-words dark:prose-invert dark\">\n<p><strong>DUCRAY KERACNYL MATIFIANT 30ML<\/strong> est un soin cibl\u00e9 pour les peaux grasses ou mixtes sujettes aux imperfections. Il est con\u00e7u pour r\u00e9guler la production de s\u00e9bum, matifier la peau et am\u00e9liorer l&rsquo;apparence des pores.<\/p>\n<p><strong>Caract\u00e9ristiques principales :<\/strong><\/p>\n<ul>\n<li><strong>Matification efficace :<\/strong> Formul\u00e9 pour contr\u00f4ler l&rsquo;exc\u00e8s de s\u00e9bum et r\u00e9duire la brillance, laissant la peau matte tout au long de la journ\u00e9e.<\/li>\n<li><strong>R\u00e9duction des imperfections :<\/strong> Aide \u00e0 diminuer l&rsquo;apparence des imperfections et \u00e0 affiner la texture de la peau, contribuant \u00e0 une peau plus lisse et uniforme.<\/li>\n<li><strong>R\u00e9duction des pores :<\/strong> Contient des actifs qui aident \u00e0 resserrer les pores et \u00e0 am\u00e9liorer leur apparence, offrant un teint plus lisse.<\/li>\n<li><strong>Texture l\u00e9g\u00e8re :<\/strong> Sa texture fluide et non grasse s&rsquo;absorbe rapidement, offrant une base id\u00e9ale pour le maquillage ou en tant que soin quotidien.<\/li>\n<\/ul>\n<p><strong>Utilisation :<\/strong> Appliquez le soin matin et\/ou soir sur une peau propre et s\u00e8che, en massant doucement jusqu&rsquo;\u00e0 absorption compl\u00e8te. Peut \u00eatre utilis\u00e9 seul ou en compl\u00e9ment d&rsquo;autres soins anti-imperfections.<\/p>\n<\/div>\n<\/div>\n<\/div>\n<\/div>\n<\/div>\n<\/div>\n","protected":false},"excerpt":{"rendered":"<p><strong>DUCRAY KERACNYL MATIFIANT 30ML<\/strong> est un soin cibl\u00e9 pour les peaux grasses ou mixtes sujettes aux imperfections. Il est con\u00e7u pour r\u00e9guler la production de s\u00e9bum, matifier la peau et am\u00e9liorer l&rsquo;apparence des pores.<\/p>\n","protected":false},"featured_media":11320,"comment_status":"open","ping_status":"closed","template":"","meta":{"inline_featured_image":false,"_monsterinsights_skip_tracking":false,"_monsterinsights_sitenote_active":false,"_monsterinsights_sitenote_note":"","_monsterinsights_sitenote_category":0,"_joinchat":[]},"product_cat":[121],"product_tag":[],"class_list":{"0":"post-11319","1":"product","2":"type-product","3":"status-publish","4":"has-post-thumbnail","6":"product_cat-ducray","8":"first","9":"instock","10":"shipping-taxable","11":"purchasable","12":"product-type-simple","13":"add-to-wishlist-after_add_to_cart"},"aioseo_notices":[],"_links":{"self":[{"href":"https:\/\/pararepublique.com\/index.php\/wp-json\/wp\/v2\/product\/11319","targetHints":{"allow":["GET"]}}],"collection":[{"href":"https:\/\/pararepublique.com\/index.php\/wp-json\/wp\/v2\/product"}],"about":[{"href":"https:\/\/pararepublique.com\/index.php\/wp-json\/wp\/v2\/types\/product"}],"replies":[{"embeddable":true,"href":"https:\/\/pararepublique.com\/index.php\/wp-json\/wp\/v2\/comments?post=11319"}],"version-history":[{"count":0,"href":"https:\/\/pararepublique.com\/index.php\/wp-json\/wp\/v2\/product\/11319\/revisions"}],"wp:featuredmedia":[{"embeddable":true,"href":"https:\/\/pararepublique.com\/index.php\/wp-json\/wp\/v2\/media\/11320"}],"wp:attachment":[{"href":"https:\/\/pararepublique.com\/index.php\/wp-json\/wp\/v2\/media?parent=11319"}],"wp:term":[{"taxonomy":"product_cat","embeddable":true,"href":"https:\/\/pararepublique.com\/index.php\/wp-json\/wp\/v2\/product_cat?post=11319"},{"taxonomy":"product_tag","embeddable":true,"href":"https:\/\/pararepublique.com\/index.php\/wp-json\/wp\/v2\/product_tag?post=11319"}],"curies":[{"name":"wp","href":"https:\/\/api.w.org\/{rel}","templated":true}]}}