{"id":11358,"date":"2024-08-19T16:29:36","date_gmt":"2024-08-19T16:29:36","guid":{"rendered":"https:\/\/pararepublique.com\/?post_type=product&#038;p=11358"},"modified":"2024-08-19T16:29:36","modified_gmt":"2024-08-19T16:29:36","slug":"ducray-melascreen-serum-tache","status":"publish","type":"product","link":"https:\/\/pararepublique.com\/index.php\/product\/ducray-melascreen-serum-tache\/","title":{"rendered":"DUCRAY MELASCREEN SERUM  TACHE"},"content":{"rendered":"<p><strong>DUCRAY MELASCREEN S\u00c9RUM ANTI-TACHES<\/strong> est un s\u00e9rum hautement concentr\u00e9 con\u00e7u pour cibler et r\u00e9duire les taches brunes, tout en unifiant le teint. Il est particuli\u00e8rement efficace pour traiter les hyperpigmentations li\u00e9es \u00e0 l&rsquo;exposition solaire, au vieillissement cutan\u00e9, ou \u00e0 des d\u00e9s\u00e9quilibres hormonaux.<\/p>\n<p><strong>Caract\u00e9ristiques principales :<\/strong><\/p>\n<ul>\n<li><strong>Actifs d\u00e9pigmentants puissants :<\/strong> Ce s\u00e9rum contient des ingr\u00e9dients actifs tels que l&rsquo;acide az\u00e9la\u00efque et la vitamine C, connus pour leur capacit\u00e9 \u00e0 r\u00e9duire les taches brunes en inhibant la production de m\u00e9lanine.<\/li>\n<li><strong>Correction du teint :<\/strong> Unifie le teint et att\u00e9nue les taches brunes, laissant la peau plus lumineuse et homog\u00e8ne.<\/li>\n<li><strong>Action pr\u00e9ventive et corrective :<\/strong> Non seulement il r\u00e9duit les taches existantes, mais il aide aussi \u00e0 pr\u00e9venir l&rsquo;apparition de nouvelles taches gr\u00e2ce \u00e0 sa formule avanc\u00e9e.<\/li>\n<li><strong>Texture l\u00e9g\u00e8re et rapide absorption :<\/strong> Sa texture fluide permet une absorption rapide, ne laissant aucun r\u00e9sidu gras, et peut \u00eatre utilis\u00e9e sous une cr\u00e8me hydratante ou un \u00e9cran solaire.<\/li>\n<\/ul>\n<p><strong>Utilisation :<\/strong> Appliquez matin et soir sur les zones concern\u00e9es du visage et du cou, apr\u00e8s avoir nettoy\u00e9 la peau. Pour maximiser les r\u00e9sultats et prot\u00e9ger la peau, il est recommand\u00e9 d&rsquo;utiliser un \u00e9cran solaire SPF 50+ pendant la journ\u00e9e.<\/p>\n<p>&nbsp;<\/p>\n","protected":false},"excerpt":{"rendered":"<p><strong>DUCRAY MELASCREEN S\u00c9RUM ANTI-TACHES<\/strong> est un s\u00e9rum hautement concentr\u00e9 con\u00e7u pour cibler et r\u00e9duire les taches brunes, tout en unifiant le teint. Il est particuli\u00e8rement efficace pour traiter les hyperpigmentations li\u00e9es \u00e0 l&rsquo;exposition solaire, au vieillissement cutan\u00e9, ou \u00e0 des d\u00e9s\u00e9quilibres hormonaux.<\/p>\n<p>&nbsp;<\/p>\n","protected":false},"featured_media":11359,"comment_status":"open","ping_status":"closed","template":"","meta":{"inline_featured_image":false,"_monsterinsights_skip_tracking":false,"_monsterinsights_sitenote_active":false,"_monsterinsights_sitenote_note":"","_monsterinsights_sitenote_category":0,"_joinchat":[]},"product_cat":[121],"product_tag":[],"class_list":{"0":"post-11358","1":"product","2":"type-product","3":"status-publish","4":"has-post-thumbnail","6":"product_cat-ducray","8":"first","9":"instock","10":"shipping-taxable","11":"purchasable","12":"product-type-simple","13":"add-to-wishlist-after_add_to_cart"},"aioseo_notices":[],"_links":{"self":[{"href":"https:\/\/pararepublique.com\/index.php\/wp-json\/wp\/v2\/product\/11358","targetHints":{"allow":["GET"]}}],"collection":[{"href":"https:\/\/pararepublique.com\/index.php\/wp-json\/wp\/v2\/product"}],"about":[{"href":"https:\/\/pararepublique.com\/index.php\/wp-json\/wp\/v2\/types\/product"}],"replies":[{"embeddable":true,"href":"https:\/\/pararepublique.com\/index.php\/wp-json\/wp\/v2\/comments?post=11358"}],"version-history":[{"count":0,"href":"https:\/\/pararepublique.com\/index.php\/wp-json\/wp\/v2\/product\/11358\/revisions"}],"wp:featuredmedia":[{"embeddable":true,"href":"https:\/\/pararepublique.com\/index.php\/wp-json\/wp\/v2\/media\/11359"}],"wp:attachment":[{"href":"https:\/\/pararepublique.com\/index.php\/wp-json\/wp\/v2\/media?parent=11358"}],"wp:term":[{"taxonomy":"product_cat","embeddable":true,"href":"https:\/\/pararepublique.com\/index.php\/wp-json\/wp\/v2\/product_cat?post=11358"},{"taxonomy":"product_tag","embeddable":true,"href":"https:\/\/pararepublique.com\/index.php\/wp-json\/wp\/v2\/product_tag?post=11358"}],"curies":[{"name":"wp","href":"https:\/\/api.w.org\/{rel}","templated":true}]}}