{"id":11431,"date":"2024-08-20T15:30:39","date_gmt":"2024-08-20T15:30:39","guid":{"rendered":"https:\/\/pararepublique.com\/?post_type=product&#038;p=11431"},"modified":"2024-08-20T15:30:39","modified_gmt":"2024-08-20T15:30:39","slug":"avene-hydrance-opt-riche","status":"publish","type":"product","link":"https:\/\/pararepublique.com\/index.php\/product\/avene-hydrance-opt-riche\/","title":{"rendered":"AVENE HYDRANCE OPT.RICHE"},"content":{"rendered":"<p><strong>AVENE HYDRANCE OPTIMALE RICHE<\/strong> est une cr\u00e8me hydratante sp\u00e9cialement con\u00e7ue pour les peaux s\u00e8ches \u00e0 tr\u00e8s s\u00e8ches. Enrichie en Eau thermale d&rsquo;Av\u00e8ne, reconnue pour ses propri\u00e9t\u00e9s apaisantes et anti-irritantes, cette cr\u00e8me offre une hydratation intense et durable. Sa formule onctueuse nourrit profond\u00e9ment la peau, lui apportant souplesse et confort tout au long de la journ\u00e9e.<\/p>\n<p>Gr\u00e2ce \u00e0 son complexe hydratant unique, elle renforce la barri\u00e8re cutan\u00e9e, emp\u00eachant la perte d&rsquo;humidit\u00e9 et prot\u00e9geant la peau des agressions ext\u00e9rieures. La texture riche de cette cr\u00e8me enveloppe la peau d&rsquo;un voile protecteur, la laissant douce, apais\u00e9e, et parfaitement hydrat\u00e9e.<\/p>\n<p>Id\u00e9ale pour une utilisation quotidienne, <strong>AVENE HYDRANCE OPTIMALE RICHE<\/strong> est le soin hydratant indispensable pour redonner \u00e0 votre peau s\u00e8che toute sa souplesse et son \u00e9clat naturel. Tube de 40 ml.<\/p>\n","protected":false},"excerpt":{"rendered":"<p><strong>AVENE HYDRANCE OPTIMALE RICHE<\/strong> est une cr\u00e8me hydratante sp\u00e9cialement con\u00e7ue pour les peaux s\u00e8ches \u00e0 tr\u00e8s s\u00e8ches. Enrichie en Eau thermale d&rsquo;Av\u00e8ne, reconnue pour ses propri\u00e9t\u00e9s apaisantes et anti-irritantes, cette cr\u00e8me offre une hydratation intense et durable. Sa formule onctueuse nourrit profond\u00e9ment la peau, lui apportant souplesse et confort tout au long de la journ\u00e9e.<\/p>\n","protected":false},"featured_media":11432,"comment_status":"open","ping_status":"closed","template":"","meta":{"inline_featured_image":false,"_monsterinsights_skip_tracking":false,"_monsterinsights_sitenote_active":false,"_monsterinsights_sitenote_note":"","_monsterinsights_sitenote_category":0,"_joinchat":[]},"product_cat":[110],"product_tag":[],"class_list":{"0":"post-11431","1":"product","2":"type-product","3":"status-publish","4":"has-post-thumbnail","6":"product_cat-avene","8":"first","9":"instock","10":"shipping-taxable","11":"purchasable","12":"product-type-simple","13":"add-to-wishlist-after_add_to_cart"},"aioseo_notices":[],"_links":{"self":[{"href":"https:\/\/pararepublique.com\/index.php\/wp-json\/wp\/v2\/product\/11431","targetHints":{"allow":["GET"]}}],"collection":[{"href":"https:\/\/pararepublique.com\/index.php\/wp-json\/wp\/v2\/product"}],"about":[{"href":"https:\/\/pararepublique.com\/index.php\/wp-json\/wp\/v2\/types\/product"}],"replies":[{"embeddable":true,"href":"https:\/\/pararepublique.com\/index.php\/wp-json\/wp\/v2\/comments?post=11431"}],"version-history":[{"count":0,"href":"https:\/\/pararepublique.com\/index.php\/wp-json\/wp\/v2\/product\/11431\/revisions"}],"wp:featuredmedia":[{"embeddable":true,"href":"https:\/\/pararepublique.com\/index.php\/wp-json\/wp\/v2\/media\/11432"}],"wp:attachment":[{"href":"https:\/\/pararepublique.com\/index.php\/wp-json\/wp\/v2\/media?parent=11431"}],"wp:term":[{"taxonomy":"product_cat","embeddable":true,"href":"https:\/\/pararepublique.com\/index.php\/wp-json\/wp\/v2\/product_cat?post=11431"},{"taxonomy":"product_tag","embeddable":true,"href":"https:\/\/pararepublique.com\/index.php\/wp-json\/wp\/v2\/product_tag?post=11431"}],"curies":[{"name":"wp","href":"https:\/\/api.w.org\/{rel}","templated":true}]}}