{"id":11438,"date":"2024-08-20T15:43:53","date_gmt":"2024-08-20T15:43:53","guid":{"rendered":"https:\/\/pararepublique.com\/?post_type=product&#038;p=11438"},"modified":"2024-08-20T15:43:53","modified_gmt":"2024-08-20T15:43:53","slug":"avene-hydrance-uv-riche-40ml","status":"publish","type":"product","link":"https:\/\/pararepublique.com\/index.php\/product\/avene-hydrance-uv-riche-40ml\/","title":{"rendered":"AVENE HYDRANCE UV RICHE 40ML"},"content":{"rendered":"<p><strong>AVENE HYDRANCE UV RICHE 40ML<\/strong> est une cr\u00e8me hydratante riche avec protection solaire, sp\u00e9cialement formul\u00e9e pour les peaux s\u00e8ches \u00e0 tr\u00e8s s\u00e8ches. Enrichie en Eau thermale d&rsquo;Av\u00e8ne, cette cr\u00e8me offre une hydratation intense et durable, tout en apaisant et en prot\u00e9geant la peau des agressions ext\u00e9rieures.<\/p>\n<p>Cette cr\u00e8me contient un filtre SPF 30, offrant une protection efficace contre les rayons UVA et UVB, ce qui aide \u00e0 pr\u00e9venir les dommages caus\u00e9s par le soleil, tels que le vieillissement pr\u00e9matur\u00e9 et les taches pigmentaires. Sa texture riche et onctueuse nourrit profond\u00e9ment la peau, laissant un fini doux et confortable, sans effet gras.<\/p>\n<p>Id\u00e9ale pour une utilisation quotidienne, <strong>AVENE HYDRANCE UV RICHE<\/strong> hydrate intens\u00e9ment, prot\u00e8ge contre les rayons du soleil et pr\u00e9serve l&rsquo;\u00e9clat naturel de la peau. C&rsquo;est le soin parfait pour les peaux s\u00e8ches qui n\u00e9cessitent une hydratation en profondeur tout en b\u00e9n\u00e9ficiant d&rsquo;une protection solaire. Tube de 40 ml.<\/p>\n","protected":false},"excerpt":{"rendered":"<p><strong>AVENE HYDRANCE UV RICHE 40ML<\/strong> est une cr\u00e8me hydratante riche avec protection solaire, sp\u00e9cialement formul\u00e9e pour les peaux s\u00e8ches \u00e0 tr\u00e8s s\u00e8ches. Enrichie en Eau thermale d&rsquo;Av\u00e8ne, cette cr\u00e8me offre une hydratation intense et durable, tout en apaisant et en prot\u00e9geant la peau des agressions ext\u00e9rieures.<\/p>\n<p>&nbsp;<\/p>\n","protected":false},"featured_media":11439,"comment_status":"open","ping_status":"closed","template":"","meta":{"inline_featured_image":false,"_monsterinsights_skip_tracking":false,"_monsterinsights_sitenote_active":false,"_monsterinsights_sitenote_note":"","_monsterinsights_sitenote_category":0,"_joinchat":[]},"product_cat":[110],"product_tag":[],"class_list":{"0":"post-11438","1":"product","2":"type-product","3":"status-publish","4":"has-post-thumbnail","6":"product_cat-avene","8":"first","9":"instock","10":"shipping-taxable","11":"purchasable","12":"product-type-simple","13":"add-to-wishlist-after_add_to_cart"},"aioseo_notices":[],"_links":{"self":[{"href":"https:\/\/pararepublique.com\/index.php\/wp-json\/wp\/v2\/product\/11438","targetHints":{"allow":["GET"]}}],"collection":[{"href":"https:\/\/pararepublique.com\/index.php\/wp-json\/wp\/v2\/product"}],"about":[{"href":"https:\/\/pararepublique.com\/index.php\/wp-json\/wp\/v2\/types\/product"}],"replies":[{"embeddable":true,"href":"https:\/\/pararepublique.com\/index.php\/wp-json\/wp\/v2\/comments?post=11438"}],"version-history":[{"count":0,"href":"https:\/\/pararepublique.com\/index.php\/wp-json\/wp\/v2\/product\/11438\/revisions"}],"wp:featuredmedia":[{"embeddable":true,"href":"https:\/\/pararepublique.com\/index.php\/wp-json\/wp\/v2\/media\/11439"}],"wp:attachment":[{"href":"https:\/\/pararepublique.com\/index.php\/wp-json\/wp\/v2\/media?parent=11438"}],"wp:term":[{"taxonomy":"product_cat","embeddable":true,"href":"https:\/\/pararepublique.com\/index.php\/wp-json\/wp\/v2\/product_cat?post=11438"},{"taxonomy":"product_tag","embeddable":true,"href":"https:\/\/pararepublique.com\/index.php\/wp-json\/wp\/v2\/product_tag?post=11438"}],"curies":[{"name":"wp","href":"https:\/\/api.w.org\/{rel}","templated":true}]}}