{"id":11477,"date":"2024-08-27T10:10:11","date_gmt":"2024-08-27T10:10:11","guid":{"rendered":"https:\/\/pararepublique.com\/?post_type=product&#038;p=11477"},"modified":"2024-08-27T10:10:11","modified_gmt":"2024-08-27T10:10:11","slug":"avene-physiolift-nuit-baume-lissante","status":"publish","type":"product","link":"https:\/\/pararepublique.com\/index.php\/product\/avene-physiolift-nuit-baume-lissante\/","title":{"rendered":"AVENE PHYSIOLIFT NUIT BAUME LISSANTE"},"content":{"rendered":"<p>Le <strong>PhysioLift Nuit Baume Lissant R\u00e9g\u00e9n\u00e9rant<\/strong> est con\u00e7u pour r\u00e9pondre aux besoins des peaux matures, fatigu\u00e9es ou pr\u00e9sentant des signes de vieillissement. Sa texture onctueuse et fondante offre un confort optimal tout en apportant une hydratation intense et durable. Ce soin anti-\u00e2ge agit efficacement pour lisser les rides marqu\u00e9es, repulper la peau, et restaurer sa fermet\u00e9 et son \u00e9lasticit\u00e9 naturelles.<\/p>\n<h4><strong>Principaux Actifs et Bienfaits :<\/strong><\/h4>\n<ol>\n<li><strong>Ascofilline\u2122<\/strong> : Cet actif brevet\u00e9 est d\u00e9riv\u00e9 d\u2019algues brunes et stimule la synth\u00e8se du collag\u00e8ne dans la peau. Il aide \u00e0 renforcer la structure de la peau, r\u00e9duisant ainsi les rides profondes et am\u00e9liorant la fermet\u00e9 cutan\u00e9e.<\/li>\n<li><strong>Mono-oligom\u00e8res d&rsquo;Acide Hyaluronique<\/strong> : Con\u00e7us pour p\u00e9n\u00e9trer en profondeur, ces mol\u00e9cules d&rsquo;acide hyaluronique ont une action repulpante intense. Elles comblent les rides de l&rsquo;int\u00e9rieur, am\u00e9liorant le volume et l&rsquo;hydratation de la peau, pour une apparence plus lisse et plus jeune.<\/li>\n<li><strong>R\u00e9tinald\u00e9hyde<\/strong> : Un pr\u00e9curseur de la vitamine A (r\u00e9tinol), qui acc\u00e9l\u00e8re le renouvellement cellulaire et am\u00e9liore la texture de la peau. Le r\u00e9tinald\u00e9hyde est moins irritant que le r\u00e9tinol pur, ce qui en fait un choix id\u00e9al pour les peaux sensibles tout en \u00e9tant tr\u00e8s efficace pour r\u00e9duire l\u2019apparence des rides et des ridules.<\/li>\n<\/ol>\n","protected":false},"excerpt":{"rendered":"<p>Le <strong>PhysioLift Nuit Baume Lissant R\u00e9g\u00e9n\u00e9rant<\/strong> est con\u00e7u pour r\u00e9pondre aux besoins des peaux matures, fatigu\u00e9es ou pr\u00e9sentant des signes de vieillissement. Sa texture onctueuse et fondante offre un confort optimal tout en apportant une hydratation intense et durable. Ce soin anti-\u00e2ge agit efficacement pour lisser les rides marqu\u00e9es, repulper la peau, et restaurer sa fermet\u00e9 et son \u00e9lasticit\u00e9 naturelles.<\/p>\n<h4><\/h4>\n","protected":false},"featured_media":11478,"comment_status":"open","ping_status":"closed","template":"","meta":{"inline_featured_image":false,"_monsterinsights_skip_tracking":false,"_monsterinsights_sitenote_active":false,"_monsterinsights_sitenote_note":"","_monsterinsights_sitenote_category":0,"_joinchat":[]},"product_cat":[110],"product_tag":[],"class_list":{"0":"post-11477","1":"product","2":"type-product","3":"status-publish","4":"has-post-thumbnail","6":"product_cat-avene","8":"first","9":"instock","10":"shipping-taxable","11":"purchasable","12":"product-type-simple","13":"add-to-wishlist-after_add_to_cart"},"aioseo_notices":[],"_links":{"self":[{"href":"https:\/\/pararepublique.com\/index.php\/wp-json\/wp\/v2\/product\/11477","targetHints":{"allow":["GET"]}}],"collection":[{"href":"https:\/\/pararepublique.com\/index.php\/wp-json\/wp\/v2\/product"}],"about":[{"href":"https:\/\/pararepublique.com\/index.php\/wp-json\/wp\/v2\/types\/product"}],"replies":[{"embeddable":true,"href":"https:\/\/pararepublique.com\/index.php\/wp-json\/wp\/v2\/comments?post=11477"}],"version-history":[{"count":0,"href":"https:\/\/pararepublique.com\/index.php\/wp-json\/wp\/v2\/product\/11477\/revisions"}],"wp:featuredmedia":[{"embeddable":true,"href":"https:\/\/pararepublique.com\/index.php\/wp-json\/wp\/v2\/media\/11478"}],"wp:attachment":[{"href":"https:\/\/pararepublique.com\/index.php\/wp-json\/wp\/v2\/media?parent=11477"}],"wp:term":[{"taxonomy":"product_cat","embeddable":true,"href":"https:\/\/pararepublique.com\/index.php\/wp-json\/wp\/v2\/product_cat?post=11477"},{"taxonomy":"product_tag","embeddable":true,"href":"https:\/\/pararepublique.com\/index.php\/wp-json\/wp\/v2\/product_tag?post=11477"}],"curies":[{"name":"wp","href":"https:\/\/api.w.org\/{rel}","templated":true}]}}