{"id":11499,"date":"2024-08-27T10:55:49","date_gmt":"2024-08-27T10:55:49","guid":{"rendered":"https:\/\/pararepublique.com\/?post_type=product&#038;p=11499"},"modified":"2024-08-27T10:55:49","modified_gmt":"2024-08-27T10:55:49","slug":"avene-serenage-nuit","status":"publish","type":"product","link":"https:\/\/pararepublique.com\/index.php\/product\/avene-serenage-nuit\/","title":{"rendered":"AVENE SERENAGE NUIT"},"content":{"rendered":"<p><strong>AVENE S\u00e9r\u00e9nage Nuit<\/strong> est un soin de nuit r\u00e9parateur con\u00e7u pour les peaux matures. Il agit pendant la nuit pour renforcer la fermet\u00e9 de la peau, am\u00e9liorer son \u00e9clat et r\u00e9duire les signes visibles du vieillissement.<\/p>\n<h3><strong>Caract\u00e9ristiques du Produit :<\/strong><\/h3>\n<ul>\n<li><strong>Raffermissant et R\u00e9g\u00e9n\u00e9rant<\/strong> : Contient un complexe de peptides et de pr\u00e9curseurs de glycosaminoglycanes qui aident \u00e0 am\u00e9liorer la densit\u00e9 et la fermet\u00e9 de la peau pendant la nuit.<\/li>\n<li><strong>Nutrition Intense<\/strong> : Sa formule riche nourrit la peau en profondeur, renfor\u00e7ant sa barri\u00e8re cutan\u00e9e et apportant confort et souplesse.<\/li>\n<li><strong>\u00c9clat et Uniformit\u00e9<\/strong> : Enrichie en agents \u00e9claircissants, elle contribue \u00e0 am\u00e9liorer le teint et \u00e0 uniformiser la peau, pour un visage visiblement plus lumineux au r\u00e9veil.<\/li>\n<li><strong>Hydratation Durable<\/strong> : Contient de l&rsquo;Eau Thermale d&rsquo;Av\u00e8ne pour une hydratation continue et un effet apaisant sur les peaux sensibles.<\/li>\n<\/ul>\n<h3><strong>Utilisation :<\/strong><\/h3>\n<p>Appliquez <strong>S\u00e9r\u00e9nage Nuit<\/strong> le soir sur le visage et le cou nettoy\u00e9s. Massez doucement jusqu&rsquo;\u00e0 absorption compl\u00e8te.<\/p>\n","protected":false},"excerpt":{"rendered":"<p><strong>AVENE S\u00e9r\u00e9nage Nuit<\/strong> est un soin de nuit r\u00e9parateur con\u00e7u pour les peaux matures. Il agit pendant la nuit pour renforcer la fermet\u00e9 de la peau, am\u00e9liorer son \u00e9clat et r\u00e9duire les signes visibles du vieillissement.<\/p>\n<h3><\/h3>\n","protected":false},"featured_media":11500,"comment_status":"open","ping_status":"closed","template":"","meta":{"inline_featured_image":false,"_monsterinsights_skip_tracking":false,"_monsterinsights_sitenote_active":false,"_monsterinsights_sitenote_note":"","_monsterinsights_sitenote_category":0,"_joinchat":[]},"product_cat":[110],"product_tag":[],"class_list":{"0":"post-11499","1":"product","2":"type-product","3":"status-publish","4":"has-post-thumbnail","6":"product_cat-avene","8":"first","9":"instock","10":"shipping-taxable","11":"purchasable","12":"product-type-simple","13":"add-to-wishlist-after_add_to_cart"},"aioseo_notices":[],"_links":{"self":[{"href":"https:\/\/pararepublique.com\/index.php\/wp-json\/wp\/v2\/product\/11499","targetHints":{"allow":["GET"]}}],"collection":[{"href":"https:\/\/pararepublique.com\/index.php\/wp-json\/wp\/v2\/product"}],"about":[{"href":"https:\/\/pararepublique.com\/index.php\/wp-json\/wp\/v2\/types\/product"}],"replies":[{"embeddable":true,"href":"https:\/\/pararepublique.com\/index.php\/wp-json\/wp\/v2\/comments?post=11499"}],"version-history":[{"count":0,"href":"https:\/\/pararepublique.com\/index.php\/wp-json\/wp\/v2\/product\/11499\/revisions"}],"wp:featuredmedia":[{"embeddable":true,"href":"https:\/\/pararepublique.com\/index.php\/wp-json\/wp\/v2\/media\/11500"}],"wp:attachment":[{"href":"https:\/\/pararepublique.com\/index.php\/wp-json\/wp\/v2\/media?parent=11499"}],"wp:term":[{"taxonomy":"product_cat","embeddable":true,"href":"https:\/\/pararepublique.com\/index.php\/wp-json\/wp\/v2\/product_cat?post=11499"},{"taxonomy":"product_tag","embeddable":true,"href":"https:\/\/pararepublique.com\/index.php\/wp-json\/wp\/v2\/product_tag?post=11499"}],"curies":[{"name":"wp","href":"https:\/\/api.w.org\/{rel}","templated":true}]}}