{"id":11656,"date":"2024-09-02T09:57:49","date_gmt":"2024-09-02T09:57:49","guid":{"rendered":"https:\/\/pararepublique.com\/?post_type=product&#038;p=11656"},"modified":"2024-09-02T09:57:49","modified_gmt":"2024-09-02T09:57:49","slug":"promotion-avene-clean-gel-avene","status":"publish","type":"product","link":"https:\/\/pararepublique.com\/index.php\/product\/promotion-avene-clean-gel-avene\/","title":{"rendered":"PROMOTION AVENE CLEAN GEL  +AVENE"},"content":{"rendered":"<h3><strong>Promotion : Av\u00e8ne Cleanance Gel Nettoyant<\/strong><\/h3>\n<p><strong>Offrez \u00e0 Votre Peau un Soin Purifiant \u00e0 Prix R\u00e9duit !<\/strong><\/p>\n<p>Profitez de notre offre sp\u00e9ciale sur le <strong>Gel Cleanance<\/strong> d&rsquo;Av\u00e8ne, un nettoyant purifiant id\u00e9al pour les peaux mixtes \u00e0 grasses, sujettes aux imperfections. Formul\u00e9 avec l&rsquo;Eau Thermale d&rsquo;Av\u00e8ne, ce gel nettoyant \u00e9limine en douceur les impuret\u00e9s et l&rsquo;exc\u00e8s de s\u00e9bum tout en respectant l&rsquo;\u00e9quilibre naturel de la peau.<\/p>\n<p><strong>B\u00e9n\u00e9fices :<\/strong><\/p>\n<ul>\n<li><strong>Action purifiante<\/strong> : Nettoie en profondeur sans dess\u00e9cher la peau, r\u00e9duisant visiblement les imperfections.<\/li>\n<li><strong>Apaisant et anti-irritant<\/strong> : Gr\u00e2ce \u00e0 l&rsquo;Eau Thermale d&rsquo;Av\u00e8ne, il calme les irritations et laisse la peau douce et fra\u00eeche.<\/li>\n<li><strong>Formule sans savon<\/strong> : Hypoallerg\u00e9nique et non com\u00e9dog\u00e8ne, id\u00e9al pour un usage quotidien.<\/li>\n<\/ul>\n<p><strong>Offre Sp\u00e9ciale<\/strong> : B\u00e9n\u00e9ficiez d\u2019une r\u00e9duction exclusive sur le <strong>Gel Cleanance d&rsquo;Av\u00e8ne<\/strong>. Prenez soin de votre peau au quotidien tout en profitant de cette opportunit\u00e9 unique !<\/p>\n","protected":false},"excerpt":{"rendered":"<p>Profitez de notre offre sp\u00e9ciale sur le <strong>Gel Cleanance<\/strong> d&rsquo;Av\u00e8ne, un nettoyant purifiant id\u00e9al pour les peaux mixtes \u00e0 grasses, sujettes aux imperfections. Formul\u00e9 avec l&rsquo;Eau Thermale d&rsquo;Av\u00e8ne, ce gel nettoyant \u00e9limine en douceur les impuret\u00e9s et l&rsquo;exc\u00e8s de s\u00e9bum tout en respectant l&rsquo;\u00e9quilibre naturel de la peau.<\/p>\n","protected":false},"featured_media":11657,"comment_status":"open","ping_status":"closed","template":"","meta":{"inline_featured_image":false,"_monsterinsights_skip_tracking":false,"_monsterinsights_sitenote_active":false,"_monsterinsights_sitenote_note":"","_monsterinsights_sitenote_category":0,"_joinchat":[]},"product_cat":[110],"product_tag":[],"class_list":{"0":"post-11656","1":"product","2":"type-product","3":"status-publish","4":"has-post-thumbnail","6":"product_cat-avene","8":"first","9":"instock","10":"shipping-taxable","11":"purchasable","12":"product-type-simple","13":"add-to-wishlist-after_add_to_cart"},"aioseo_notices":[],"_links":{"self":[{"href":"https:\/\/pararepublique.com\/index.php\/wp-json\/wp\/v2\/product\/11656","targetHints":{"allow":["GET"]}}],"collection":[{"href":"https:\/\/pararepublique.com\/index.php\/wp-json\/wp\/v2\/product"}],"about":[{"href":"https:\/\/pararepublique.com\/index.php\/wp-json\/wp\/v2\/types\/product"}],"replies":[{"embeddable":true,"href":"https:\/\/pararepublique.com\/index.php\/wp-json\/wp\/v2\/comments?post=11656"}],"version-history":[{"count":0,"href":"https:\/\/pararepublique.com\/index.php\/wp-json\/wp\/v2\/product\/11656\/revisions"}],"wp:featuredmedia":[{"embeddable":true,"href":"https:\/\/pararepublique.com\/index.php\/wp-json\/wp\/v2\/media\/11657"}],"wp:attachment":[{"href":"https:\/\/pararepublique.com\/index.php\/wp-json\/wp\/v2\/media?parent=11656"}],"wp:term":[{"taxonomy":"product_cat","embeddable":true,"href":"https:\/\/pararepublique.com\/index.php\/wp-json\/wp\/v2\/product_cat?post=11656"},{"taxonomy":"product_tag","embeddable":true,"href":"https:\/\/pararepublique.com\/index.php\/wp-json\/wp\/v2\/product_tag?post=11656"}],"curies":[{"name":"wp","href":"https:\/\/api.w.org\/{rel}","templated":true}]}}