{"id":11856,"date":"2024-09-03T13:21:05","date_gmt":"2024-09-03T13:21:05","guid":{"rendered":"https:\/\/pararepublique.com\/?post_type=product&#038;p=11856"},"modified":"2024-09-03T13:22:08","modified_gmt":"2024-09-03T13:22:08","slug":"avene-cold-lait-pain-un-pain-offert","status":"publish","type":"product","link":"https:\/\/pararepublique.com\/index.php\/product\/avene-cold-lait-pain-un-pain-offert\/","title":{"rendered":"AVENE COLD LAIT +PAIN +UN PAIN OFFERT"},"content":{"rendered":"<h3><strong>Av\u00e8ne Cold Cr\u00e8me Lait + Pain &#8211; Un Pain Offert<\/strong><\/h3>\n<p>D\u00e9couvrez le duo id\u00e9al pour une peau nourrie et prot\u00e9g\u00e9e avec Av\u00e8ne Cold Cr\u00e8me Lait et Pain. Ce coffret combine l&rsquo;efficacit\u00e9 nourrissante du lait corporel avec la douceur du pain nettoyant, parfait pour les peaux sensibles et s\u00e8ches. En bonus, un pain Cold Cr\u00e8me est offert pour prolonger le plaisir des soins au quotidien.<\/p>\n<p><strong>Contenu du coffret :<\/strong><\/p>\n<ul>\n<li><strong>Av\u00e8ne Cold Cr\u00e8me Lait Corporel (400 ml)<\/strong> : Un lait riche et onctueux qui hydrate intens\u00e9ment et prot\u00e8ge la peau des agressions ext\u00e9rieures. Gr\u00e2ce \u00e0 sa formule enrichie en Cold Cream et en Eau Thermale d&rsquo;Av\u00e8ne, il apaise, adoucit et restaure la barri\u00e8re cutan\u00e9e.<\/li>\n<li><strong>Av\u00e8ne Cold Cr\u00e8me Pain (100 g)<\/strong> : Un pain nettoyant ultra-doux, formul\u00e9 sans savon, qui nettoie d\u00e9licatement la peau sans la dess\u00e9cher. Il laisse la peau souple, nourrie et confortable.<\/li>\n<li><strong>Un Pain Cold Cr\u00e8me (100 g) Offert<\/strong> : Profitez d&rsquo;un second pain offert, pour une peau douce et prot\u00e9g\u00e9e, jour apr\u00e8s jour.<\/li>\n<\/ul>\n<p><strong>B\u00e9n\u00e9fices :<\/strong><\/p>\n<ul>\n<li>Nourrit et apaise les peaux sensibles et s\u00e8ches.<\/li>\n<li>Nettoie en douceur sans agresser ni dess\u00e9cher la peau.<\/li>\n<li>Prot\u00e8ge contre les agressions climatiques et pr\u00e9serve la barri\u00e8re cutan\u00e9e.<\/li>\n<li>Un format g\u00e9n\u00e9reux pour un soin prolong\u00e9.<\/li>\n<\/ul>\n<p><strong>Conseils d&rsquo;utilisation :<\/strong> Utilisez le pain Cold Cr\u00e8me quotidiennement pour le nettoyage du visage et du corps. Appliquez ensuite le lait corporel sur une peau propre et s\u00e8che, en insistant sur les zones les plus s\u00e8ches.<\/p>\n","protected":false},"excerpt":{"rendered":"<h3><strong>Av\u00e8ne Cold Cr\u00e8me Lait + Pain &#8211; Un Pain Offert<\/strong><\/h3>\n<p>D\u00e9couvrez le duo id\u00e9al pour une peau nourrie et prot\u00e9g\u00e9e avec Av\u00e8ne Cold Cr\u00e8me Lait et Pain. Ce coffret combine l&rsquo;efficacit\u00e9 nourrissante du lait corporel avec la douceur du pain nettoyant, parfait pour les peaux sensibles et s\u00e8ches. En bonus, un pain Cold Cr\u00e8me est offert pour prolonger le plaisir des soins au quotidien.<\/p>\n","protected":false},"featured_media":11857,"comment_status":"open","ping_status":"closed","template":"","meta":{"inline_featured_image":false,"_monsterinsights_skip_tracking":false,"_monsterinsights_sitenote_active":false,"_monsterinsights_sitenote_note":"","_monsterinsights_sitenote_category":0,"_joinchat":[]},"product_cat":[110],"product_tag":[],"class_list":{"0":"post-11856","1":"product","2":"type-product","3":"status-publish","4":"has-post-thumbnail","6":"product_cat-avene","8":"first","9":"instock","10":"shipping-taxable","11":"purchasable","12":"product-type-simple","13":"add-to-wishlist-after_add_to_cart"},"aioseo_notices":[],"_links":{"self":[{"href":"https:\/\/pararepublique.com\/index.php\/wp-json\/wp\/v2\/product\/11856","targetHints":{"allow":["GET"]}}],"collection":[{"href":"https:\/\/pararepublique.com\/index.php\/wp-json\/wp\/v2\/product"}],"about":[{"href":"https:\/\/pararepublique.com\/index.php\/wp-json\/wp\/v2\/types\/product"}],"replies":[{"embeddable":true,"href":"https:\/\/pararepublique.com\/index.php\/wp-json\/wp\/v2\/comments?post=11856"}],"version-history":[{"count":0,"href":"https:\/\/pararepublique.com\/index.php\/wp-json\/wp\/v2\/product\/11856\/revisions"}],"wp:featuredmedia":[{"embeddable":true,"href":"https:\/\/pararepublique.com\/index.php\/wp-json\/wp\/v2\/media\/11857"}],"wp:attachment":[{"href":"https:\/\/pararepublique.com\/index.php\/wp-json\/wp\/v2\/media?parent=11856"}],"wp:term":[{"taxonomy":"product_cat","embeddable":true,"href":"https:\/\/pararepublique.com\/index.php\/wp-json\/wp\/v2\/product_cat?post=11856"},{"taxonomy":"product_tag","embeddable":true,"href":"https:\/\/pararepublique.com\/index.php\/wp-json\/wp\/v2\/product_tag?post=11856"}],"curies":[{"name":"wp","href":"https:\/\/api.w.org\/{rel}","templated":true}]}}