{"id":11876,"date":"2024-09-03T15:23:17","date_gmt":"2024-09-03T15:23:17","guid":{"rendered":"https:\/\/pararepublique.com\/?post_type=product&#038;p=11876"},"modified":"2024-09-03T15:23:17","modified_gmt":"2024-09-03T15:23:17","slug":"avene-couvrance-pdr-mosaiq-soleil","status":"publish","type":"product","link":"https:\/\/pararepublique.com\/index.php\/product\/avene-couvrance-pdr-mosaiq-soleil\/","title":{"rendered":"AVENE COUVRANCE PDR MOSAIQ SOLEIL"},"content":{"rendered":"<p>La Poudre Mosa\u00efque Soleil Av\u00e8ne Couvrance est une poudre compacte con\u00e7ue pour donner un effet h\u00e2l\u00e9 naturel et rehausser le teint tout en offrant une finition parfaite. Gr\u00e2ce \u00e0 sa combinaison unique de teintes en mosa\u00efque, elle apporte une touche de soleil au visage tout en unifiant le teint et en minimisant les imperfections. Sa formule l\u00e9g\u00e8re est adapt\u00e9e aux peaux sensibles, offrant un \u00e9clat lumineux sans effet de lourdeur.<\/p>\n<p><strong>Principaux avantages :<\/strong><\/p>\n<ul>\n<li><strong>Effet h\u00e2l\u00e9 naturel<\/strong> : Les nuances de la mosa\u00efque se m\u00e9langent pour cr\u00e9er un effet bronz\u00e9 et ensoleill\u00e9 qui ravive l\u2019\u00e9clat du teint.<\/li>\n<li><strong>Unification du teint<\/strong> : Corrige les irr\u00e9gularit\u00e9s et les imperfections pour un teint homog\u00e8ne et \u00e9clatant.<\/li>\n<li><strong>Haute tol\u00e9rance<\/strong> : Formul\u00e9e sans parfum et non com\u00e9dog\u00e8ne, cette poudre est adapt\u00e9e aux peaux sensibles et r\u00e9actives.<\/li>\n<li><strong>Texture l\u00e9g\u00e8re et soyeuse<\/strong> : Offre une application facile avec un fini naturel et lumineux, sans effet masque.<\/li>\n<\/ul>\n<p><strong>Conseils d&rsquo;utilisation :<\/strong> Appliquez la Poudre Mosa\u00efque Soleil avec un pinceau large sur l\u2019ensemble du visage ou sur les zones \u00e0 illuminer (pommettes, arcades sourcili\u00e8res, d\u00e9collet\u00e9) pour un effet bronz\u00e9 naturel. Utilisez-la apr\u00e8s votre fond de teint pour ajouter de la chaleur et de l\u2019\u00e9clat \u00e0 votre maquillage.<\/p>\n<p><strong>Teinte :<\/strong> Soleil &#8211; Parfaite pour cr\u00e9er un effet bronz\u00e9 et lumineux sur tous les types de peau.<\/p>\n<p><strong>Contenance :<\/strong> Disponible en bo\u00eetier de 10 g, id\u00e9al pour des retouches tout au long de la journ\u00e9e et pratique \u00e0 emporter.<\/p>\n","protected":false},"excerpt":{"rendered":"<p>La Poudre Mosa\u00efque Soleil Av\u00e8ne Couvrance est une poudre compacte con\u00e7ue pour donner un effet h\u00e2l\u00e9 naturel et rehausser le teint tout en offrant une finition parfaite. Gr\u00e2ce \u00e0 sa combinaison unique de teintes en mosa\u00efque, elle apporte une touche de soleil au visage tout en unifiant le teint et en minimisant les imperfections. Sa formule l\u00e9g\u00e8re est adapt\u00e9e aux peaux sensibles, offrant un \u00e9clat lumineux sans effet de lourdeur.<\/p>\n","protected":false},"featured_media":11877,"comment_status":"open","ping_status":"closed","template":"","meta":{"inline_featured_image":false,"_monsterinsights_skip_tracking":false,"_monsterinsights_sitenote_active":false,"_monsterinsights_sitenote_note":"","_monsterinsights_sitenote_category":0,"_joinchat":[]},"product_cat":[110],"product_tag":[],"class_list":{"0":"post-11876","1":"product","2":"type-product","3":"status-publish","4":"has-post-thumbnail","6":"product_cat-avene","8":"first","9":"instock","10":"shipping-taxable","11":"purchasable","12":"product-type-simple","13":"add-to-wishlist-after_add_to_cart"},"aioseo_notices":[],"_links":{"self":[{"href":"https:\/\/pararepublique.com\/index.php\/wp-json\/wp\/v2\/product\/11876","targetHints":{"allow":["GET"]}}],"collection":[{"href":"https:\/\/pararepublique.com\/index.php\/wp-json\/wp\/v2\/product"}],"about":[{"href":"https:\/\/pararepublique.com\/index.php\/wp-json\/wp\/v2\/types\/product"}],"replies":[{"embeddable":true,"href":"https:\/\/pararepublique.com\/index.php\/wp-json\/wp\/v2\/comments?post=11876"}],"version-history":[{"count":0,"href":"https:\/\/pararepublique.com\/index.php\/wp-json\/wp\/v2\/product\/11876\/revisions"}],"wp:featuredmedia":[{"embeddable":true,"href":"https:\/\/pararepublique.com\/index.php\/wp-json\/wp\/v2\/media\/11877"}],"wp:attachment":[{"href":"https:\/\/pararepublique.com\/index.php\/wp-json\/wp\/v2\/media?parent=11876"}],"wp:term":[{"taxonomy":"product_cat","embeddable":true,"href":"https:\/\/pararepublique.com\/index.php\/wp-json\/wp\/v2\/product_cat?post=11876"},{"taxonomy":"product_tag","embeddable":true,"href":"https:\/\/pararepublique.com\/index.php\/wp-json\/wp\/v2\/product_tag?post=11876"}],"curies":[{"name":"wp","href":"https:\/\/api.w.org\/{rel}","templated":true}]}}