{"id":11885,"date":"2024-09-03T15:39:39","date_gmt":"2024-09-03T15:39:39","guid":{"rendered":"https:\/\/pararepublique.com\/?post_type=product&#038;p=11885"},"modified":"2024-09-03T15:39:40","modified_gmt":"2024-09-03T15:39:40","slug":"avene-creme-mains","status":"publish","type":"product","link":"https:\/\/pararepublique.com\/index.php\/product\/avene-creme-mains\/","title":{"rendered":"AVENE CREME MAINS"},"content":{"rendered":"<p>v\u00e8ne Cold Cream Cr\u00e8me Mains est sp\u00e9cialement formul\u00e9e pour apporter un soin intense aux mains s\u00e8ches et ab\u00eem\u00e9es. Enrichie en Cold Cream, cette cr\u00e8me nourrit, r\u00e9pare et prot\u00e8ge les mains expos\u00e9es aux agressions ext\u00e9rieures telles que le froid, le vent, ou les lavages fr\u00e9quents. Sa texture onctueuse p\u00e9n\u00e8tre rapidement, laissant les mains douces, apais\u00e9es, et prot\u00e9g\u00e9es sans film gras.<\/p>\n<p><strong>Principaux avantages :<\/strong><\/p>\n<ul>\n<li><strong>Nourrissante<\/strong> : Gr\u00e2ce \u00e0 la formule enrichie en Cold Cream, elle hydrate en profondeur et aide \u00e0 restaurer la barri\u00e8re cutan\u00e9e.<\/li>\n<li><strong>R\u00e9paratrice<\/strong> : Apaise les irritations et favorise la r\u00e9g\u00e9n\u00e9ration des peaux s\u00e8ches ou ab\u00eem\u00e9es.<\/li>\n<li><strong>Protection longue dur\u00e9e<\/strong> : Forme un film protecteur contre les agressions ext\u00e9rieures, tout en laissant la peau respirer.<\/li>\n<li><strong>Tol\u00e9rance \u00e9lev\u00e9e<\/strong> : Adapt\u00e9e aux peaux sensibles, cette cr\u00e8me est sans parab\u00e8nes et test\u00e9e sous contr\u00f4le dermatologique.<\/li>\n<\/ul>\n<p><strong>Conseils d&rsquo;utilisation :<\/strong> Appliquez Av\u00e8ne Cold Cream Cr\u00e8me Mains sur des mains propres et s\u00e8ches, aussi souvent que n\u00e9cessaire, en insistant sur les zones particuli\u00e8rement s\u00e8ches ou ab\u00eem\u00e9es. Massez jusqu&rsquo;\u00e0 absorption compl\u00e8te.<\/p>\n<p><strong>Contenance :<\/strong> Disponible en tube de 50 ml, id\u00e9al pour une utilisation quotidienne et facile \u00e0 emporter dans votre sac.<\/p>\n<p><strong>Id\u00e9al pour :<\/strong><\/p>\n<ul>\n<li>Les mains s\u00e8ches, rugueuses ou ab\u00eem\u00e9es.<\/li>\n<li>La protection et l&rsquo;hydratation des mains expos\u00e9es aux agressions climatiques ou chimiques.<\/li>\n<\/ul>\n<hr \/>\n<p>&nbsp;<\/p>\n","protected":false},"excerpt":{"rendered":"<p>v\u00e8ne Cold Cream Cr\u00e8me Mains est sp\u00e9cialement formul\u00e9e pour apporter un soin intense aux mains s\u00e8ches et ab\u00eem\u00e9es. Enrichie en Cold Cream, cette cr\u00e8me nourrit, r\u00e9pare et prot\u00e8ge les mains expos\u00e9es aux agressions ext\u00e9rieures telles que le froid, le vent, ou les lavages fr\u00e9quents. Sa texture onctueuse p\u00e9n\u00e8tre rapidement, laissant les mains douces, apais\u00e9es, et prot\u00e9g\u00e9es sans film gras.<\/p>\n","protected":false},"featured_media":11886,"comment_status":"open","ping_status":"closed","template":"","meta":{"inline_featured_image":false,"_monsterinsights_skip_tracking":false,"_monsterinsights_sitenote_active":false,"_monsterinsights_sitenote_note":"","_monsterinsights_sitenote_category":0,"_joinchat":[]},"product_cat":[110],"product_tag":[],"class_list":{"0":"post-11885","1":"product","2":"type-product","3":"status-publish","4":"has-post-thumbnail","6":"product_cat-avene","8":"first","9":"instock","10":"shipping-taxable","11":"purchasable","12":"product-type-simple","13":"add-to-wishlist-after_add_to_cart"},"aioseo_notices":[],"_links":{"self":[{"href":"https:\/\/pararepublique.com\/index.php\/wp-json\/wp\/v2\/product\/11885","targetHints":{"allow":["GET"]}}],"collection":[{"href":"https:\/\/pararepublique.com\/index.php\/wp-json\/wp\/v2\/product"}],"about":[{"href":"https:\/\/pararepublique.com\/index.php\/wp-json\/wp\/v2\/types\/product"}],"replies":[{"embeddable":true,"href":"https:\/\/pararepublique.com\/index.php\/wp-json\/wp\/v2\/comments?post=11885"}],"version-history":[{"count":0,"href":"https:\/\/pararepublique.com\/index.php\/wp-json\/wp\/v2\/product\/11885\/revisions"}],"wp:featuredmedia":[{"embeddable":true,"href":"https:\/\/pararepublique.com\/index.php\/wp-json\/wp\/v2\/media\/11886"}],"wp:attachment":[{"href":"https:\/\/pararepublique.com\/index.php\/wp-json\/wp\/v2\/media?parent=11885"}],"wp:term":[{"taxonomy":"product_cat","embeddable":true,"href":"https:\/\/pararepublique.com\/index.php\/wp-json\/wp\/v2\/product_cat?post=11885"},{"taxonomy":"product_tag","embeddable":true,"href":"https:\/\/pararepublique.com\/index.php\/wp-json\/wp\/v2\/product_tag?post=11885"}],"curies":[{"name":"wp","href":"https:\/\/api.w.org\/{rel}","templated":true}]}}