{"id":11899,"date":"2024-09-03T16:16:28","date_gmt":"2024-09-03T16:16:28","guid":{"rendered":"https:\/\/pararepublique.com\/?post_type=product&#038;p=11899"},"modified":"2024-09-03T16:16:29","modified_gmt":"2024-09-03T16:16:29","slug":"avene-dem-cont-yeux-lotion-100ml","status":"publish","type":"product","link":"https:\/\/pararepublique.com\/index.php\/product\/avene-dem-cont-yeux-lotion-100ml\/","title":{"rendered":"AVENE DEM CONT YEUX LOTION 100ML"},"content":{"rendered":"<p>Le D\u00e9maquillant Douceur pour les Yeux d&rsquo;Av\u00e8ne est une lotion d\u00e9maquillante sp\u00e9cialement formul\u00e9e pour les yeux sensibles. Enrichie en Eau Thermale d&rsquo;Av\u00e8ne, reconnue pour ses propri\u00e9t\u00e9s apaisantes et anti-irritantes, cette lotion \u00e9limine en douceur le maquillage, m\u00eame waterproof, sans agresser la peau fragile du contour des yeux. Sa formule l\u00e9g\u00e8re, non grasse, laisse la peau propre, apais\u00e9e, et rafra\u00eechie, tout en respectant la sensibilit\u00e9 des paupi\u00e8res et des cils.<\/p>\n<p><strong>Principaux avantages :<\/strong><\/p>\n<ul>\n<li><strong>D\u00e9maquillage en douceur<\/strong> : \u00c9limine efficacement le maquillage des yeux, y compris le mascara waterproof, sans irriter ni dess\u00e9cher la peau.<\/li>\n<li><strong>Apaisante et hydratante<\/strong> : L&rsquo;Eau Thermale d&rsquo;Av\u00e8ne apaise et hydrate la peau d\u00e9licate du contour des yeux, r\u00e9duisant les risques de rougeurs et d&rsquo;irritations.<\/li>\n<li><strong>Haute tol\u00e9rance<\/strong> : Test\u00e9e sous contr\u00f4le dermatologique et ophtalmologique, cette lotion est adapt\u00e9e aux yeux sensibles et porteurs de lentilles.<\/li>\n<li><strong>Texture l\u00e9g\u00e8re et non grasse<\/strong> : Laisse un fini frais et propre, sans r\u00e9sidus gras ni film collant.<\/li>\n<\/ul>\n<p><strong>Conseils d&rsquo;utilisation :<\/strong> Imbibez un coton de lotion d\u00e9maquillante et appliquez d\u00e9licatement sur les paupi\u00e8res et les cils, en effectuant de l\u00e9gers mouvements circulaires. R\u00e9p\u00e9tez l&rsquo;op\u00e9ration jusqu&rsquo;\u00e0 ce que tout le maquillage soit \u00e9limin\u00e9. Sans rin\u00e7age. Utilisez quotidiennement pour un nettoyage doux et efficace du contour des yeux.<\/p>\n<p><strong>Contenance :<\/strong> Disponible en flacon de 100 ml, pratique pour une utilisation quotidienne et facile \u00e0 emporter.<\/p>\n","protected":false},"excerpt":{"rendered":"<p>Le D\u00e9maquillant Douceur pour les Yeux d&rsquo;Av\u00e8ne est une lotion d\u00e9maquillante sp\u00e9cialement formul\u00e9e pour les yeux sensibles. Enrichie en Eau Thermale d&rsquo;Av\u00e8ne, reconnue pour ses propri\u00e9t\u00e9s apaisantes et anti-irritantes, cette lotion \u00e9limine en douceur le maquillage, m\u00eame waterproof, sans agresser la peau fragile du contour des yeux. Sa formule l\u00e9g\u00e8re, non grasse, laisse la peau propre, apais\u00e9e, et rafra\u00eechie, tout en respectant la sensibilit\u00e9 des paupi\u00e8res et des cils<\/p>\n","protected":false},"featured_media":11900,"comment_status":"open","ping_status":"closed","template":"","meta":{"inline_featured_image":false,"_monsterinsights_skip_tracking":false,"_monsterinsights_sitenote_active":false,"_monsterinsights_sitenote_note":"","_monsterinsights_sitenote_category":0,"_joinchat":[]},"product_cat":[110],"product_tag":[],"class_list":{"0":"post-11899","1":"product","2":"type-product","3":"status-publish","4":"has-post-thumbnail","6":"product_cat-avene","8":"first","9":"instock","10":"shipping-taxable","11":"purchasable","12":"product-type-simple","13":"add-to-wishlist-after_add_to_cart"},"aioseo_notices":[],"_links":{"self":[{"href":"https:\/\/pararepublique.com\/index.php\/wp-json\/wp\/v2\/product\/11899","targetHints":{"allow":["GET"]}}],"collection":[{"href":"https:\/\/pararepublique.com\/index.php\/wp-json\/wp\/v2\/product"}],"about":[{"href":"https:\/\/pararepublique.com\/index.php\/wp-json\/wp\/v2\/types\/product"}],"replies":[{"embeddable":true,"href":"https:\/\/pararepublique.com\/index.php\/wp-json\/wp\/v2\/comments?post=11899"}],"version-history":[{"count":0,"href":"https:\/\/pararepublique.com\/index.php\/wp-json\/wp\/v2\/product\/11899\/revisions"}],"wp:featuredmedia":[{"embeddable":true,"href":"https:\/\/pararepublique.com\/index.php\/wp-json\/wp\/v2\/media\/11900"}],"wp:attachment":[{"href":"https:\/\/pararepublique.com\/index.php\/wp-json\/wp\/v2\/media?parent=11899"}],"wp:term":[{"taxonomy":"product_cat","embeddable":true,"href":"https:\/\/pararepublique.com\/index.php\/wp-json\/wp\/v2\/product_cat?post=11899"},{"taxonomy":"product_tag","embeddable":true,"href":"https:\/\/pararepublique.com\/index.php\/wp-json\/wp\/v2\/product_tag?post=11899"}],"curies":[{"name":"wp","href":"https:\/\/api.w.org\/{rel}","templated":true}]}}