{"id":11901,"date":"2024-09-03T16:19:21","date_gmt":"2024-09-03T16:19:21","guid":{"rendered":"https:\/\/pararepublique.com\/?post_type=product&#038;p=11901"},"modified":"2024-09-03T16:19:21","modified_gmt":"2024-09-03T16:19:21","slug":"avene-demaq-lotion-micellaire-400ml","status":"publish","type":"product","link":"https:\/\/pararepublique.com\/index.php\/product\/avene-demaq-lotion-micellaire-400ml\/","title":{"rendered":"AVENE DEMAQ LOTION MICELLAIRE 400ML"},"content":{"rendered":"<p>La Lotion Micellaire D\u00e9maquillante d&rsquo;Av\u00e8ne est une solution douce et efficace pour \u00e9liminer le maquillage et les impuret\u00e9s du visage, des yeux et des l\u00e8vres. Enrichie en Eau Thermale d&rsquo;Av\u00e8ne, elle apaise et hydrate la peau tout en la nettoyant en profondeur. Sa formule micellaire capture les impuret\u00e9s comme un magnet, offrant un d\u00e9maquillage rapide et sans effort, tout en respectant la sensibilit\u00e9 des peaux d\u00e9licates.<\/p>\n<p><strong>Principaux avantages :<\/strong><\/p>\n<ul>\n<li><strong>D\u00e9maquillage doux et efficace<\/strong> : Les micelles pr\u00e9sentes dans la lotion pi\u00e8gent et \u00e9liminent les impuret\u00e9s et le maquillage, m\u00eame waterproof, sans n\u00e9cessiter de frottements.<\/li>\n<li><strong>Apaisante et hydratante<\/strong> : Contient de l&rsquo;Eau Thermale d&rsquo;Av\u00e8ne, reconnue pour ses propri\u00e9t\u00e9s apaisantes et hydratantes, qui calme et rafra\u00eechit la peau.<\/li>\n<li><strong>Haute tol\u00e9rance<\/strong> : Formul\u00e9e pour les peaux sensibles, elle est test\u00e9e sous contr\u00f4le dermatologique et ophtalmologique, id\u00e9ale pour les yeux sensibles et les porteurs de lentilles.<\/li>\n<li><strong>Texture fra\u00eeche et non collante<\/strong> : Laisse la peau propre, douce et rafra\u00eechie sans r\u00e9sidu gras ni sensation collante.<\/li>\n<\/ul>\n<p><strong>Conseils d&rsquo;utilisation :<\/strong> Imbibez un coton de Lotion Micellaire D\u00e9maquillante et appliquez d\u00e9licatement sur le visage, les yeux et les l\u00e8vres. Pour un d\u00e9maquillage complet, r\u00e9p\u00e9tez l&rsquo;application jusqu&rsquo;\u00e0 ce que le coton soit propre. Aucune n\u00e9cessit\u00e9 de rin\u00e7age. Utilisez matin et\/ou soir pour un nettoyage quotidien doux et efficace.<\/p>\n<p><strong>Contenance :<\/strong> Disponible en flacon de 400 ml, id\u00e9al pour une utilisation quotidienne et \u00e9conomique.<\/p>\n<p>&nbsp;<\/p>\n","protected":false},"excerpt":{"rendered":"<p>La Lotion Micellaire D\u00e9maquillante d&rsquo;Av\u00e8ne est une solution douce et efficace pour \u00e9liminer le maquillage et les impuret\u00e9s du visage, des yeux et des l\u00e8vres. Enrichie en Eau Thermale d&rsquo;Av\u00e8ne, elle apaise et hydrate la peau tout en la nettoyant en profondeur. Sa formule micellaire capture les impuret\u00e9s comme un magnet, offrant un d\u00e9maquillage rapide et sans effort, tout en respectant la sensibilit\u00e9 des peaux d\u00e9licates.<\/p>\n","protected":false},"featured_media":11902,"comment_status":"open","ping_status":"closed","template":"","meta":{"inline_featured_image":false,"_monsterinsights_skip_tracking":false,"_monsterinsights_sitenote_active":false,"_monsterinsights_sitenote_note":"","_monsterinsights_sitenote_category":0,"_joinchat":[]},"product_cat":[110],"product_tag":[],"class_list":{"0":"post-11901","1":"product","2":"type-product","3":"status-publish","4":"has-post-thumbnail","6":"product_cat-avene","8":"first","9":"instock","10":"shipping-taxable","11":"purchasable","12":"product-type-simple","13":"add-to-wishlist-after_add_to_cart"},"aioseo_notices":[],"_links":{"self":[{"href":"https:\/\/pararepublique.com\/index.php\/wp-json\/wp\/v2\/product\/11901","targetHints":{"allow":["GET"]}}],"collection":[{"href":"https:\/\/pararepublique.com\/index.php\/wp-json\/wp\/v2\/product"}],"about":[{"href":"https:\/\/pararepublique.com\/index.php\/wp-json\/wp\/v2\/types\/product"}],"replies":[{"embeddable":true,"href":"https:\/\/pararepublique.com\/index.php\/wp-json\/wp\/v2\/comments?post=11901"}],"version-history":[{"count":0,"href":"https:\/\/pararepublique.com\/index.php\/wp-json\/wp\/v2\/product\/11901\/revisions"}],"wp:featuredmedia":[{"embeddable":true,"href":"https:\/\/pararepublique.com\/index.php\/wp-json\/wp\/v2\/media\/11902"}],"wp:attachment":[{"href":"https:\/\/pararepublique.com\/index.php\/wp-json\/wp\/v2\/media?parent=11901"}],"wp:term":[{"taxonomy":"product_cat","embeddable":true,"href":"https:\/\/pararepublique.com\/index.php\/wp-json\/wp\/v2\/product_cat?post=11901"},{"taxonomy":"product_tag","embeddable":true,"href":"https:\/\/pararepublique.com\/index.php\/wp-json\/wp\/v2\/product_tag?post=11901"}],"curies":[{"name":"wp","href":"https:\/\/api.w.org\/{rel}","templated":true}]}}