{"id":12038,"date":"2024-09-04T14:56:45","date_gmt":"2024-09-04T14:56:45","guid":{"rendered":"https:\/\/pararepublique.com\/?post_type=product&#038;p=12038"},"modified":"2024-09-04T14:56:45","modified_gmt":"2024-09-04T14:56:45","slug":"roche-posay-cicaplast-levre-t7-5ml","status":"publish","type":"product","link":"https:\/\/pararepublique.com\/index.php\/product\/roche-posay-cicaplast-levre-t7-5ml\/","title":{"rendered":"ROCHE POSAY CICAPLAST LEVRE  T7 5ML"},"content":{"rendered":"<p>Cicaplast L\u00e8vres de La Roche-Posay est un baume r\u00e9parateur sp\u00e9cialement con\u00e7u pour les l\u00e8vres s\u00e8ches, gerc\u00e9es ou ab\u00eem\u00e9es. Enrichi en Panth\u00e9nol (provitamine B5) et en Madecassoside, ce soin apporte une r\u00e9paration intense et durable tout en offrant une protection efficace contre les agressions ext\u00e9rieures. Sa texture riche et confortable forme un film protecteur qui aide \u00e0 restaurer l&rsquo;hydratation et \u00e0 soulager les sensations de tiraillement.<\/p>\n<p><strong>Principaux avantages :<\/strong><\/p>\n<ul>\n<li><strong>R\u00e9paration intense<\/strong> : Contient du Panth\u00e9nol (B5) et du Madecassoside pour apaiser, r\u00e9parer et r\u00e9g\u00e9n\u00e9rer les l\u00e8vres ab\u00eem\u00e9es ou gerc\u00e9es.<\/li>\n<li><strong>Protection durable<\/strong> : Formule enrichie pour cr\u00e9er un film protecteur qui aide \u00e0 pr\u00e9venir les agressions ext\u00e9rieures et \u00e0 maintenir une hydratation optimale.<\/li>\n<li><strong>Texture riche et confortable<\/strong> : Apporte une sensation imm\u00e9diate de confort et de douceur sans effet collant, id\u00e9al pour une utilisation quotidienne.<\/li>\n<li><strong>Adapt\u00e9 aux peaux sensibles<\/strong> : Formul\u00e9 pour les peaux sensibles, y compris les l\u00e8vres des b\u00e9b\u00e9s et des adultes.<\/li>\n<\/ul>\n<p><strong>Conseils d&rsquo;utilisation :<\/strong> Appliquez g\u00e9n\u00e9reusement sur les l\u00e8vres aussi souvent que n\u00e9cessaire, en particulier lors des p\u00e9riodes de s\u00e9cheresse ou apr\u00e8s une exposition aux \u00e9l\u00e9ments. Peut \u00eatre utilis\u00e9 tout au long de la journ\u00e9e pour un confort continu et une protection optimale.<\/p>\n","protected":false},"excerpt":{"rendered":"<p>Cicaplast L\u00e8vres de La Roche-Posay est un baume r\u00e9parateur sp\u00e9cialement con\u00e7u pour les l\u00e8vres s\u00e8ches, gerc\u00e9es ou ab\u00eem\u00e9es. Enrichi en Panth\u00e9nol (provitamine B5) et en Madecassoside, ce soin apporte une r\u00e9paration intense et durable tout en offrant une protection efficace contre les agressions ext\u00e9rieures.<\/p>\n","protected":false},"featured_media":12039,"comment_status":"open","ping_status":"closed","template":"","meta":{"inline_featured_image":false,"_monsterinsights_skip_tracking":false,"_monsterinsights_sitenote_active":false,"_monsterinsights_sitenote_note":"","_monsterinsights_sitenote_category":0,"_joinchat":[]},"product_cat":[92],"product_tag":[],"class_list":{"0":"post-12038","1":"product","2":"type-product","3":"status-publish","4":"has-post-thumbnail","6":"product_cat-la-roche-posay","8":"first","9":"instock","10":"shipping-taxable","11":"purchasable","12":"product-type-simple","13":"add-to-wishlist-after_add_to_cart"},"aioseo_notices":[],"_links":{"self":[{"href":"https:\/\/pararepublique.com\/index.php\/wp-json\/wp\/v2\/product\/12038","targetHints":{"allow":["GET"]}}],"collection":[{"href":"https:\/\/pararepublique.com\/index.php\/wp-json\/wp\/v2\/product"}],"about":[{"href":"https:\/\/pararepublique.com\/index.php\/wp-json\/wp\/v2\/types\/product"}],"replies":[{"embeddable":true,"href":"https:\/\/pararepublique.com\/index.php\/wp-json\/wp\/v2\/comments?post=12038"}],"version-history":[{"count":0,"href":"https:\/\/pararepublique.com\/index.php\/wp-json\/wp\/v2\/product\/12038\/revisions"}],"wp:featuredmedia":[{"embeddable":true,"href":"https:\/\/pararepublique.com\/index.php\/wp-json\/"}],"wp:attachment":[{"href":"https:\/\/pararepublique.com\/index.php\/wp-json\/wp\/v2\/media?parent=12038"}],"wp:term":[{"taxonomy":"product_cat","embeddable":true,"href":"https:\/\/pararepublique.com\/index.php\/wp-json\/wp\/v2\/product_cat?post=12038"},{"taxonomy":"product_tag","embeddable":true,"href":"https:\/\/pararepublique.com\/index.php\/wp-json\/wp\/v2\/product_tag?post=12038"}],"curies":[{"name":"wp","href":"https:\/\/api.w.org\/{rel}","templated":true}]}}