{"id":12051,"date":"2024-09-04T15:13:20","date_gmt":"2024-09-04T15:13:20","guid":{"rendered":"https:\/\/pararepublique.com\/?post_type=product&#038;p=12051"},"modified":"2024-09-04T15:13:20","modified_gmt":"2024-09-04T15:13:20","slug":"roche-posay-gold-creame-naturel-b5-50ml","status":"publish","type":"product","link":"https:\/\/pararepublique.com\/index.php\/product\/roche-posay-gold-creame-naturel-b5-50ml\/","title":{"rendered":"ROCHE POSAY GOLD CREAME NATUREL B5 50ML"},"content":{"rendered":"<p>Cette cr\u00e8me r\u00e9paratrice de La Roche-Posay est formul\u00e9e avec de la vitamine B5 pour apaiser, r\u00e9parer et hydrater les peaux sensibles et ab\u00eem\u00e9es. Elle aide \u00e0 renforcer la barri\u00e8re cutan\u00e9e, tout en apportant un confort imm\u00e9diat gr\u00e2ce \u00e0 sa texture riche et non grasse. Id\u00e9ale pour les peaux sujettes aux irritations, cette cr\u00e8me est con\u00e7ue pour offrir une hydratation intense tout en r\u00e9parant les zones s\u00e8ches ou sensibilis\u00e9es.<\/p>\n<p>&nbsp;<\/p>\n","protected":false},"excerpt":{"rendered":"<p>Cette cr\u00e8me r\u00e9paratrice de La Roche-Posay est formul\u00e9e avec de la vitamine B5 pour apaiser, r\u00e9parer et hydrater les peaux sensibles et ab\u00eem\u00e9es. Elle aide \u00e0 renforcer la barri\u00e8re cutan\u00e9e, tout en apportant un confort imm\u00e9diat gr\u00e2ce \u00e0 sa texture riche et non grasse. Id\u00e9ale pour les peaux sujettes aux irritations, cette cr\u00e8me est con\u00e7ue pour offrir une hydratation intense tout en r\u00e9parant les zones s\u00e8ches ou sensibilis\u00e9es.<\/p>\n<p>&nbsp;<\/p>\n","protected":false},"featured_media":12052,"comment_status":"open","ping_status":"closed","template":"","meta":{"inline_featured_image":false,"_monsterinsights_skip_tracking":false,"_monsterinsights_sitenote_active":false,"_monsterinsights_sitenote_note":"","_monsterinsights_sitenote_category":0,"_joinchat":[]},"product_cat":[92],"product_tag":[],"class_list":{"0":"post-12051","1":"product","2":"type-product","3":"status-publish","4":"has-post-thumbnail","6":"product_cat-la-roche-posay","8":"first","9":"instock","10":"shipping-taxable","11":"purchasable","12":"product-type-simple","13":"add-to-wishlist-after_add_to_cart"},"aioseo_notices":[],"_links":{"self":[{"href":"https:\/\/pararepublique.com\/index.php\/wp-json\/wp\/v2\/product\/12051","targetHints":{"allow":["GET"]}}],"collection":[{"href":"https:\/\/pararepublique.com\/index.php\/wp-json\/wp\/v2\/product"}],"about":[{"href":"https:\/\/pararepublique.com\/index.php\/wp-json\/wp\/v2\/types\/product"}],"replies":[{"embeddable":true,"href":"https:\/\/pararepublique.com\/index.php\/wp-json\/wp\/v2\/comments?post=12051"}],"version-history":[{"count":0,"href":"https:\/\/pararepublique.com\/index.php\/wp-json\/wp\/v2\/product\/12051\/revisions"}],"wp:featuredmedia":[{"embeddable":true,"href":"https:\/\/pararepublique.com\/index.php\/wp-json\/wp\/v2\/media\/12052"}],"wp:attachment":[{"href":"https:\/\/pararepublique.com\/index.php\/wp-json\/wp\/v2\/media?parent=12051"}],"wp:term":[{"taxonomy":"product_cat","embeddable":true,"href":"https:\/\/pararepublique.com\/index.php\/wp-json\/wp\/v2\/product_cat?post=12051"},{"taxonomy":"product_tag","embeddable":true,"href":"https:\/\/pararepublique.com\/index.php\/wp-json\/wp\/v2\/product_tag?post=12051"}],"curies":[{"name":"wp","href":"https:\/\/api.w.org\/{rel}","templated":true}]}}