{"id":12190,"date":"2024-09-09T10:41:10","date_gmt":"2024-09-09T10:41:10","guid":{"rendered":"https:\/\/pararepublique.com\/?post_type=product&#038;p=12190"},"modified":"2024-09-09T10:41:11","modified_gmt":"2024-09-09T10:41:11","slug":"makari-lait-multi-action-extreme","status":"publish","type":"product","link":"https:\/\/pararepublique.com\/index.php\/product\/makari-lait-multi-action-extreme\/","title":{"rendered":"MAKARI LAIT MULTI ACTION EXTREME"},"content":{"rendered":"<p>Le <strong>Makari Lait Multi-Action Extr\u00eame<\/strong> est un soin corporel \u00e9claircissant et hydratant de haute performance, sp\u00e9cialement formul\u00e9 pour les peaux sujettes aux irr\u00e9gularit\u00e9s pigmentaires et au dess\u00e8chement. Con\u00e7u pour uniformiser le teint, ce lait corporel combine des agents \u00e9claircissants naturels avec des ingr\u00e9dients hydratants, offrant ainsi une solution efficace pour les personnes cherchant \u00e0 am\u00e9liorer la clart\u00e9 de leur peau tout en pr\u00e9servant son hydratation.<\/p>\n<p>Enrichi en extraits de plantes, en vitamines et en agents nourrissants, ce lait agit en douceur pour estomper les taches brunes, les cicatrices, et les d\u00e9colorations li\u00e9es \u00e0 des facteurs environnementaux ou \u00e0 des changements hormonaux. La formule contient des actifs \u00e9claircissants tels que l\u2019argile blanche, qui contribuent \u00e0 r\u00e9duire les zones d\u2019hyperpigmentation sans agresser la peau. Son utilisation r\u00e9guli\u00e8re permet de r\u00e9v\u00e9ler un teint plus clair et harmonieux sur tout le corps.<\/p>\n<p>Parall\u00e8lement, le <strong>Makari Lait Multi-Action Extr\u00eame<\/strong> hydrate profond\u00e9ment, am\u00e9liorant l&rsquo;\u00e9lasticit\u00e9 et la souplesse de la peau. Sa texture l\u00e9g\u00e8re p\u00e9n\u00e8tre rapidement, laissant la peau douce, lisse et \u00e9clatante. Ce lait convient aux peaux s\u00e8ches, ternes ou sujettes \u00e0 des irr\u00e9gularit\u00e9s cutan\u00e9es, offrant une hydratation durable tout en restaurant une apparence lumineuse.<\/p>\n<p>Avec une utilisation quotidienne, ce lait corporel aide \u00e0 am\u00e9liorer visiblement la texture et le tonus de la peau, la laissant \u00e9clatante de sant\u00e9 et visiblement plus lumineuse. Il est parfaitement adapt\u00e9 \u00e0 ceux qui recherchent un produit multi-action capable d\u2019unifier le teint tout en apportant une hydratation essentielle.<\/p>\n","protected":false},"excerpt":{"rendered":"<p>Le <strong>Makari Lait Multi-Action Extr\u00eame<\/strong> est un soin corporel \u00e9claircissant et hydratant de haute performance, sp\u00e9cialement formul\u00e9 pour les peaux sujettes aux irr\u00e9gularit\u00e9s pigmentaires et au dess\u00e8chement. Con\u00e7u pour uniformiser le teint, ce lait corporel combine des agents \u00e9claircissants naturels avec des ingr\u00e9dients hydratants, offrant ainsi une solution efficace pour les personnes cherchant \u00e0 am\u00e9liorer la clart\u00e9 de leur peau tout en pr\u00e9servant son hydratation.<\/p>\n","protected":false},"featured_media":12191,"comment_status":"open","ping_status":"closed","template":"","meta":{"inline_featured_image":false,"_monsterinsights_skip_tracking":false,"_monsterinsights_sitenote_active":false,"_monsterinsights_sitenote_note":"","_monsterinsights_sitenote_category":0,"_joinchat":[]},"product_cat":[126],"product_tag":[],"class_list":{"0":"post-12190","1":"product","2":"type-product","3":"status-publish","4":"has-post-thumbnail","6":"product_cat-makari-de-suisse","8":"first","9":"instock","10":"shipping-taxable","11":"purchasable","12":"product-type-simple","13":"add-to-wishlist-after_add_to_cart"},"aioseo_notices":[],"_links":{"self":[{"href":"https:\/\/pararepublique.com\/index.php\/wp-json\/wp\/v2\/product\/12190","targetHints":{"allow":["GET"]}}],"collection":[{"href":"https:\/\/pararepublique.com\/index.php\/wp-json\/wp\/v2\/product"}],"about":[{"href":"https:\/\/pararepublique.com\/index.php\/wp-json\/wp\/v2\/types\/product"}],"replies":[{"embeddable":true,"href":"https:\/\/pararepublique.com\/index.php\/wp-json\/wp\/v2\/comments?post=12190"}],"version-history":[{"count":0,"href":"https:\/\/pararepublique.com\/index.php\/wp-json\/wp\/v2\/product\/12190\/revisions"}],"wp:featuredmedia":[{"embeddable":true,"href":"https:\/\/pararepublique.com\/index.php\/wp-json\/wp\/v2\/media\/12191"}],"wp:attachment":[{"href":"https:\/\/pararepublique.com\/index.php\/wp-json\/wp\/v2\/media?parent=12190"}],"wp:term":[{"taxonomy":"product_cat","embeddable":true,"href":"https:\/\/pararepublique.com\/index.php\/wp-json\/wp\/v2\/product_cat?post=12190"},{"taxonomy":"product_tag","embeddable":true,"href":"https:\/\/pararepublique.com\/index.php\/wp-json\/wp\/v2\/product_tag?post=12190"}],"curies":[{"name":"wp","href":"https:\/\/api.w.org\/{rel}","templated":true}]}}