{"id":12203,"date":"2024-09-09T10:55:11","date_gmt":"2024-09-09T10:55:11","guid":{"rendered":"https:\/\/pararepublique.com\/?post_type=product&#038;p=12203"},"modified":"2024-09-09T10:55:11","modified_gmt":"2024-09-09T10:55:11","slug":"makari-multi-action-serum-natural","status":"publish","type":"product","link":"https:\/\/pararepublique.com\/index.php\/product\/makari-multi-action-serum-natural\/","title":{"rendered":"MAKARI MULTI ACTION SERUM NATURAL"},"content":{"rendered":"<p>Le <strong>Makari Multi-Action S\u00e9rum Natural<\/strong> est un soin concentr\u00e9 \u00e9claircissant, con\u00e7u pour traiter les taches sombres, les cicatrices et les irr\u00e9gularit\u00e9s pigmentaires, tout en am\u00e9liorant la texture globale de la peau. Ce s\u00e9rum puissant est sp\u00e9cialement formul\u00e9 pour offrir une action cibl\u00e9e et rapide, en harmonisant le teint et en r\u00e9v\u00e9lant une peau plus lumineuse et \u00e9clatante.<\/p>\n<p>Enrichi en extraits de plantes naturelles et en agents \u00e9claircissants doux, le <strong>Makari Multi-Action S\u00e9rum Natural<\/strong> aide \u00e0 r\u00e9duire l&rsquo;apparence des taches brunes et des zones de pigmentation irr\u00e9guli\u00e8res, caus\u00e9es par les effets du soleil, l\u2019acn\u00e9, ou le vieillissement. Sa formule l\u00e9g\u00e8re et non grasse p\u00e9n\u00e8tre rapidement dans la peau, agissant en profondeur pour uniformiser le teint sans provoquer d&rsquo;irritation.<\/p>\n<p>En plus de ses propri\u00e9t\u00e9s \u00e9claircissantes, ce s\u00e9rum hydrate et nourrit la peau, tout en favorisant le renouvellement cellulaire pour une peau plus douce, lisse et \u00e9clatante. Utilis\u00e9 r\u00e9guli\u00e8rement, il permet de r\u00e9v\u00e9ler un teint visiblement plus clair et uniforme, avec une r\u00e9duction significative des d\u00e9colorations cutan\u00e9es.<\/p>\n<p>Le <strong>Makari Multi-Action S\u00e9rum Natural<\/strong> est id\u00e9al pour les peaux sujettes \u00e0 l\u2019hyperpigmentation et aux imperfections. Ce soin peut \u00eatre appliqu\u00e9 localement sur les zones concern\u00e9es ou utilis\u00e9 sur l\u2019ensemble du visage et du cou pour un effet global. Pour de meilleurs r\u00e9sultats, il est recommand\u00e9 de l&rsquo;utiliser en compl\u00e9ment des autres produits de la gamme Makari.<\/p>\n","protected":false},"excerpt":{"rendered":"<p>Le <strong>Makari Multi-Action S\u00e9rum Natural<\/strong> est un soin concentr\u00e9 \u00e9claircissant, con\u00e7u pour traiter les taches sombres, les cicatrices et les irr\u00e9gularit\u00e9s pigmentaires, tout en am\u00e9liorant la texture globale de la peau. Ce s\u00e9rum puissant est sp\u00e9cialement formul\u00e9 pour offrir une action cibl\u00e9e et rapide, en harmonisant le teint et en r\u00e9v\u00e9lant une peau plus lumineuse et \u00e9clatante.<\/p>\n","protected":false},"featured_media":12204,"comment_status":"open","ping_status":"closed","template":"","meta":{"inline_featured_image":false,"_monsterinsights_skip_tracking":false,"_monsterinsights_sitenote_active":false,"_monsterinsights_sitenote_note":"","_monsterinsights_sitenote_category":0,"_joinchat":[]},"product_cat":[126],"product_tag":[],"class_list":{"0":"post-12203","1":"product","2":"type-product","3":"status-publish","4":"has-post-thumbnail","6":"product_cat-makari-de-suisse","8":"first","9":"instock","10":"shipping-taxable","11":"purchasable","12":"product-type-simple","13":"add-to-wishlist-after_add_to_cart"},"aioseo_notices":[],"_links":{"self":[{"href":"https:\/\/pararepublique.com\/index.php\/wp-json\/wp\/v2\/product\/12203","targetHints":{"allow":["GET"]}}],"collection":[{"href":"https:\/\/pararepublique.com\/index.php\/wp-json\/wp\/v2\/product"}],"about":[{"href":"https:\/\/pararepublique.com\/index.php\/wp-json\/wp\/v2\/types\/product"}],"replies":[{"embeddable":true,"href":"https:\/\/pararepublique.com\/index.php\/wp-json\/wp\/v2\/comments?post=12203"}],"version-history":[{"count":0,"href":"https:\/\/pararepublique.com\/index.php\/wp-json\/wp\/v2\/product\/12203\/revisions"}],"wp:featuredmedia":[{"embeddable":true,"href":"https:\/\/pararepublique.com\/index.php\/wp-json\/wp\/v2\/media\/12204"}],"wp:attachment":[{"href":"https:\/\/pararepublique.com\/index.php\/wp-json\/wp\/v2\/media?parent=12203"}],"wp:term":[{"taxonomy":"product_cat","embeddable":true,"href":"https:\/\/pararepublique.com\/index.php\/wp-json\/wp\/v2\/product_cat?post=12203"},{"taxonomy":"product_tag","embeddable":true,"href":"https:\/\/pararepublique.com\/index.php\/wp-json\/wp\/v2\/product_tag?post=12203"}],"curies":[{"name":"wp","href":"https:\/\/api.w.org\/{rel}","templated":true}]}}