{"id":12681,"date":"2024-10-10T13:29:34","date_gmt":"2024-10-10T13:29:34","guid":{"rendered":"https:\/\/pararepublique.com\/?post_type=product&#038;p=12681"},"modified":"2024-10-10T13:40:50","modified_gmt":"2024-10-10T13:40:50","slug":"topicreme-ac-gel-peau-nette","status":"publish","type":"product","link":"https:\/\/pararepublique.com\/index.php\/product\/topicreme-ac-gel-peau-nette\/","title":{"rendered":"TOPICREME AC GEL PEAU NETTE"},"content":{"rendered":"<p>Le <strong>TOPICREM AC Gel Peau Nette<\/strong> est sp\u00e9cialement formul\u00e9 pour les peaux mixtes \u00e0 grasses sujettes aux imperfections. Ce gel nettoyant purifiant aide \u00e0 \u00e9liminer les impuret\u00e9s et l&rsquo;exc\u00e8s de s\u00e9bum tout en laissant la peau fra\u00eeche, nette et matifi\u00e9e.<\/p>\n<p><strong>Caract\u00e9ristiques<\/strong> :<\/p>\n<ul>\n<li><strong>Nettoie et purifie<\/strong> : \u00c9limine en douceur les impuret\u00e9s, l&rsquo;exc\u00e8s de s\u00e9bum et les traces de maquillage sans dess\u00e9cher la peau.<\/li>\n<li><strong>Action anti-imperfections<\/strong> : Aide \u00e0 r\u00e9duire les points noirs et les boutons tout en affinant le grain de peau.<\/li>\n<li><strong>Formule douce<\/strong> : Sans savon, hypoallerg\u00e9nique et respectueuse du pH de la peau.<\/li>\n<\/ul>\n<p><strong>B\u00e9n\u00e9fices<\/strong> :<\/p>\n<ul>\n<li>Convient aux peaux sensibles et sujettes aux imperfections<\/li>\n<li>Laisse la peau propre, fra\u00eeche et matifi\u00e9e<\/li>\n<li>Test\u00e9 sous contr\u00f4le dermatologique pour une tol\u00e9rance optimale<\/li>\n<\/ul>\n<p><strong>Conseils d&rsquo;utilisation<\/strong> :<\/p>\n<ul>\n<li>Utilisez matin et soir sur une peau pr\u00e9alablement humidifi\u00e9e.<\/li>\n<li>Appliquez une petite quantit\u00e9 de gel sur le visage en massant d\u00e9licatement, puis rincez abondamment \u00e0 l&rsquo;eau ti\u00e8de.<\/li>\n<li>\u00c9vitez le contour des yeux.<\/li>\n<\/ul>\n<p>Avec le <strong>TOPICREM AC Gel Peau Nette<\/strong>, offrez \u00e0 votre peau un nettoyage efficace et respectueux pour une sensation de puret\u00e9 et de confort au quotidien.<\/p>\n","protected":false},"excerpt":{"rendered":"<p>Le <strong>TOPICREM AC Gel Peau Nette<\/strong> est sp\u00e9cialement formul\u00e9 pour les peaux mixtes \u00e0 grasses sujettes aux imperfections. Ce gel nettoyant purifiant aide \u00e0 \u00e9liminer les impuret\u00e9s et l&rsquo;exc\u00e8s de s\u00e9bum tout en laissant la peau fra\u00eeche, nette et matifi\u00e9e.<\/p>\n","protected":false},"featured_media":12682,"comment_status":"open","ping_status":"closed","template":"","meta":{"inline_featured_image":false,"_monsterinsights_skip_tracking":false,"_monsterinsights_sitenote_active":false,"_monsterinsights_sitenote_note":"","_monsterinsights_sitenote_category":0,"_joinchat":[]},"product_cat":[178],"product_tag":[],"class_list":{"0":"post-12681","1":"product","2":"type-product","3":"status-publish","4":"has-post-thumbnail","6":"product_cat-topicrem","8":"first","9":"instock","10":"shipping-taxable","11":"purchasable","12":"product-type-simple","13":"add-to-wishlist-after_add_to_cart"},"aioseo_notices":[],"_links":{"self":[{"href":"https:\/\/pararepublique.com\/index.php\/wp-json\/wp\/v2\/product\/12681","targetHints":{"allow":["GET"]}}],"collection":[{"href":"https:\/\/pararepublique.com\/index.php\/wp-json\/wp\/v2\/product"}],"about":[{"href":"https:\/\/pararepublique.com\/index.php\/wp-json\/wp\/v2\/types\/product"}],"replies":[{"embeddable":true,"href":"https:\/\/pararepublique.com\/index.php\/wp-json\/wp\/v2\/comments?post=12681"}],"version-history":[{"count":2,"href":"https:\/\/pararepublique.com\/index.php\/wp-json\/wp\/v2\/product\/12681\/revisions"}],"predecessor-version":[{"id":12684,"href":"https:\/\/pararepublique.com\/index.php\/wp-json\/wp\/v2\/product\/12681\/revisions\/12684"}],"wp:featuredmedia":[{"embeddable":true,"href":"https:\/\/pararepublique.com\/index.php\/wp-json\/wp\/v2\/media\/12682"}],"wp:attachment":[{"href":"https:\/\/pararepublique.com\/index.php\/wp-json\/wp\/v2\/media?parent=12681"}],"wp:term":[{"taxonomy":"product_cat","embeddable":true,"href":"https:\/\/pararepublique.com\/index.php\/wp-json\/wp\/v2\/product_cat?post=12681"},{"taxonomy":"product_tag","embeddable":true,"href":"https:\/\/pararepublique.com\/index.php\/wp-json\/wp\/v2\/product_tag?post=12681"}],"curies":[{"name":"wp","href":"https:\/\/api.w.org\/{rel}","templated":true}]}}