{"id":12810,"date":"2024-10-14T11:57:35","date_gmt":"2024-10-14T11:57:35","guid":{"rendered":"https:\/\/pararepublique.com\/?post_type=product&#038;p=12810"},"modified":"2024-10-14T11:57:35","modified_gmt":"2024-10-14T11:57:35","slug":"topicreme-huile-ultra-hydratante-125ml","status":"publish","type":"product","link":"https:\/\/pararepublique.com\/index.php\/product\/topicreme-huile-ultra-hydratante-125ml\/","title":{"rendered":"TOPICREME HUILE ULTRA HYDRATANTE 125ML"},"content":{"rendered":"<p>L&rsquo;<strong>Huile Ultra-Hydratante de TOPICREM<\/strong> est sp\u00e9cialement formul\u00e9e pour nourrir et apaiser les peaux s\u00e8ches et sensibles. Gr\u00e2ce \u00e0 sa texture l\u00e9g\u00e8re et soyeuse, elle p\u00e9n\u00e8tre rapidement sans laisser de film gras. Enrichie en huiles nutritives, elle aide \u00e0 restaurer la barri\u00e8re cutan\u00e9e et offre une hydratation durable. Id\u00e9ale pour un usage quotidien, elle convient aussi bien au corps qu\u2019au visage et aux cheveux.<\/p>\n<p><strong>Caract\u00e9ristiques :<\/strong><\/p>\n<ul>\n<li><strong>Hydratation intense et longue dur\u00e9e<\/strong>.<\/li>\n<li>Enrichie en <strong>huile de carthame<\/strong> et <strong>huile d\u2019amande douce<\/strong> pour nourrir et apaiser la peau.<\/li>\n<li><strong>Texture l\u00e9g\u00e8re et non grasse<\/strong> : Ne colle pas et p\u00e9n\u00e8tre rapidement.<\/li>\n<li><strong>Sans paraben, sans silicone<\/strong>.<\/li>\n<li><strong>Test\u00e9e sous contr\u00f4le dermatologique<\/strong> : Convient aux peaux sensibles.<\/li>\n<li>Polyvalente : Utilisable sur le <strong>corps, le visage et les cheveux<\/strong>.<\/li>\n<\/ul>\n<p><strong>Conseils d\u2019utilisation :<\/strong><\/p>\n<ul>\n<li><strong>Corps<\/strong> : Appliquer apr\u00e8s la douche ou le bain sur peau s\u00e8che ou l\u00e9g\u00e8rement humide.<\/li>\n<li><strong>Visage<\/strong> : Utiliser quelques gouttes pour hydrater les zones s\u00e8ches.<\/li>\n<li><strong>Cheveux<\/strong> : Appliquer sur les longueurs et pointes pour apporter brillance et douceur.<\/li>\n<\/ul>\n<p><strong>Avantages :<\/strong><\/p>\n<ul>\n<li><strong>Hydrate et nourrit<\/strong> en profondeur sans alourdir la peau.<\/li>\n<li><strong>Texture soyeuse<\/strong> : Parfaite pour une utilisation quotidienne.<\/li>\n<li><strong>Polyvalente<\/strong> : Un seul produit pour plusieurs usages (corps, visage, cheveux).<\/li>\n<li><strong>Parfum d\u00e9licat<\/strong> : Laisse une sensation de fra\u00eecheur et de confort.<\/li>\n<\/ul>\n<p><strong>Format<\/strong> : <strong>Flacon de 125 ml<\/strong> : Compact et pratique, id\u00e9al pour un usage \u00e0 la maison ou en d\u00e9placement.<\/p>\n","protected":false},"excerpt":{"rendered":"<p>L&rsquo;<strong>Huile Ultra-Hydratante de TOPICREM<\/strong> est sp\u00e9cialement formul\u00e9e pour nourrir et apaiser les peaux s\u00e8ches et sensibles. Gr\u00e2ce \u00e0 sa texture l\u00e9g\u00e8re et soyeuse, elle p\u00e9n\u00e8tre rapidement sans laisser de film gras. Enrichie en huiles nutritives, elle aide \u00e0 restaurer la barri\u00e8re cutan\u00e9e et offre une hydratation durable. Id\u00e9ale pour un usage quotidien, elle convient aussi bien au corps qu\u2019au visage et aux cheveux.<\/p>\n","protected":false},"featured_media":12811,"comment_status":"open","ping_status":"closed","template":"","meta":{"inline_featured_image":false,"_monsterinsights_skip_tracking":false,"_monsterinsights_sitenote_active":false,"_monsterinsights_sitenote_note":"","_monsterinsights_sitenote_category":0,"_joinchat":[]},"product_cat":[178],"product_tag":[],"class_list":{"0":"post-12810","1":"product","2":"type-product","3":"status-publish","4":"has-post-thumbnail","6":"product_cat-topicrem","8":"first","9":"instock","10":"shipping-taxable","11":"purchasable","12":"product-type-simple","13":"add-to-wishlist-after_add_to_cart"},"aioseo_notices":[],"_links":{"self":[{"href":"https:\/\/pararepublique.com\/index.php\/wp-json\/wp\/v2\/product\/12810","targetHints":{"allow":["GET"]}}],"collection":[{"href":"https:\/\/pararepublique.com\/index.php\/wp-json\/wp\/v2\/product"}],"about":[{"href":"https:\/\/pararepublique.com\/index.php\/wp-json\/wp\/v2\/types\/product"}],"replies":[{"embeddable":true,"href":"https:\/\/pararepublique.com\/index.php\/wp-json\/wp\/v2\/comments?post=12810"}],"version-history":[{"count":1,"href":"https:\/\/pararepublique.com\/index.php\/wp-json\/wp\/v2\/product\/12810\/revisions"}],"predecessor-version":[{"id":12812,"href":"https:\/\/pararepublique.com\/index.php\/wp-json\/wp\/v2\/product\/12810\/revisions\/12812"}],"wp:featuredmedia":[{"embeddable":true,"href":"https:\/\/pararepublique.com\/index.php\/wp-json\/wp\/v2\/media\/12811"}],"wp:attachment":[{"href":"https:\/\/pararepublique.com\/index.php\/wp-json\/wp\/v2\/media?parent=12810"}],"wp:term":[{"taxonomy":"product_cat","embeddable":true,"href":"https:\/\/pararepublique.com\/index.php\/wp-json\/wp\/v2\/product_cat?post=12810"},{"taxonomy":"product_tag","embeddable":true,"href":"https:\/\/pararepublique.com\/index.php\/wp-json\/wp\/v2\/product_tag?post=12810"}],"curies":[{"name":"wp","href":"https:\/\/api.w.org\/{rel}","templated":true}]}}