{"id":13251,"date":"2024-10-22T11:29:09","date_gmt":"2024-10-22T11:29:09","guid":{"rendered":"https:\/\/pararepublique.com\/?post_type=product&#038;p=13251"},"modified":"2024-10-22T11:29:09","modified_gmt":"2024-10-22T11:29:09","slug":"mustele-gel-nettoyant","status":"publish","type":"product","link":"https:\/\/pararepublique.com\/index.php\/product\/mustele-gel-nettoyant\/","title":{"rendered":"MUSTELE GEL NETTOYANT"},"content":{"rendered":"<p>Le <strong>Gel Nettoyant Mustela B\u00e9b\u00e9<\/strong> est sp\u00e9cialement con\u00e7u pour nettoyer en douceur la peau sensible des b\u00e9b\u00e9s et des enfants. Ce gel nettoyant quotidien respecte l\u2019\u00e9quilibre fragile de la peau tout en apportant confort et fra\u00eecheur.<\/p>\n<ul>\n<li><strong>Nettoyage Doux et D\u00e9licat<\/strong> : Formul\u00e9 avec de la pers\u00e9ose d\u2019avocat, ce gel nettoyant \u00e9limine les impuret\u00e9s tout en pr\u00e9servant la barri\u00e8re cutan\u00e9e naturelle de la peau d\u00e9licate de b\u00e9b\u00e9.<\/li>\n<li><strong>Hydratation et Protection<\/strong> : Enrichi en agents hydratants, il aide \u00e0 maintenir l\u2019hydratation naturelle de la peau, la laissant douce et souple apr\u00e8s chaque utilisation.<\/li>\n<li><strong>Formulation Hypoallerg\u00e9nique<\/strong> : Test\u00e9 sous contr\u00f4le dermatologique et p\u00e9diatrique, il est con\u00e7u pour minimiser les risques d\u2019allergies et est parfaitement adapt\u00e9 d\u00e8s la naissance.<\/li>\n<li><strong>Sans Savon et Parfum L\u00e9ger<\/strong> : Sa formule douce, sans savon, au pH neutre, respecte la peau sensible des tout-petits, tout en laissant un parfum l\u00e9ger et agr\u00e9able.<\/li>\n<li><strong>Facile \u00e0 Rincer<\/strong> : Sa mousse l\u00e9g\u00e8re se rince facilement, laissant la peau fra\u00eeche et propre, sans r\u00e9sidu.<\/li>\n<\/ul>\n<p>Le <strong>Mustela Gel Nettoyant<\/strong> est le choix id\u00e9al pour un nettoyage doux et respectueux de la peau d\u00e9licate des b\u00e9b\u00e9s, apportant confort et protection lors de chaque bain.<\/p>\n","protected":false},"excerpt":{"rendered":"<p>Le <strong>Gel Nettoyant Mustela B\u00e9b\u00e9<\/strong> est sp\u00e9cialement con\u00e7u pour nettoyer en douceur la peau sensible des b\u00e9b\u00e9s et des enfants. Ce gel nettoyant quotidien respecte l\u2019\u00e9quilibre fragile de la peau tout en apportant confort et fra\u00eecheur.<\/p>\n<ul>\n<li><\/li>\n<\/ul>\n","protected":false},"featured_media":13252,"comment_status":"open","ping_status":"closed","template":"","meta":{"inline_featured_image":false,"_monsterinsights_skip_tracking":false,"_monsterinsights_sitenote_active":false,"_monsterinsights_sitenote_note":"","_monsterinsights_sitenote_category":0,"_joinchat":[]},"product_cat":[150],"product_tag":[],"class_list":{"0":"post-13251","1":"product","2":"type-product","3":"status-publish","4":"has-post-thumbnail","6":"product_cat-mustela","8":"first","9":"instock","10":"shipping-taxable","11":"purchasable","12":"product-type-simple","13":"add-to-wishlist-after_add_to_cart"},"aioseo_notices":[],"_links":{"self":[{"href":"https:\/\/pararepublique.com\/index.php\/wp-json\/wp\/v2\/product\/13251","targetHints":{"allow":["GET"]}}],"collection":[{"href":"https:\/\/pararepublique.com\/index.php\/wp-json\/wp\/v2\/product"}],"about":[{"href":"https:\/\/pararepublique.com\/index.php\/wp-json\/wp\/v2\/types\/product"}],"replies":[{"embeddable":true,"href":"https:\/\/pararepublique.com\/index.php\/wp-json\/wp\/v2\/comments?post=13251"}],"version-history":[{"count":1,"href":"https:\/\/pararepublique.com\/index.php\/wp-json\/wp\/v2\/product\/13251\/revisions"}],"predecessor-version":[{"id":13253,"href":"https:\/\/pararepublique.com\/index.php\/wp-json\/wp\/v2\/product\/13251\/revisions\/13253"}],"wp:featuredmedia":[{"embeddable":true,"href":"https:\/\/pararepublique.com\/index.php\/wp-json\/wp\/v2\/media\/13252"}],"wp:attachment":[{"href":"https:\/\/pararepublique.com\/index.php\/wp-json\/wp\/v2\/media?parent=13251"}],"wp:term":[{"taxonomy":"product_cat","embeddable":true,"href":"https:\/\/pararepublique.com\/index.php\/wp-json\/wp\/v2\/product_cat?post=13251"},{"taxonomy":"product_tag","embeddable":true,"href":"https:\/\/pararepublique.com\/index.php\/wp-json\/wp\/v2\/product_tag?post=13251"}],"curies":[{"name":"wp","href":"https:\/\/api.w.org\/{rel}","templated":true}]}}