{"id":13516,"date":"2024-10-30T10:49:42","date_gmt":"2024-10-30T10:49:42","guid":{"rendered":"https:\/\/pararepublique.com\/?post_type=product&#038;p=13516"},"modified":"2024-10-30T10:49:42","modified_gmt":"2024-10-30T10:49:42","slug":"boreade-vcl-creme-lavante-200ml","status":"publish","type":"product","link":"https:\/\/pararepublique.com\/index.php\/product\/boreade-vcl-creme-lavante-200ml\/","title":{"rendered":"BOREADE VCL CR\u00c8ME LAVANTE  200ML"},"content":{"rendered":"<p>La <strong>Boreade VCL Cr\u00e8me Lavante<\/strong> est un soin nettoyant doux sp\u00e9cialement formul\u00e9 pour les peaux mixtes \u00e0 grasses, sensibles ou \u00e0 imperfections. Con\u00e7ue pour nettoyer d\u00e9licatement sans agresser la barri\u00e8re cutan\u00e9e, cette cr\u00e8me lavante \u00e9limine les impuret\u00e9s, l&rsquo;exc\u00e8s de s\u00e9bum et les traces de maquillage tout en respectant l&rsquo;\u00e9quilibre naturel de la peau.<\/p>\n<p>Gr\u00e2ce \u00e0 sa formule enrichie en agents hydratants et apaisants, la cr\u00e8me lavante Boreade VCL purifie la peau en profondeur tout en l&rsquo;hydratant, la laissant propre, fra\u00eeche et confortable. Elle pr\u00e9vient \u00e9galement la s\u00e9cheresse et l&rsquo;irritation, souvent caus\u00e9es par des nettoyants agressifs.<\/p>\n<h3><strong>Caract\u00e9ristiques principales :<\/strong><\/h3>\n<ul>\n<li><strong>Nettoyage en douceur<\/strong> : nettoie efficacement tout en pr\u00e9servant l\u2019hydratation naturelle de la peau.<\/li>\n<li><strong>Formule apaisante<\/strong> : enrichie en agents hydratants pour calmer et adoucir les peaux sensibles.<\/li>\n<li><strong>R\u00e9gulation du s\u00e9bum<\/strong> : r\u00e9duit l&rsquo;exc\u00e8s de s\u00e9bum, pr\u00e9vient l&rsquo;apparition des imperfections et aide \u00e0 matifier la peau.<\/li>\n<li><strong>Sans savon<\/strong> : ne contient pas de savon, ce qui en fait un nettoyant doux pour une utilisation quotidienne, m\u00eame sur les peaux sensibles.<\/li>\n<li><strong>Non com\u00e9dog\u00e8ne<\/strong> : n\u2019obstrue pas les pores, id\u00e9al pour les peaux sujettes aux imperfections.<\/li>\n<\/ul>\n<h3><strong>Conseils d&rsquo;utilisation :<\/strong><\/h3>\n<p>Appliquer la cr\u00e8me lavante sur une peau humide, masser d\u00e9licatement puis rincer abondamment \u00e0 l&rsquo;eau ti\u00e8de. \u00c0 utiliser matin et soir pour un nettoyage en douceur.<\/p>\n<h3><strong>Indications<\/strong> :<\/h3>\n<ul>\n<li>Convient aux <strong>peaux mixtes \u00e0 grasses<\/strong>, m\u00eame les plus sensibles.<\/li>\n<li>Id\u00e9ale pour les peaux sujettes aux imperfections, \u00e0 l&rsquo;exc\u00e8s de s\u00e9bum ou \u00e0 la brillance.<\/li>\n<\/ul>\n<h3><strong>Contenance<\/strong> :<\/h3>\n<p>Flacon de 200ml, facile \u00e0 utiliser et adapt\u00e9 \u00e0 une routine quotidienne.<\/p>\n","protected":false},"excerpt":{"rendered":"<p>La <strong>Boreade VCL Cr\u00e8me Lavante<\/strong> est un soin nettoyant doux sp\u00e9cialement formul\u00e9 pour les peaux mixtes \u00e0 grasses, sensibles ou \u00e0 imperfections. Con\u00e7ue pour nettoyer d\u00e9licatement sans agresser la barri\u00e8re cutan\u00e9e, cette cr\u00e8me lavante \u00e9limine les impuret\u00e9s, l&rsquo;exc\u00e8s de s\u00e9bum et les traces de maquillage tout en respectant l&rsquo;\u00e9quilibre naturel de la peau.<\/p>\n","protected":false},"featured_media":13517,"comment_status":"open","ping_status":"closed","template":"","meta":{"inline_featured_image":false,"_monsterinsights_skip_tracking":false,"_monsterinsights_sitenote_active":false,"_monsterinsights_sitenote_note":"","_monsterinsights_sitenote_category":0,"_joinchat":[]},"product_cat":[143],"product_tag":[],"class_list":{"0":"post-13516","1":"product","2":"type-product","3":"status-publish","4":"has-post-thumbnail","6":"product_cat-acm","8":"first","9":"instock","10":"shipping-taxable","11":"purchasable","12":"product-type-simple","13":"add-to-wishlist-after_add_to_cart"},"aioseo_notices":[],"_links":{"self":[{"href":"https:\/\/pararepublique.com\/index.php\/wp-json\/wp\/v2\/product\/13516","targetHints":{"allow":["GET"]}}],"collection":[{"href":"https:\/\/pararepublique.com\/index.php\/wp-json\/wp\/v2\/product"}],"about":[{"href":"https:\/\/pararepublique.com\/index.php\/wp-json\/wp\/v2\/types\/product"}],"replies":[{"embeddable":true,"href":"https:\/\/pararepublique.com\/index.php\/wp-json\/wp\/v2\/comments?post=13516"}],"version-history":[{"count":1,"href":"https:\/\/pararepublique.com\/index.php\/wp-json\/wp\/v2\/product\/13516\/revisions"}],"predecessor-version":[{"id":13518,"href":"https:\/\/pararepublique.com\/index.php\/wp-json\/wp\/v2\/product\/13516\/revisions\/13518"}],"wp:featuredmedia":[{"embeddable":true,"href":"https:\/\/pararepublique.com\/index.php\/wp-json\/wp\/v2\/media\/13517"}],"wp:attachment":[{"href":"https:\/\/pararepublique.com\/index.php\/wp-json\/wp\/v2\/media?parent=13516"}],"wp:term":[{"taxonomy":"product_cat","embeddable":true,"href":"https:\/\/pararepublique.com\/index.php\/wp-json\/wp\/v2\/product_cat?post=13516"},{"taxonomy":"product_tag","embeddable":true,"href":"https:\/\/pararepublique.com\/index.php\/wp-json\/wp\/v2\/product_tag?post=13516"}],"curies":[{"name":"wp","href":"https:\/\/api.w.org\/{rel}","templated":true}]}}