{"id":13532,"date":"2024-10-30T11:09:27","date_gmt":"2024-10-30T11:09:27","guid":{"rendered":"https:\/\/pararepublique.com\/?post_type=product&#038;p=13532"},"modified":"2024-10-30T11:09:27","modified_gmt":"2024-10-30T11:09:27","slug":"novophane-gelus-acm-bt-60","status":"publish","type":"product","link":"https:\/\/pararepublique.com\/index.php\/product\/novophane-gelus-acm-bt-60\/","title":{"rendered":"NOVOPHANE GELUS ACM BT 60"},"content":{"rendered":"<p>Les <strong>Novophane G\u00e9lules<\/strong> de <strong>ACM<\/strong> sont sp\u00e9cialement formul\u00e9es pour stimuler la croissance et renforcer les cheveux et les ongles fragiles. Gr\u00e2ce \u00e0 une combinaison unique de vitamines, min\u00e9raux et acides amin\u00e9s, ce compl\u00e9ment alimentaire apporte les nutriments essentiels pour des cheveux plus r\u00e9sistants, plus denses et des ongles moins cassants. Id\u00e9al pour les personnes souffrant de chute de cheveux, de cheveux ternes ou d&rsquo;ongles fragiles, <strong>Novophane<\/strong> offre une solution compl\u00e8te pour revitaliser et fortifier.<\/p>\n<p>Ce traitement permet d&rsquo;am\u00e9liorer visiblement la texture et la qualit\u00e9 des cheveux et des ongles en stimulant leur croissance tout en les renfor\u00e7ant de l&rsquo;int\u00e9rieur. Faciles \u00e0 prendre, les g\u00e9lules <strong>Novophane<\/strong> s&rsquo;int\u00e8grent parfaitement dans une routine quotidienne pour des r\u00e9sultats visibles apr\u00e8s quelques semaines.<\/p>\n<h3><strong>Caract\u00e9ristiques principales :<\/strong><\/h3>\n<ul>\n<li><strong>Renforce les cheveux et les ongles<\/strong> : stimule la croissance des cheveux et am\u00e9liore leur r\u00e9sistance, tout en renfor\u00e7ant les ongles cassants.<\/li>\n<li><strong>Formule riche en nutriments<\/strong> : enrichie en vitamines B, E, zinc, soufre et acides amin\u00e9s essentiels pour la sant\u00e9 des cheveux et des ongles.<\/li>\n<li><strong>Action compl\u00e8te<\/strong> : agit de l&rsquo;int\u00e9rieur pour des r\u00e9sultats durables et visibles apr\u00e8s 2 \u00e0 3 mois de traitement.<\/li>\n<li><strong>Facile \u00e0 utiliser<\/strong> : g\u00e9lules faciles \u00e0 avaler, pratiques \u00e0 int\u00e9grer dans une routine quotidienne.<\/li>\n<\/ul>\n<h3><strong>Conseils d&rsquo;utilisation :<\/strong><\/h3>\n<p>Prendre 2 g\u00e9lules par jour avec un grand verre d&rsquo;eau, de pr\u00e9f\u00e9rence pendant les repas. Pour des r\u00e9sultats optimaux, il est recommand\u00e9 de suivre un traitement de 2 \u00e0 3 mois.<\/p>\n<h3><strong>Indications<\/strong> :<\/h3>\n<ul>\n<li>Convient aux <strong>cheveux fins, fragiles ou en perte de densit\u00e9<\/strong>, et aux <strong>ongles cassants<\/strong>.<\/li>\n<li>Adapt\u00e9 pour les p\u00e9riodes de chute de cheveux saisonni\u00e8re ou en compl\u00e9ment d\u2019un soin capillaire.<\/li>\n<\/ul>\n<h3><strong>Contenance<\/strong> :<\/h3>\n<p>Bo\u00eete de 60 g\u00e9lules, correspondant \u00e0 un mois de traitement.<\/p>\n","protected":false},"excerpt":{"rendered":"<p>Les <strong>Novophane G\u00e9lules<\/strong> de <strong>ACM<\/strong> sont sp\u00e9cialement formul\u00e9es pour stimuler la croissance et renforcer les cheveux et les ongles fragiles. Gr\u00e2ce \u00e0 une combinaison unique de vitamines, min\u00e9raux et acides amin\u00e9s, ce compl\u00e9ment alimentaire apporte les nutriments essentiels pour des cheveux plus r\u00e9sistants, plus denses et des ongles moins cassants.<\/p>\n","protected":false},"featured_media":13533,"comment_status":"open","ping_status":"closed","template":"","meta":{"inline_featured_image":false,"_monsterinsights_skip_tracking":false,"_monsterinsights_sitenote_active":false,"_monsterinsights_sitenote_note":"","_monsterinsights_sitenote_category":0,"_joinchat":[]},"product_cat":[143],"product_tag":[],"class_list":{"0":"post-13532","1":"product","2":"type-product","3":"status-publish","4":"has-post-thumbnail","6":"product_cat-acm","8":"first","9":"instock","10":"shipping-taxable","11":"purchasable","12":"product-type-simple","13":"add-to-wishlist-after_add_to_cart"},"aioseo_notices":[],"_links":{"self":[{"href":"https:\/\/pararepublique.com\/index.php\/wp-json\/wp\/v2\/product\/13532","targetHints":{"allow":["GET"]}}],"collection":[{"href":"https:\/\/pararepublique.com\/index.php\/wp-json\/wp\/v2\/product"}],"about":[{"href":"https:\/\/pararepublique.com\/index.php\/wp-json\/wp\/v2\/types\/product"}],"replies":[{"embeddable":true,"href":"https:\/\/pararepublique.com\/index.php\/wp-json\/wp\/v2\/comments?post=13532"}],"version-history":[{"count":1,"href":"https:\/\/pararepublique.com\/index.php\/wp-json\/wp\/v2\/product\/13532\/revisions"}],"predecessor-version":[{"id":13534,"href":"https:\/\/pararepublique.com\/index.php\/wp-json\/wp\/v2\/product\/13532\/revisions\/13534"}],"wp:featuredmedia":[{"embeddable":true,"href":"https:\/\/pararepublique.com\/index.php\/wp-json\/wp\/v2\/media\/13533"}],"wp:attachment":[{"href":"https:\/\/pararepublique.com\/index.php\/wp-json\/wp\/v2\/media?parent=13532"}],"wp:term":[{"taxonomy":"product_cat","embeddable":true,"href":"https:\/\/pararepublique.com\/index.php\/wp-json\/wp\/v2\/product_cat?post=13532"},{"taxonomy":"product_tag","embeddable":true,"href":"https:\/\/pararepublique.com\/index.php\/wp-json\/wp\/v2\/product_tag?post=13532"}],"curies":[{"name":"wp","href":"https:\/\/api.w.org\/{rel}","templated":true}]}}