{"id":13742,"date":"2024-11-21T11:43:25","date_gmt":"2024-11-21T11:43:25","guid":{"rendered":"https:\/\/pararepublique.com\/?post_type=product&#038;p=13742"},"modified":"2024-11-21T11:43:25","modified_gmt":"2024-11-21T11:43:25","slug":"laino-soin-contour-yeux-hydratant","status":"publish","type":"product","link":"https:\/\/pararepublique.com\/index.php\/product\/laino-soin-contour-yeux-hydratant\/","title":{"rendered":"LAINO SOIN CONTOUR YEUX HYDRATANT"},"content":{"rendered":"<div class=\"o-layout__item u-1\/2@desk\">\n<div class=\"u-margin-bottom u-color__black\">\n<p>\u00ab <em>Extr\u00eamement fragile et tr\u00e8s sollicit\u00e9 au quotidien, le contour des yeux est particuli\u00e8rement sujet au dess\u00e8chement cutan\u00e9 et aux irritations. <\/em><em>C\u2019est \u00e9galement la premi\u00e8re zone du visage \u00e0 marquer les premiers signes de l\u2019\u00e2ge et de la fatigue. Elle m\u00e9rite donc toute notre attention et surtout un soin parfaitement adapt\u00e9 !<\/em> \u00bb<\/p>\n<p>Le contour des yeux hydratant apaise imm\u00e9diatement le contour de l\u2019\u0153il gr\u00e2ce \u00e0 l\u2019<strong>acide hyaluronique<\/strong> qui retient l\u2019eau dans les tissus tout en prot\u00e9geant cette zone si d\u00e9licate des agressions ext\u00e9rieures. Le contour des yeux est ainsi parfaitement hydrat\u00e9 pendant 24 heures*.<\/p>\n<p>Les anti-oxydants naturellement pr\u00e9sents dans l\u2019<strong>extrait de lavande<\/strong> prot\u00e8gent du stress oxydatif et luttent contre les premiers signes du vieillissement. L\u2019<strong>extrait de miel de lavande bio<\/strong> offre une action r\u00e9g\u00e9n\u00e9rante mais aussi apaisante et lissante parfaitement adapt\u00e9e aux peaux sensibles et r\u00e9actives, il booste \u00e9galement l\u2019\u00e9nergie cellulaire pour revivifier le contour des yeux.<\/p>\n<p>Enfin, la <strong>caf\u00e9ine<\/strong> facilite la circulation sanguine pour att\u00e9nuer l\u2019apparition de cernes et de poches. Profond\u00e9ment apaisant, le contour des yeux hydratant offre une texture ultra fra\u00eeche et aqueuse qui r\u00e9veille le regard tout en douceur et pr\u00e9pare la peau au maquillage.<\/p>\n<p>C\u2019est LE soin \u00e0 choisir les yeux ferm\u00e9s !<\/p>\n<p><em>*Hydratation des couches sup\u00e9rieures de l\u2019\u00e9piderme. Test instrumental effectu\u00e9 sur 10 volontaires pendant 24h.<\/em><\/p>\n<\/div>\n<\/div>\n","protected":false},"excerpt":{"rendered":"<div class=\"u-color__black c-product__excerpt\">\n<ul>\n<li>Pour peaux d\u00e9shydrat\u00e9es &amp; sensibles<\/li>\n<li>24h d\u2019hydratation continue<\/li>\n<li>Poches et ridules att\u00e9nu\u00e9es<\/li>\n<li>98% d\u2019ingr\u00e9dients d\u2019origine naturelle<\/li>\n<li>Excellent sur Yuka<\/li>\n<li>Test\u00e9 sous contr\u00f4le dermatologique<\/li>\n<li>Made in France<\/li>\n<\/ul>\n<\/div>\n","protected":false},"featured_media":13743,"comment_status":"open","ping_status":"closed","template":"","meta":{"inline_featured_image":false,"_monsterinsights_skip_tracking":false,"_monsterinsights_sitenote_active":false,"_monsterinsights_sitenote_note":"","_monsterinsights_sitenote_category":0,"_joinchat":[]},"product_cat":[139],"product_tag":[],"class_list":{"0":"post-13742","1":"product","2":"type-product","3":"status-publish","4":"has-post-thumbnail","6":"product_cat-laino","8":"first","9":"instock","10":"shipping-taxable","11":"purchasable","12":"product-type-simple","13":"add-to-wishlist-after_add_to_cart"},"aioseo_notices":[],"_links":{"self":[{"href":"https:\/\/pararepublique.com\/index.php\/wp-json\/wp\/v2\/product\/13742","targetHints":{"allow":["GET"]}}],"collection":[{"href":"https:\/\/pararepublique.com\/index.php\/wp-json\/wp\/v2\/product"}],"about":[{"href":"https:\/\/pararepublique.com\/index.php\/wp-json\/wp\/v2\/types\/product"}],"replies":[{"embeddable":true,"href":"https:\/\/pararepublique.com\/index.php\/wp-json\/wp\/v2\/comments?post=13742"}],"version-history":[{"count":1,"href":"https:\/\/pararepublique.com\/index.php\/wp-json\/wp\/v2\/product\/13742\/revisions"}],"predecessor-version":[{"id":13744,"href":"https:\/\/pararepublique.com\/index.php\/wp-json\/wp\/v2\/product\/13742\/revisions\/13744"}],"wp:featuredmedia":[{"embeddable":true,"href":"https:\/\/pararepublique.com\/index.php\/wp-json\/wp\/v2\/media\/13743"}],"wp:attachment":[{"href":"https:\/\/pararepublique.com\/index.php\/wp-json\/wp\/v2\/media?parent=13742"}],"wp:term":[{"taxonomy":"product_cat","embeddable":true,"href":"https:\/\/pararepublique.com\/index.php\/wp-json\/wp\/v2\/product_cat?post=13742"},{"taxonomy":"product_tag","embeddable":true,"href":"https:\/\/pararepublique.com\/index.php\/wp-json\/wp\/v2\/product_tag?post=13742"}],"curies":[{"name":"wp","href":"https:\/\/api.w.org\/{rel}","templated":true}]}}