{"id":13745,"date":"2024-11-21T11:47:14","date_gmt":"2024-11-21T11:47:14","guid":{"rendered":"https:\/\/pararepublique.com\/?post_type=product&#038;p=13745"},"modified":"2024-11-21T11:47:14","modified_gmt":"2024-11-21T11:47:14","slug":"laino-soin-des-levres-pro-intense-4g","status":"publish","type":"product","link":"https:\/\/pararepublique.com\/index.php\/product\/laino-soin-des-levres-pro-intense-4g\/","title":{"rendered":"LAINO SOIN DES LEVRES PRO INTENSE 4G"},"content":{"rendered":"<p>Ce soin des l\u00e8vres pro intense Laino \u00e0 la texture fondante, nourrit durablement et prend soin de vos l\u00e8vres.<\/p>\n<p>Le complexe phyto-actif de cire d\u2019abeille blanche BIO, de beurre de karit\u00e9 BIO et de lanoline v\u00e9g\u00e9tale <strong>soulage, r\u00e9pare et prot\u00e8ge les l\u00e8vres<\/strong> du dess\u00e8chement.<\/p>\n<p>R\u00e9sultats : les l\u00e8vres sont<strong> lisses, douces et sublim\u00e9es.<\/strong><\/p>\n","protected":false},"excerpt":{"rendered":"<ul class=\"u-margin-bottom-none\">\n<li class=\"u-uppercase\">Best seller<\/li>\n<\/ul>\n<div class=\"u-color__black c-product__excerpt\">\n<ul>\n<li>Nouvelle formule<\/li>\n<li>L\u00e8vres s\u00e8ches \u00e0 tr\u00e8s s\u00e8ches<\/li>\n<li>Nourrit \u2013 Soulage \u2013 R\u00e9pare<\/li>\n<li>99% d\u2019ingr\u00e9dients d\u2019origine naturelle<\/li>\n<li>Excellent sur Yuka<\/li>\n<li>Test\u00e9 sous contr\u00f4le dermatologique<\/li>\n<li>Made in France<\/li>\n<\/ul>\n<\/div>\n","protected":false},"featured_media":13746,"comment_status":"open","ping_status":"closed","template":"","meta":{"inline_featured_image":false,"_monsterinsights_skip_tracking":false,"_monsterinsights_sitenote_active":false,"_monsterinsights_sitenote_note":"","_monsterinsights_sitenote_category":0,"_joinchat":[]},"product_cat":[139],"product_tag":[],"class_list":{"0":"post-13745","1":"product","2":"type-product","3":"status-publish","4":"has-post-thumbnail","6":"product_cat-laino","8":"first","9":"instock","10":"shipping-taxable","11":"purchasable","12":"product-type-simple","13":"add-to-wishlist-after_add_to_cart"},"aioseo_notices":[],"_links":{"self":[{"href":"https:\/\/pararepublique.com\/index.php\/wp-json\/wp\/v2\/product\/13745","targetHints":{"allow":["GET"]}}],"collection":[{"href":"https:\/\/pararepublique.com\/index.php\/wp-json\/wp\/v2\/product"}],"about":[{"href":"https:\/\/pararepublique.com\/index.php\/wp-json\/wp\/v2\/types\/product"}],"replies":[{"embeddable":true,"href":"https:\/\/pararepublique.com\/index.php\/wp-json\/wp\/v2\/comments?post=13745"}],"version-history":[{"count":1,"href":"https:\/\/pararepublique.com\/index.php\/wp-json\/wp\/v2\/product\/13745\/revisions"}],"predecessor-version":[{"id":13747,"href":"https:\/\/pararepublique.com\/index.php\/wp-json\/wp\/v2\/product\/13745\/revisions\/13747"}],"wp:featuredmedia":[{"embeddable":true,"href":"https:\/\/pararepublique.com\/index.php\/wp-json\/wp\/v2\/media\/13746"}],"wp:attachment":[{"href":"https:\/\/pararepublique.com\/index.php\/wp-json\/wp\/v2\/media?parent=13745"}],"wp:term":[{"taxonomy":"product_cat","embeddable":true,"href":"https:\/\/pararepublique.com\/index.php\/wp-json\/wp\/v2\/product_cat?post=13745"},{"taxonomy":"product_tag","embeddable":true,"href":"https:\/\/pararepublique.com\/index.php\/wp-json\/wp\/v2\/product_tag?post=13745"}],"curies":[{"name":"wp","href":"https:\/\/api.w.org\/{rel}","templated":true}]}}