{"id":13759,"date":"2024-11-21T12:06:44","date_gmt":"2024-11-21T12:06:44","guid":{"rendered":"https:\/\/pararepublique.com\/?post_type=product&#038;p=13759"},"modified":"2024-11-21T12:06:45","modified_gmt":"2024-11-21T12:06:45","slug":"laino-soin-levres-cassis-sticks-4g","status":"publish","type":"product","link":"https:\/\/pararepublique.com\/index.php\/product\/laino-soin-levres-cassis-sticks-4g\/","title":{"rendered":"LAINO SOIN LEVRES CASSIS STICKS 4G"},"content":{"rendered":"<div class=\"content_zone_desc tabcontent\">\n<div id=\"type_info_prio_11_1\">\n<p>Laino Soin des L\u00e8vres Stick 4 g &#8211; Senteur : Cassis enrichi en extrait huileux de Calendula adoucit et r\u00e9g\u00e9n\u00e8re les l\u00e8vres ab\u00eem\u00e9es.<br \/>\nIl est id\u00e9al pour prendre soin de vos l\u00e8vres tout au long de l&rsquo;ann\u00e9e.<\/p>\n<p>Contient des filtres UV.<\/p>\n<p>Sans paraben, ni ph\u00e9noxyethanol.<\/p>\n<p>Fabriqu\u00e9 en France.<\/p>\n<\/div>\n<\/div>\n<p>Ricinus Communis (Castor) Seed Oil, Caprylic\/Capric Triglyceride, Cetyl Palmitate, Cera Alba (Beeswax)\/Cire d&rsquo;abeille, Butyrospermum Parkii (Shea) Butter, C10-18 Triglycerides, Oleic\/Linoleic\/Linolenic Polglycerides, Isopropyl Myristate, Copernicia Cerifera Cera (Copernicia Cerifera (Carnauba) Wax)\/Cire de Carnauba, Simmondsia Chinensis (Jojoba) Seed Oil, Helianthus Annus (Sunflower) Seed Oil, Parfum (Fragrance), Hydrogenated Castor Oil, Mica, Calendula Officinalis Flower Extract, Prunus Armeniaca (Apricot) Kernel Oil, Tocopherol, CI 77891 (Titanium Dioxide), CI 42090 (Blue 1 Lake), CI 45410 (Red 28 Lake), Benzyl Benzoate, Alpha-Isomethyl Ionone, Benzyl Alcohol.<\/p>\n","protected":false},"excerpt":{"rendered":"<div class=\"u-color__black c-product__excerpt\">\n<ul>\n<li>Senteur cassis<\/li>\n<li>Paillet\u00e9<\/li>\n<li>97% d\u2019ingr\u00e9dients d\u2019origine naturelle<\/li>\n<li>Huiles v\u00e9g\u00e9tales<\/li>\n<li>Bon sur Yuka<\/li>\n<li>Made in France<\/li>\n<\/ul>\n<\/div>\n","protected":false},"featured_media":13760,"comment_status":"open","ping_status":"closed","template":"","meta":{"inline_featured_image":false,"_monsterinsights_skip_tracking":false,"_monsterinsights_sitenote_active":false,"_monsterinsights_sitenote_note":"","_monsterinsights_sitenote_category":0,"_joinchat":[]},"product_cat":[139],"product_tag":[],"class_list":{"0":"post-13759","1":"product","2":"type-product","3":"status-publish","4":"has-post-thumbnail","6":"product_cat-laino","8":"first","9":"instock","10":"shipping-taxable","11":"purchasable","12":"product-type-simple","13":"add-to-wishlist-after_add_to_cart"},"aioseo_notices":[],"_links":{"self":[{"href":"https:\/\/pararepublique.com\/index.php\/wp-json\/wp\/v2\/product\/13759","targetHints":{"allow":["GET"]}}],"collection":[{"href":"https:\/\/pararepublique.com\/index.php\/wp-json\/wp\/v2\/product"}],"about":[{"href":"https:\/\/pararepublique.com\/index.php\/wp-json\/wp\/v2\/types\/product"}],"replies":[{"embeddable":true,"href":"https:\/\/pararepublique.com\/index.php\/wp-json\/wp\/v2\/comments?post=13759"}],"version-history":[{"count":1,"href":"https:\/\/pararepublique.com\/index.php\/wp-json\/wp\/v2\/product\/13759\/revisions"}],"predecessor-version":[{"id":13761,"href":"https:\/\/pararepublique.com\/index.php\/wp-json\/wp\/v2\/product\/13759\/revisions\/13761"}],"wp:featuredmedia":[{"embeddable":true,"href":"https:\/\/pararepublique.com\/index.php\/wp-json\/wp\/v2\/media\/13760"}],"wp:attachment":[{"href":"https:\/\/pararepublique.com\/index.php\/wp-json\/wp\/v2\/media?parent=13759"}],"wp:term":[{"taxonomy":"product_cat","embeddable":true,"href":"https:\/\/pararepublique.com\/index.php\/wp-json\/wp\/v2\/product_cat?post=13759"},{"taxonomy":"product_tag","embeddable":true,"href":"https:\/\/pararepublique.com\/index.php\/wp-json\/wp\/v2\/product_tag?post=13759"}],"curies":[{"name":"wp","href":"https:\/\/api.w.org\/{rel}","templated":true}]}}