{"id":13765,"date":"2024-11-21T12:13:26","date_gmt":"2024-11-21T12:13:26","guid":{"rendered":"https:\/\/pararepublique.com\/?post_type=product&#038;p=13765"},"modified":"2024-11-21T12:13:26","modified_gmt":"2024-11-21T12:13:26","slug":"laino-stick-levre-cire-dabeil-lot-3","status":"publish","type":"product","link":"https:\/\/pararepublique.com\/index.php\/product\/laino-stick-levre-cire-dabeil-lot-3\/","title":{"rendered":"LAINO STICK LEVRE CIRE D&rsquo;ABEIL LOT \/3"},"content":{"rendered":"<div class=\"product attribute description\">\n<div class=\"value\">\n<p>LAINO<br \/>\nStick l\u00e8vres<br \/>\nSoin des l\u00e8vres<br \/>\nCire d&rsquo;abeille<br \/>\nSticks 3x4g<\/p>\n<p>Contenant de le cire d&rsquo;abeille, il nourrit, assouplit et prot\u00e8ge vos l\u00e8vres et procure une sensation de douceur maximale.<\/p>\n<\/div>\n<\/div>\n","protected":false},"excerpt":{"rendered":"<p>R\u00e9g\u00e9n\u00e8re, r\u00e9pare et prot\u00e8ge les l\u00e8vres.<br \/>\nAlliant cire d\u2019abeille et beurre de karit\u00e9 dans la pure tradition m\u00e9diterran\u00e9enne, le soin des l\u00e8vres Pro Intense est la r\u00e9ponse quotidienne aux l\u00e8vres s\u00e8ches.<\/p>\n","protected":false},"featured_media":13766,"comment_status":"open","ping_status":"closed","template":"","meta":{"inline_featured_image":false,"_monsterinsights_skip_tracking":false,"_monsterinsights_sitenote_active":false,"_monsterinsights_sitenote_note":"","_monsterinsights_sitenote_category":0,"_joinchat":[]},"product_cat":[139],"product_tag":[],"class_list":{"0":"post-13765","1":"product","2":"type-product","3":"status-publish","4":"has-post-thumbnail","6":"product_cat-laino","8":"first","9":"instock","10":"shipping-taxable","11":"purchasable","12":"product-type-simple","13":"add-to-wishlist-after_add_to_cart"},"aioseo_notices":[],"_links":{"self":[{"href":"https:\/\/pararepublique.com\/index.php\/wp-json\/wp\/v2\/product\/13765","targetHints":{"allow":["GET"]}}],"collection":[{"href":"https:\/\/pararepublique.com\/index.php\/wp-json\/wp\/v2\/product"}],"about":[{"href":"https:\/\/pararepublique.com\/index.php\/wp-json\/wp\/v2\/types\/product"}],"replies":[{"embeddable":true,"href":"https:\/\/pararepublique.com\/index.php\/wp-json\/wp\/v2\/comments?post=13765"}],"version-history":[{"count":1,"href":"https:\/\/pararepublique.com\/index.php\/wp-json\/wp\/v2\/product\/13765\/revisions"}],"predecessor-version":[{"id":13767,"href":"https:\/\/pararepublique.com\/index.php\/wp-json\/wp\/v2\/product\/13765\/revisions\/13767"}],"wp:featuredmedia":[{"embeddable":true,"href":"https:\/\/pararepublique.com\/index.php\/wp-json\/wp\/v2\/media\/13766"}],"wp:attachment":[{"href":"https:\/\/pararepublique.com\/index.php\/wp-json\/wp\/v2\/media?parent=13765"}],"wp:term":[{"taxonomy":"product_cat","embeddable":true,"href":"https:\/\/pararepublique.com\/index.php\/wp-json\/wp\/v2\/product_cat?post=13765"},{"taxonomy":"product_tag","embeddable":true,"href":"https:\/\/pararepublique.com\/index.php\/wp-json\/wp\/v2\/product_tag?post=13765"}],"curies":[{"name":"wp","href":"https:\/\/api.w.org\/{rel}","templated":true}]}}