{"id":13774,"date":"2024-11-21T12:26:29","date_gmt":"2024-11-21T12:26:29","guid":{"rendered":"https:\/\/pararepublique.com\/?post_type=product&#038;p=13774"},"modified":"2024-11-21T12:26:29","modified_gmt":"2024-11-21T12:26:29","slug":"laino-stick-levre-figue","status":"publish","type":"product","link":"https:\/\/pararepublique.com\/index.php\/product\/laino-stick-levre-figue\/","title":{"rendered":"LAINO STICK LEVRE FIGUE"},"content":{"rendered":"<p>Le soin des l\u00e8vres Laino senteur figue rose nacr\u00e9e apporte une hydratation profonde tout en offrant une touche de brillance nacr\u00e9e et un parfum d\u00e9licat. Sa formule nourrissante aide \u00e0 prot\u00e9ger et \u00e0 adoucir les l\u00e8vres, les rendant irr\u00e9sistiblement douces et parfum\u00e9es.<\/p>\n<p>Ingr\u00e9dients cl\u00e9s :<br \/>\nHuile de jojoba : hydrate et nourrit intens\u00e9ment.<br \/>\nBeurre de karit\u00e9 : adoucit et prot\u00e8ge les l\u00e8vres des agressions ext\u00e9rieures.<br \/>\nExtraits de figue : apportent un parfum doux et fruit\u00e9.<\/p>\n<p>Bienfaits :<br \/>\nHydratation durable pour des l\u00e8vres souples et lisses.<br \/>\nProtection contre le dess\u00e8chement et les irritations.<br \/>\nR\u00e9pare les l\u00e8vres s\u00e8ches tout en leur donnant un \u00e9clat nacr\u00e9.<br \/>\nTexture l\u00e9g\u00e8re et fondante pour une application agr\u00e9able.<\/p>\n<p>Mode d\u2019utilisation :<br \/>\nAppliquez g\u00e9n\u00e9reusement sur les l\u00e8vres aussi souvent que n\u00e9cessaire pour maintenir une hydratation optimale et profiter de la senteur figue rose nacr\u00e9e.<\/p>\n<p>Contenance : 4 g<\/p>\n","protected":false},"excerpt":{"rendered":"<p>LAINO Soin des L\u00e8vres est un stick r\u00e9parateur et nourrissant pour les l\u00e8vres fragilis\u00e9es et dess\u00e9ch\u00e9es. Sa texture cr\u00e9meuse et souple est facile \u00e0 \u00e9taler pour une absorption rapide et nourrir en profondeur. Les l\u00e8vres sont hydrat\u00e9es, sublimement parfum\u00e9es gr\u00e2ce au Figue Rose Nacr\u00e9e.<\/p>\n<p>LAINO Soin des L\u00e8vres :<\/p>\n<ul>\n<li>95% d\u2019ingr\u00e9dients d\u2019origine naturelle<\/li>\n<li>Couleur rose nacr\u00e9e<\/li>\n<li>Senteur figue<\/li>\n<li>0% parab\u00e8ne<\/li>\n<li>0% ph\u00e9noxy\u00e9thanol<\/li>\n<\/ul>\n<hr \/>\n","protected":false},"featured_media":13775,"comment_status":"open","ping_status":"closed","template":"","meta":{"inline_featured_image":false,"_monsterinsights_skip_tracking":false,"_monsterinsights_sitenote_active":false,"_monsterinsights_sitenote_note":"","_monsterinsights_sitenote_category":0,"_joinchat":[]},"product_cat":[139],"product_tag":[],"class_list":{"0":"post-13774","1":"product","2":"type-product","3":"status-publish","4":"has-post-thumbnail","6":"product_cat-laino","8":"first","9":"instock","10":"shipping-taxable","11":"purchasable","12":"product-type-simple","13":"add-to-wishlist-after_add_to_cart"},"aioseo_notices":[],"_links":{"self":[{"href":"https:\/\/pararepublique.com\/index.php\/wp-json\/wp\/v2\/product\/13774","targetHints":{"allow":["GET"]}}],"collection":[{"href":"https:\/\/pararepublique.com\/index.php\/wp-json\/wp\/v2\/product"}],"about":[{"href":"https:\/\/pararepublique.com\/index.php\/wp-json\/wp\/v2\/types\/product"}],"replies":[{"embeddable":true,"href":"https:\/\/pararepublique.com\/index.php\/wp-json\/wp\/v2\/comments?post=13774"}],"version-history":[{"count":2,"href":"https:\/\/pararepublique.com\/index.php\/wp-json\/wp\/v2\/product\/13774\/revisions"}],"predecessor-version":[{"id":13777,"href":"https:\/\/pararepublique.com\/index.php\/wp-json\/wp\/v2\/product\/13774\/revisions\/13777"}],"wp:featuredmedia":[{"embeddable":true,"href":"https:\/\/pararepublique.com\/index.php\/wp-json\/wp\/v2\/media\/13775"}],"wp:attachment":[{"href":"https:\/\/pararepublique.com\/index.php\/wp-json\/wp\/v2\/media?parent=13774"}],"wp:term":[{"taxonomy":"product_cat","embeddable":true,"href":"https:\/\/pararepublique.com\/index.php\/wp-json\/wp\/v2\/product_cat?post=13774"},{"taxonomy":"product_tag","embeddable":true,"href":"https:\/\/pararepublique.com\/index.php\/wp-json\/wp\/v2\/product_tag?post=13774"}],"curies":[{"name":"wp","href":"https:\/\/api.w.org\/{rel}","templated":true}]}}