{"id":13812,"date":"2024-11-21T13:21:01","date_gmt":"2024-11-21T13:21:01","guid":{"rendered":"https:\/\/pararepublique.com\/?post_type=product&#038;p=13812"},"modified":"2024-11-21T13:21:01","modified_gmt":"2024-11-21T13:21:01","slug":"cicastim-gel-silicon-fl-150ml-2","status":"publish","type":"product","link":"https:\/\/pararepublique.com\/index.php\/product\/cicastim-gel-silicon-fl-150ml-2\/","title":{"rendered":"CICASTIM GEL SILICON FL 150ML"},"content":{"rendered":"<div id=\"tab-description\" class=\"c-product__tabs-panel  woocommerce-Tabs-panel woocommerce-Tabs-panel--description panel entry-content wc-tab  current visible\" role=\"tabpanel\" aria-labelledby=\"tab-title-description\">\n<p><strong>Caract\u00e9ristiques principales :<\/strong><\/p>\n<ul>\n<li><strong>Am\u00e9lioration de l\u2019apparence des cicatrices :<\/strong> R\u00e9duit la visibilit\u00e9 des cicatrices hypertrophiques et ch\u00e9lo\u00efdes.<\/li>\n<li><strong>Hydratation et protection :<\/strong> Forme une barri\u00e8re protectrice qui maintient l\u2019hydratation de la peau, essentielle pour une bonne cicatrisation.<\/li>\n<li><strong>Texture non grasse :<\/strong> S\u00e8che rapidement, laissant un film invisible et non collant sur la peau.<\/li>\n<\/ul>\n<p><strong>Conseils d\u2019utilisation :<\/strong><\/p>\n<ul>\n<li>Appliquer une fine couche de gel sur la cicatrice propre et s\u00e8che, deux fois par jour.<\/li>\n<li>Masser d\u00e9licatement jusqu\u2019\u00e0 absorption compl\u00e8te.<\/li>\n<li>Utiliser pendant au moins 2 \u00e0 3 mois pour des r\u00e9sultats optimaux.<\/li>\n<\/ul>\n<p><strong>Pr\u00e9cautions d\u2019emploi :<\/strong><\/p>\n<ul>\n<li>Usage externe uniquement.<\/li>\n<li>\u00c9viter le contact avec les yeux et les muqueuses.<\/li>\n<li>Ne pas appliquer sur des plaies ouvertes ou non cicatris\u00e9es.<\/li>\n<li>En cas d\u2019irritation, cesser l\u2019utilisation et consulter un professionnel de sant\u00e9.<\/li>\n<\/ul>\n<p>Ce gel est id\u00e9al pour les personnes souhaitant am\u00e9liorer l\u2019apparence de leurs cicatrices gr\u00e2ce \u00e0 une solution efficace et facile \u00e0 utiliser.<\/p>\n<\/div>\n","protected":false},"excerpt":{"rendered":"<p>Le <strong>Cicastim.S Gel Silicone 15 ml<\/strong> du Laboratoire ACM est con\u00e7u pour am\u00e9liorer l\u2019apparence des cicatrices r\u00e9centes ou anciennes, qu\u2019elles soient dues \u00e0 des interventions chirurgicales, des br\u00fblures ou des blessures. Sa formule \u00e0 base de silicone forme un film protecteur sur la peau, favorisant une cicatrisation optimale.<\/p>\n","protected":false},"featured_media":13813,"comment_status":"open","ping_status":"closed","template":"","meta":{"inline_featured_image":false,"_monsterinsights_skip_tracking":false,"_monsterinsights_sitenote_active":false,"_monsterinsights_sitenote_note":"","_monsterinsights_sitenote_category":0,"_joinchat":[]},"product_cat":[143],"product_tag":[],"class_list":{"0":"post-13812","1":"product","2":"type-product","3":"status-publish","4":"has-post-thumbnail","6":"product_cat-acm","8":"first","9":"instock","10":"shipping-taxable","11":"purchasable","12":"product-type-simple","13":"add-to-wishlist-after_add_to_cart"},"aioseo_notices":[],"_links":{"self":[{"href":"https:\/\/pararepublique.com\/index.php\/wp-json\/wp\/v2\/product\/13812","targetHints":{"allow":["GET"]}}],"collection":[{"href":"https:\/\/pararepublique.com\/index.php\/wp-json\/wp\/v2\/product"}],"about":[{"href":"https:\/\/pararepublique.com\/index.php\/wp-json\/wp\/v2\/types\/product"}],"replies":[{"embeddable":true,"href":"https:\/\/pararepublique.com\/index.php\/wp-json\/wp\/v2\/comments?post=13812"}],"version-history":[{"count":1,"href":"https:\/\/pararepublique.com\/index.php\/wp-json\/wp\/v2\/product\/13812\/revisions"}],"predecessor-version":[{"id":13814,"href":"https:\/\/pararepublique.com\/index.php\/wp-json\/wp\/v2\/product\/13812\/revisions\/13814"}],"wp:featuredmedia":[{"embeddable":true,"href":"https:\/\/pararepublique.com\/index.php\/wp-json\/wp\/v2\/media\/13813"}],"wp:attachment":[{"href":"https:\/\/pararepublique.com\/index.php\/wp-json\/wp\/v2\/media?parent=13812"}],"wp:term":[{"taxonomy":"product_cat","embeddable":true,"href":"https:\/\/pararepublique.com\/index.php\/wp-json\/wp\/v2\/product_cat?post=13812"},{"taxonomy":"product_tag","embeddable":true,"href":"https:\/\/pararepublique.com\/index.php\/wp-json\/wp\/v2\/product_tag?post=13812"}],"curies":[{"name":"wp","href":"https:\/\/api.w.org\/{rel}","templated":true}]}}