{"id":13832,"date":"2024-11-21T15:34:03","date_gmt":"2024-11-21T15:34:03","guid":{"rendered":"https:\/\/pararepublique.com\/?post_type=product&#038;p=13832"},"modified":"2024-11-21T15:34:04","modified_gmt":"2024-11-21T15:34:04","slug":"sebionex-lotion-micellaire250ml","status":"publish","type":"product","link":"https:\/\/pararepublique.com\/index.php\/product\/sebionex-lotion-micellaire250ml\/","title":{"rendered":"SEBIONEX LOTION MICELLAIRE250ML"},"content":{"rendered":"<div class=\"product-description\">\n<p>This cleanser-make-up remover for oily and imperfection-prone skin is an essential step for the in-depth and gentle cleansing of sensitive skins.<\/p>\n<p>Combination to oily skins are characterised by excess sebum production, causing a blotchy complexion, blocking pores and creating imperfections. Sebionex micellar lotion gently cleanses and removes make-up from the face, without the need for rinsing in order to respect even the most sensitive skins. It eliminates impurities and excess sebum without drying, thanks to its moisturising agents. The skin is clearer and purified.<\/p>\n<\/div>\n","protected":false},"excerpt":{"rendered":"<p>ACM Sebionex lotion micellaire (250ml) a \u00e9t\u00e9 con\u00e7ue pour nettoyer en douceur le visage et les yeux. sp\u00e9cialement con\u00e7ue pour les peaux mixtes \u00e0 grasses, elle purifie et \u00e9limine l\u2019ax\u00e8s de sebium. contient des agents hydratants.<\/p>\n","protected":false},"featured_media":13833,"comment_status":"open","ping_status":"closed","template":"","meta":{"inline_featured_image":false,"_monsterinsights_skip_tracking":false,"_monsterinsights_sitenote_active":false,"_monsterinsights_sitenote_note":"","_monsterinsights_sitenote_category":0,"_joinchat":[]},"product_cat":[143],"product_tag":[],"class_list":{"0":"post-13832","1":"product","2":"type-product","3":"status-publish","4":"has-post-thumbnail","6":"product_cat-acm","8":"first","9":"instock","10":"shipping-taxable","11":"purchasable","12":"product-type-simple","13":"add-to-wishlist-after_add_to_cart"},"aioseo_notices":[],"_links":{"self":[{"href":"https:\/\/pararepublique.com\/index.php\/wp-json\/wp\/v2\/product\/13832","targetHints":{"allow":["GET"]}}],"collection":[{"href":"https:\/\/pararepublique.com\/index.php\/wp-json\/wp\/v2\/product"}],"about":[{"href":"https:\/\/pararepublique.com\/index.php\/wp-json\/wp\/v2\/types\/product"}],"replies":[{"embeddable":true,"href":"https:\/\/pararepublique.com\/index.php\/wp-json\/wp\/v2\/comments?post=13832"}],"version-history":[{"count":1,"href":"https:\/\/pararepublique.com\/index.php\/wp-json\/wp\/v2\/product\/13832\/revisions"}],"predecessor-version":[{"id":13834,"href":"https:\/\/pararepublique.com\/index.php\/wp-json\/wp\/v2\/product\/13832\/revisions\/13834"}],"wp:featuredmedia":[{"embeddable":true,"href":"https:\/\/pararepublique.com\/index.php\/wp-json\/wp\/v2\/media\/13833"}],"wp:attachment":[{"href":"https:\/\/pararepublique.com\/index.php\/wp-json\/wp\/v2\/media?parent=13832"}],"wp:term":[{"taxonomy":"product_cat","embeddable":true,"href":"https:\/\/pararepublique.com\/index.php\/wp-json\/wp\/v2\/product_cat?post=13832"},{"taxonomy":"product_tag","embeddable":true,"href":"https:\/\/pararepublique.com\/index.php\/wp-json\/wp\/v2\/product_tag?post=13832"}],"curies":[{"name":"wp","href":"https:\/\/api.w.org\/{rel}","templated":true}]}}