{"id":13848,"date":"2024-11-21T16:02:06","date_gmt":"2024-11-21T16:02:06","guid":{"rendered":"https:\/\/pararepublique.com\/?post_type=product&#038;p=13848"},"modified":"2024-11-21T16:02:06","modified_gmt":"2024-11-21T16:02:06","slug":"sensitelial-soin-emollien-500ml-2","status":"publish","type":"product","link":"https:\/\/pararepublique.com\/index.php\/product\/sensitelial-soin-emollien-500ml-2\/","title":{"rendered":"SENSITELIAL SOIN EMOLLIEN 500ML"},"content":{"rendered":"<div class=\"product-description\">\n<p>Ce soin a \u00e9t\u00e9 con\u00e7u pour hydrater durablement les peaux s\u00e8ches ou \u00e0 tendance atopique.<\/p>\n<p>Son effet hydratant intensif est de tr\u00e8s longue dur\u00e9e, tout en apportant un confort cutan\u00e9 imm\u00e9diat. Tous les actifs pr\u00e9sents dans cette formule ont \u00e9t\u00e9 s\u00e9lectionn\u00e9s pour leur parfaite tol\u00e9rance. Gr\u00e2ce \u00e0 ses actifs relipidants, hydratants et apaisants, il permet de restaurer le film hydrolipidique et il apaise les sensations de d\u00e9mangeaisons et de tiraillements. Le confort cutan\u00e9 est restaur\u00e9. La peau est nourrie et apais\u00e9e.<\/p>\n<p>Adapt\u00e9 pour le visage et le corps, il nourrit et apaise les sensations de d\u00e9mangeaisons de l\u2019adulte et de l\u2019enfant.<\/p>\n<\/div>\n","protected":false},"excerpt":{"rendered":"<div id=\"product-description-short-116\" class=\"product-description\">\n<p>Ce soin a \u00e9t\u00e9 con\u00e7u pour hydrater durablement les peaux s\u00e8ches ou \u00e0 tendance atopique.<\/p>\n<\/div>\n<div class=\"product-description-baseline\">\n<p>Le soin hydratant des peaux s\u00e8ches<\/p>\n<\/div>\n<div class=\"product-description-customfield\">\n<div class=\"\">\n<p class=\"me-1\"><strong>Id\u00e9al pour :<\/strong><\/p>\n<p>S\u00e8ches, \u00e0 tendance atopique<\/p>\n<\/div>\n<div class=\"\">\n<p class=\"me-1\"><strong>Texture :<\/strong><\/p>\n<p>Cr\u00e8me<\/p>\n<\/div>\n<div class=\"\">\n<p class=\"me-1\"><strong>Quand ? :<\/strong><\/p>\n<p>1 \u00e0 2 fois\/jour<\/p>\n<\/div>\n<div class=\"\">\n<p><strong>Hydrate durablement, am\u00e9liore le confort cutan\u00e9 <\/strong><\/p>\n<p><strong>Tube 200 ml \/ Flacon 500 ml <\/strong><\/p>\n<\/div>\n<\/div>\n","protected":false},"featured_media":13849,"comment_status":"open","ping_status":"closed","template":"","meta":{"inline_featured_image":false,"_monsterinsights_skip_tracking":false,"_monsterinsights_sitenote_active":false,"_monsterinsights_sitenote_note":"","_monsterinsights_sitenote_category":0,"_joinchat":[]},"product_cat":[143],"product_tag":[],"class_list":{"0":"post-13848","1":"product","2":"type-product","3":"status-publish","4":"has-post-thumbnail","6":"product_cat-acm","8":"first","9":"instock","10":"shipping-taxable","11":"purchasable","12":"product-type-simple","13":"add-to-wishlist-after_add_to_cart"},"aioseo_notices":[],"_links":{"self":[{"href":"https:\/\/pararepublique.com\/index.php\/wp-json\/wp\/v2\/product\/13848","targetHints":{"allow":["GET"]}}],"collection":[{"href":"https:\/\/pararepublique.com\/index.php\/wp-json\/wp\/v2\/product"}],"about":[{"href":"https:\/\/pararepublique.com\/index.php\/wp-json\/wp\/v2\/types\/product"}],"replies":[{"embeddable":true,"href":"https:\/\/pararepublique.com\/index.php\/wp-json\/wp\/v2\/comments?post=13848"}],"version-history":[{"count":1,"href":"https:\/\/pararepublique.com\/index.php\/wp-json\/wp\/v2\/product\/13848\/revisions"}],"predecessor-version":[{"id":13850,"href":"https:\/\/pararepublique.com\/index.php\/wp-json\/wp\/v2\/product\/13848\/revisions\/13850"}],"wp:featuredmedia":[{"embeddable":true,"href":"https:\/\/pararepublique.com\/index.php\/wp-json\/wp\/v2\/media\/13849"}],"wp:attachment":[{"href":"https:\/\/pararepublique.com\/index.php\/wp-json\/wp\/v2\/media?parent=13848"}],"wp:term":[{"taxonomy":"product_cat","embeddable":true,"href":"https:\/\/pararepublique.com\/index.php\/wp-json\/wp\/v2\/product_cat?post=13848"},{"taxonomy":"product_tag","embeddable":true,"href":"https:\/\/pararepublique.com\/index.php\/wp-json\/wp\/v2\/product_tag?post=13848"}],"curies":[{"name":"wp","href":"https:\/\/api.w.org\/{rel}","templated":true}]}}