{"id":13852,"date":"2024-11-25T11:09:25","date_gmt":"2024-11-25T11:09:25","guid":{"rendered":"https:\/\/pararepublique.com\/?post_type=product&#038;p=13852"},"modified":"2024-11-25T11:09:26","modified_gmt":"2024-11-25T11:09:26","slug":"botot-eau-concentree-de-bouche","status":"publish","type":"product","link":"https:\/\/pararepublique.com\/index.php\/product\/botot-eau-concentree-de-bouche\/","title":{"rendered":"BOTOT EAU CONCENTREE DE BOUCHE"},"content":{"rendered":"<p>Depuis longtemps, le clou de girofle est r\u00e9put\u00e9 pour ses bienfaits sur l&rsquo;hygi\u00e8ne dentaire. Nos anc\u00eatres en m\u00e2chaient d\u2019ailleurs pour lutter contre la mauvaise haleine et pr\u00e9venir les infections dentaires. Associ\u00e9 \u00e0 la cannelle, connue pour ses vertus antibact\u00e9riennes, et \u00e0 l&rsquo;intense fra\u00eecheur de la menthe, cette formule saura vous s\u00e9duire. Utilis\u00e9e quotidiennement, l\u2019Eau de Botot rafra\u00eechit durablement l\u2019haleine et permet de garder une hygi\u00e8ne buccale parfaite.<\/p>\n","protected":false},"excerpt":{"rendered":"<p>L\u2019Eau de Botot est historiquement le premier produit pour hygi\u00e8ne buccale vendu en France. Sa combinaison d\u2019essences naturelles rend son go\u00fbt unique !<\/p>\n","protected":false},"featured_media":13853,"comment_status":"open","ping_status":"closed","template":"","meta":{"inline_featured_image":false,"_monsterinsights_skip_tracking":false,"_monsterinsights_sitenote_active":false,"_monsterinsights_sitenote_note":"","_monsterinsights_sitenote_category":0,"_joinchat":[]},"product_cat":[145],"product_tag":[],"class_list":{"0":"post-13852","1":"product","2":"type-product","3":"status-publish","4":"has-post-thumbnail","6":"product_cat-roges-cavalles","8":"first","9":"instock","10":"shipping-taxable","11":"purchasable","12":"product-type-simple","13":"add-to-wishlist-after_add_to_cart"},"aioseo_notices":[],"_links":{"self":[{"href":"https:\/\/pararepublique.com\/index.php\/wp-json\/wp\/v2\/product\/13852","targetHints":{"allow":["GET"]}}],"collection":[{"href":"https:\/\/pararepublique.com\/index.php\/wp-json\/wp\/v2\/product"}],"about":[{"href":"https:\/\/pararepublique.com\/index.php\/wp-json\/wp\/v2\/types\/product"}],"replies":[{"embeddable":true,"href":"https:\/\/pararepublique.com\/index.php\/wp-json\/wp\/v2\/comments?post=13852"}],"version-history":[{"count":1,"href":"https:\/\/pararepublique.com\/index.php\/wp-json\/wp\/v2\/product\/13852\/revisions"}],"predecessor-version":[{"id":13854,"href":"https:\/\/pararepublique.com\/index.php\/wp-json\/wp\/v2\/product\/13852\/revisions\/13854"}],"wp:featuredmedia":[{"embeddable":true,"href":"https:\/\/pararepublique.com\/index.php\/wp-json\/wp\/v2\/media\/13853"}],"wp:attachment":[{"href":"https:\/\/pararepublique.com\/index.php\/wp-json\/wp\/v2\/media?parent=13852"}],"wp:term":[{"taxonomy":"product_cat","embeddable":true,"href":"https:\/\/pararepublique.com\/index.php\/wp-json\/wp\/v2\/product_cat?post=13852"},{"taxonomy":"product_tag","embeddable":true,"href":"https:\/\/pararepublique.com\/index.php\/wp-json\/wp\/v2\/product_tag?post=13852"}],"curies":[{"name":"wp","href":"https:\/\/api.w.org\/{rel}","templated":true}]}}