{"id":13884,"date":"2024-11-25T12:13:01","date_gmt":"2024-11-25T12:13:01","guid":{"rendered":"https:\/\/pararepublique.com\/?post_type=product&#038;p=13884"},"modified":"2024-11-25T12:13:01","modified_gmt":"2024-11-25T12:13:01","slug":"roge-cavailles-deo-absorb-antitraces-48","status":"publish","type":"product","link":"https:\/\/pararepublique.com\/index.php\/product\/roge-cavailles-deo-absorb-antitraces-48\/","title":{"rendered":"ROGE CAVAILLES DEO ABSORB ANTITRACES 48"},"content":{"rendered":"<div id=\"tab-description\" class=\"c-product__tabs-panel  woocommerce-Tabs-panel woocommerce-Tabs-panel--description panel entry-content wc-tab  current visible\" role=\"tabpanel\" aria-labelledby=\"tab-title-description\">\n<p>Ce produit est-il adapt\u00e9 \u00e0 votre peau<br \/>\nAdapt\u00e9 \u00e0 TOUTES les aisselles, m\u00eame les plus sensibles.<\/p>\n<p>Conseils d\u2019utilisation<br \/>\nCet Anti-Transpirant s\u2019utilise au quotidien sur des aisselles propres et s\u00e8ches. Pensez \u00e0 laisser s\u00e9cher quelques instants avant de vous habiller.<\/p>\n<p>Composition du produit<br \/>\nAqua, Aluminum Chlorohydrate, PPG-15 Stearyl Ether, Steareth-2, Parfum, Steareth-21, VP\/Hexadecene Copolymer, Triethyl Citrate, Glyceryl Oleate, Prunus Amygdalus Dulcis Oil, Tetrasodium Glutamate Diacetate, Tocopheryl Acetate, Talc.<\/p>\n<\/div>\n","protected":false},"excerpt":{"rendered":"<p>Cet anti-transpirant bille vous dispense un parfum frais et agr\u00e9able tout au long de la journ\u00e9e. Un alli\u00e9 bien-\u00eatre fiable et efficace pour un confort r\u00e9g\u00e9n\u00e9rant durable.<\/p>\n","protected":false},"featured_media":13885,"comment_status":"open","ping_status":"closed","template":"","meta":{"inline_featured_image":false,"_monsterinsights_skip_tracking":false,"_monsterinsights_sitenote_active":false,"_monsterinsights_sitenote_note":"","_monsterinsights_sitenote_category":0,"_joinchat":[]},"product_cat":[145],"product_tag":[],"class_list":{"0":"post-13884","1":"product","2":"type-product","3":"status-publish","4":"has-post-thumbnail","6":"product_cat-roges-cavalles","8":"first","9":"instock","10":"shipping-taxable","11":"purchasable","12":"product-type-simple","13":"add-to-wishlist-after_add_to_cart"},"aioseo_notices":[],"_links":{"self":[{"href":"https:\/\/pararepublique.com\/index.php\/wp-json\/wp\/v2\/product\/13884","targetHints":{"allow":["GET"]}}],"collection":[{"href":"https:\/\/pararepublique.com\/index.php\/wp-json\/wp\/v2\/product"}],"about":[{"href":"https:\/\/pararepublique.com\/index.php\/wp-json\/wp\/v2\/types\/product"}],"replies":[{"embeddable":true,"href":"https:\/\/pararepublique.com\/index.php\/wp-json\/wp\/v2\/comments?post=13884"}],"version-history":[{"count":1,"href":"https:\/\/pararepublique.com\/index.php\/wp-json\/wp\/v2\/product\/13884\/revisions"}],"predecessor-version":[{"id":13886,"href":"https:\/\/pararepublique.com\/index.php\/wp-json\/wp\/v2\/product\/13884\/revisions\/13886"}],"wp:featuredmedia":[{"embeddable":true,"href":"https:\/\/pararepublique.com\/index.php\/wp-json\/wp\/v2\/media\/13885"}],"wp:attachment":[{"href":"https:\/\/pararepublique.com\/index.php\/wp-json\/wp\/v2\/media?parent=13884"}],"wp:term":[{"taxonomy":"product_cat","embeddable":true,"href":"https:\/\/pararepublique.com\/index.php\/wp-json\/wp\/v2\/product_cat?post=13884"},{"taxonomy":"product_tag","embeddable":true,"href":"https:\/\/pararepublique.com\/index.php\/wp-json\/wp\/v2\/product_tag?post=13884"}],"curies":[{"name":"wp","href":"https:\/\/api.w.org\/{rel}","templated":true}]}}