{"id":13933,"date":"2024-11-26T12:50:52","date_gmt":"2024-11-26T12:50:52","guid":{"rendered":"https:\/\/pararepublique.com\/?post_type=product&#038;p=13933"},"modified":"2024-11-26T12:50:52","modified_gmt":"2024-11-26T12:50:52","slug":"roge-cavailles-savon-huileveloutant-115g","status":"publish","type":"product","link":"https:\/\/pararepublique.com\/index.php\/product\/roge-cavailles-savon-huileveloutant-115g\/","title":{"rendered":"ROGE CAVAILLES SAVON HUILEVELOUTANT 115G"},"content":{"rendered":"<div class=\"open materialize-collapsible bg-light\">\n<div class=\"materialize-collapsible-content-container bg-light\">\n<div class=\"materialize-collapsible-content\">\n<p>Le tout premier savon huide Visage &amp;amp; Corps offre une exp\u00e9rience sensorielle inoubliable ! Habill\u00e9 de sa robe ambr\u00e9e, il vous fera fondre de plaisir.<br \/>\nId\u00e9al pour les inconditionnels du savon qui r\u00eavent d\u2019une caresse velout\u00e9e, le Savon huile Veloutant nettoie d\u00e9licatement votre peau en l\u2019enveloppant d\u2019un voile de douceur parfum\u00e9.<br \/>\nAssociant\u00a0vertus nourissantes\u00a0de l\u2019huile d\u2019argan et de l\u2019huile d\u2019amande douce,\u00a0il prot\u00e8ge les peaux s\u00e8ches et sensibles en pr\u00e9servant leur hydratation.<br \/>\nSa formule\u00a0non grasse\u00a0fond sur votre peau en y d\u00e9posant des notes orientales et sucr\u00e9es.<br \/>\nSa texture voluptueuse vous invite \u00e0 une exp\u00e9rience sensorielle inoubliable.<\/p>\n<p>Le Savon Huile veloutant est sp\u00e9cifiquement formul\u00e9 pour nettoyer au quotidien les peaux sensibles et s\u00e8ches.<br \/>\nHabill\u00e9 d\u2019une robe ambr\u00e9e, c\u2019est un v\u00e9ritable \u201cbijou de peau\u201d \u00e0 d\u00e9couvrir !<\/p>\n<\/div>\n<\/div>\n<\/div>\n","protected":false},"excerpt":{"rendered":"<p>ROGE CAVAILLES<br \/>\nSavon huile veloutant<br \/>\nVisage et corps<br \/>\nHuiles d\u2019argan et amande<br \/>\nPeaux sensibles et s\u00e8ches<br \/>\n115g<\/p>\n","protected":false},"featured_media":13934,"comment_status":"open","ping_status":"closed","template":"","meta":{"inline_featured_image":false,"_monsterinsights_skip_tracking":false,"_monsterinsights_sitenote_active":false,"_monsterinsights_sitenote_note":"","_monsterinsights_sitenote_category":0,"_joinchat":[]},"product_cat":[145],"product_tag":[],"class_list":{"0":"post-13933","1":"product","2":"type-product","3":"status-publish","4":"has-post-thumbnail","6":"product_cat-roges-cavalles","8":"first","9":"instock","10":"shipping-taxable","11":"purchasable","12":"product-type-simple","13":"add-to-wishlist-after_add_to_cart"},"aioseo_notices":[],"_links":{"self":[{"href":"https:\/\/pararepublique.com\/index.php\/wp-json\/wp\/v2\/product\/13933","targetHints":{"allow":["GET"]}}],"collection":[{"href":"https:\/\/pararepublique.com\/index.php\/wp-json\/wp\/v2\/product"}],"about":[{"href":"https:\/\/pararepublique.com\/index.php\/wp-json\/wp\/v2\/types\/product"}],"replies":[{"embeddable":true,"href":"https:\/\/pararepublique.com\/index.php\/wp-json\/wp\/v2\/comments?post=13933"}],"version-history":[{"count":1,"href":"https:\/\/pararepublique.com\/index.php\/wp-json\/wp\/v2\/product\/13933\/revisions"}],"predecessor-version":[{"id":13935,"href":"https:\/\/pararepublique.com\/index.php\/wp-json\/wp\/v2\/product\/13933\/revisions\/13935"}],"wp:featuredmedia":[{"embeddable":true,"href":"https:\/\/pararepublique.com\/index.php\/wp-json\/wp\/v2\/media\/13934"}],"wp:attachment":[{"href":"https:\/\/pararepublique.com\/index.php\/wp-json\/wp\/v2\/media?parent=13933"}],"wp:term":[{"taxonomy":"product_cat","embeddable":true,"href":"https:\/\/pararepublique.com\/index.php\/wp-json\/wp\/v2\/product_cat?post=13933"},{"taxonomy":"product_tag","embeddable":true,"href":"https:\/\/pararepublique.com\/index.php\/wp-json\/wp\/v2\/product_tag?post=13933"}],"curies":[{"name":"wp","href":"https:\/\/api.w.org\/{rel}","templated":true}]}}