{"id":13963,"date":"2024-11-27T11:17:53","date_gmt":"2024-11-27T11:17:53","guid":{"rendered":"https:\/\/pararepublique.com\/?post_type=product&#038;p=13963"},"modified":"2024-11-27T11:17:54","modified_gmt":"2024-11-27T11:17:54","slug":"roge-cavailles-creme-mains-legeres","status":"publish","type":"product","link":"https:\/\/pararepublique.com\/index.php\/product\/roge-cavailles-creme-mains-legeres\/","title":{"rendered":"ROGE CAVAILLES CREME MAINS LEGERES"},"content":{"rendered":"<p>Parfaitement adapt\u00e9e aux <b>peaux sensibles<\/b> et <b>peaux s\u00e8ches<\/b>, cette cr\u00e8me regorge de bienfaits.<\/p>\n<p>Enrichie en <b>beurre d&rsquo;amande<\/b> et <b>extrait de rose<\/b>, elle procure une <b>hydratation<\/b> intense, rendant votre peau exceptionnellement <b>lisse<\/b>, <b>douce<\/b> et <b>souple<\/b>.<\/p>\n<p>Sa texture <b>onctueuse<\/b> et <b>non grasse<\/b> assure une absorption rapide, garantissant une efficacit\u00e9 imm\u00e9diate.<\/p>\n<p>Sa formule contient pr\u00e8s de <b>97% d&rsquo;actifs d&rsquo;origine naturelle<\/b>, pour une <b>hydratation<\/b> respectueuse de votre peau.<\/p>\n<p>Enfin, gr\u00e2ce \u00e0 son format pratique, cette <b>cr\u00e8me mains<\/b> vous accompagnera partout o\u00f9 vous irez, pour une peau <b>hydrat\u00e9e<\/b> et <b>prot\u00e9g\u00e9e<\/b> en toutes circonstances !<\/p>\n","protected":false},"excerpt":{"rendered":"<p>D\u00e9couvrez la <b>Cr\u00e8me Mains Douceur Nutrissance<\/b> sign\u00e9e <b>ROGE CAVAILLES<\/b>, sp\u00e9cialement formul\u00e9e pour <b>hydrater en douceur<\/b> vos mains.<\/p>\n","protected":false},"featured_media":13964,"comment_status":"open","ping_status":"closed","template":"","meta":{"inline_featured_image":false,"_monsterinsights_skip_tracking":false,"_monsterinsights_sitenote_active":false,"_monsterinsights_sitenote_note":"","_monsterinsights_sitenote_category":0,"_joinchat":[]},"product_cat":[145],"product_tag":[],"class_list":{"0":"post-13963","1":"product","2":"type-product","3":"status-publish","4":"has-post-thumbnail","6":"product_cat-roges-cavalles","8":"first","9":"instock","10":"shipping-taxable","11":"purchasable","12":"product-type-simple","13":"add-to-wishlist-after_add_to_cart"},"aioseo_notices":[],"_links":{"self":[{"href":"https:\/\/pararepublique.com\/index.php\/wp-json\/wp\/v2\/product\/13963","targetHints":{"allow":["GET"]}}],"collection":[{"href":"https:\/\/pararepublique.com\/index.php\/wp-json\/wp\/v2\/product"}],"about":[{"href":"https:\/\/pararepublique.com\/index.php\/wp-json\/wp\/v2\/types\/product"}],"replies":[{"embeddable":true,"href":"https:\/\/pararepublique.com\/index.php\/wp-json\/wp\/v2\/comments?post=13963"}],"version-history":[{"count":1,"href":"https:\/\/pararepublique.com\/index.php\/wp-json\/wp\/v2\/product\/13963\/revisions"}],"predecessor-version":[{"id":13965,"href":"https:\/\/pararepublique.com\/index.php\/wp-json\/wp\/v2\/product\/13963\/revisions\/13965"}],"wp:featuredmedia":[{"embeddable":true,"href":"https:\/\/pararepublique.com\/index.php\/wp-json\/wp\/v2\/media\/13964"}],"wp:attachment":[{"href":"https:\/\/pararepublique.com\/index.php\/wp-json\/wp\/v2\/media?parent=13963"}],"wp:term":[{"taxonomy":"product_cat","embeddable":true,"href":"https:\/\/pararepublique.com\/index.php\/wp-json\/wp\/v2\/product_cat?post=13963"},{"taxonomy":"product_tag","embeddable":true,"href":"https:\/\/pararepublique.com\/index.php\/wp-json\/wp\/v2\/product_tag?post=13963"}],"curies":[{"name":"wp","href":"https:\/\/api.w.org\/{rel}","templated":true}]}}