{"id":13966,"date":"2024-11-27T11:22:22","date_gmt":"2024-11-27T11:22:22","guid":{"rendered":"https:\/\/pararepublique.com\/?post_type=product&#038;p=13966"},"modified":"2024-11-27T11:22:22","modified_gmt":"2024-11-27T11:22:22","slug":"roge-cavailles-creme-mains-riches","status":"publish","type":"product","link":"https:\/\/pararepublique.com\/index.php\/product\/roge-cavailles-creme-mains-riches\/","title":{"rendered":"ROGE CAVAILLES CREME MAINS RICHES"},"content":{"rendered":"<p>Rog\u00e9 Cavaill\u00e8s Les Mains Cr\u00e8me Riche 50 ml est une cr\u00e8me r\u00e9paratrice pour les ongles et les mains tr\u00e8s s\u00e8ches enrichie en surgras v\u00e9g\u00e9tal pro-r\u00e9g\u00e9n\u00e9rant et en beurre de karit\u00e9 Bio. Sa formule nourrit en profondeur et aide \u00e0 pr\u00e9server le processus naturel de r\u00e9g\u00e9n\u00e9ration de la peau. Sa texture fondante et son parfum r\u00e9confortant offre un moment de bien-\u00eatre.<\/p>\n","protected":false},"excerpt":{"rendered":"<p>Appliquer sur les mains aussi souvent que n\u00e9cessaire.<\/p>\n","protected":false},"featured_media":13967,"comment_status":"open","ping_status":"closed","template":"","meta":{"inline_featured_image":false,"_monsterinsights_skip_tracking":false,"_monsterinsights_sitenote_active":false,"_monsterinsights_sitenote_note":"","_monsterinsights_sitenote_category":0,"_joinchat":[]},"product_cat":[145],"product_tag":[],"class_list":{"0":"post-13966","1":"product","2":"type-product","3":"status-publish","4":"has-post-thumbnail","6":"product_cat-roges-cavalles","8":"first","9":"instock","10":"shipping-taxable","11":"purchasable","12":"product-type-simple","13":"add-to-wishlist-after_add_to_cart"},"aioseo_notices":[],"_links":{"self":[{"href":"https:\/\/pararepublique.com\/index.php\/wp-json\/wp\/v2\/product\/13966","targetHints":{"allow":["GET"]}}],"collection":[{"href":"https:\/\/pararepublique.com\/index.php\/wp-json\/wp\/v2\/product"}],"about":[{"href":"https:\/\/pararepublique.com\/index.php\/wp-json\/wp\/v2\/types\/product"}],"replies":[{"embeddable":true,"href":"https:\/\/pararepublique.com\/index.php\/wp-json\/wp\/v2\/comments?post=13966"}],"version-history":[{"count":1,"href":"https:\/\/pararepublique.com\/index.php\/wp-json\/wp\/v2\/product\/13966\/revisions"}],"predecessor-version":[{"id":13968,"href":"https:\/\/pararepublique.com\/index.php\/wp-json\/wp\/v2\/product\/13966\/revisions\/13968"}],"wp:featuredmedia":[{"embeddable":true,"href":"https:\/\/pararepublique.com\/index.php\/wp-json\/wp\/v2\/media\/13967"}],"wp:attachment":[{"href":"https:\/\/pararepublique.com\/index.php\/wp-json\/wp\/v2\/media?parent=13966"}],"wp:term":[{"taxonomy":"product_cat","embeddable":true,"href":"https:\/\/pararepublique.com\/index.php\/wp-json\/wp\/v2\/product_cat?post=13966"},{"taxonomy":"product_tag","embeddable":true,"href":"https:\/\/pararepublique.com\/index.php\/wp-json\/wp\/v2\/product_tag?post=13966"}],"curies":[{"name":"wp","href":"https:\/\/api.w.org\/{rel}","templated":true}]}}