{"id":13985,"date":"2024-11-27T11:53:23","date_gmt":"2024-11-27T11:53:23","guid":{"rendered":"https:\/\/pararepublique.com\/?post_type=product&#038;p=13985"},"modified":"2024-11-27T11:53:24","modified_gmt":"2024-11-27T11:53:24","slug":"roge-cavailles-deo-entense-lp-roll-on","status":"publish","type":"product","link":"https:\/\/pararepublique.com\/index.php\/product\/roge-cavailles-deo-entense-lp-roll-on\/","title":{"rendered":"ROGE CAVAILLES DEO ENTENSE LP ROLL ON"},"content":{"rendered":"<p>Avec sa <b>technologie innovante<\/b>, il diffuse en continu ses actifs pour r\u00e9guler la transpiration et offrir une aide pr\u00e9cieuse contre l&rsquo;<b>hypersudation<\/b>. Ce soin procure une sensation de bien-\u00eatre gr\u00e2ce \u00e0 son <b>parfum durable<\/b> aux notes florales de jasmine et de lilas.<\/p>\n<p>Il est test\u00e9 dermatologiquement pour garantir sa s\u00e9curit\u00e9.<\/p>\n","protected":false},"excerpt":{"rendered":"<p>Le <b>d\u00e9odorant Rog\u00e9 Cavaill\u00e8s Anti-Transpirant Intense-LP Roll-On 50 ml<\/b> est con\u00e7u pour \u00eatre adapt\u00e9 \u00e0 toutes les aisselles, m\u00eame les plus d\u00e9licates.<\/p>\n<p>&nbsp;<\/p>\n","protected":false},"featured_media":13986,"comment_status":"open","ping_status":"closed","template":"","meta":{"inline_featured_image":false,"_monsterinsights_skip_tracking":false,"_monsterinsights_sitenote_active":false,"_monsterinsights_sitenote_note":"","_monsterinsights_sitenote_category":0,"_joinchat":[]},"product_cat":[145],"product_tag":[],"class_list":{"0":"post-13985","1":"product","2":"type-product","3":"status-publish","4":"has-post-thumbnail","6":"product_cat-roges-cavalles","8":"first","9":"instock","10":"shipping-taxable","11":"purchasable","12":"product-type-simple","13":"add-to-wishlist-after_add_to_cart"},"aioseo_notices":[],"_links":{"self":[{"href":"https:\/\/pararepublique.com\/index.php\/wp-json\/wp\/v2\/product\/13985","targetHints":{"allow":["GET"]}}],"collection":[{"href":"https:\/\/pararepublique.com\/index.php\/wp-json\/wp\/v2\/product"}],"about":[{"href":"https:\/\/pararepublique.com\/index.php\/wp-json\/wp\/v2\/types\/product"}],"replies":[{"embeddable":true,"href":"https:\/\/pararepublique.com\/index.php\/wp-json\/wp\/v2\/comments?post=13985"}],"version-history":[{"count":1,"href":"https:\/\/pararepublique.com\/index.php\/wp-json\/wp\/v2\/product\/13985\/revisions"}],"predecessor-version":[{"id":13987,"href":"https:\/\/pararepublique.com\/index.php\/wp-json\/wp\/v2\/product\/13985\/revisions\/13987"}],"wp:featuredmedia":[{"embeddable":true,"href":"https:\/\/pararepublique.com\/index.php\/wp-json\/wp\/v2\/media\/13986"}],"wp:attachment":[{"href":"https:\/\/pararepublique.com\/index.php\/wp-json\/wp\/v2\/media?parent=13985"}],"wp:term":[{"taxonomy":"product_cat","embeddable":true,"href":"https:\/\/pararepublique.com\/index.php\/wp-json\/wp\/v2\/product_cat?post=13985"},{"taxonomy":"product_tag","embeddable":true,"href":"https:\/\/pararepublique.com\/index.php\/wp-json\/wp\/v2\/product_tag?post=13985"}],"curies":[{"name":"wp","href":"https:\/\/api.w.org\/{rel}","templated":true}]}}