{"id":14060,"date":"2024-11-27T14:52:06","date_gmt":"2024-11-27T14:52:06","guid":{"rendered":"https:\/\/pararepublique.com\/?post_type=product&#038;p=14060"},"modified":"2026-03-09T15:47:19","modified_gmt":"2026-03-09T15:47:19","slug":"yafa-beauty-masque-hydrogel150g","status":"publish","type":"product","link":"https:\/\/pararepublique.com\/index.php\/product\/yafa-beauty-masque-hydrogel150g\/","title":{"rendered":"YAFA BEAUTY MASQUE HYDROGEL150G"},"content":{"rendered":"<p>Mode d\u2019emploi :<br \/>\nA appliquer 1 fois par semaine , id\u00e9alement apr\u00e8s votre gommage visage yafabeauty , laisser poser 20 \u00e0 30 min pour une bonne p\u00e9n\u00e9tration.<br \/>\nRincer le visage \u00e0 l\u2019eau claire . Appliquer ensuite votre cr\u00e8me visage.<\/p>\n<p>Convient \u00e0 tous les types de peaux non comedogene , non irritant.<\/p>\n<p>Composition : Eau, glycerine, polyglyceryl 10 stearate, pineapple fruit extract, citrus fruit extract , xanthan gum, panthenol, caprylic capric triglyc\u00e9ride, hippophae oil(huile dargousier, aloe barbadensis extract (aloe vera), propylene glycol, arbutin, phenoxyethanol, tocopherol (vitamin E)<\/p>\n","protected":false},"excerpt":{"rendered":"<p>Notre masque \u00e0 la texture g\u00e9lifi\u00e9e, est une explosion d\u2019hydratation sur la peau du visage. D\u00e8s son application votre peau est ressourc\u00e9e , retrouve toute sa fra\u00eecheur , son \u00e9clat et son \u00e9lasticit\u00e9.<br \/>\nAu fil des utilisations elle sera illumin\u00e9e , repulp\u00e9e, hydrat\u00e9e , apais\u00e9e, unifi\u00e9e et matifi\u00e9e.<\/p>\n","protected":false},"featured_media":14061,"comment_status":"open","ping_status":"closed","template":"","meta":{"inline_featured_image":false,"_monsterinsights_skip_tracking":false,"_monsterinsights_sitenote_active":false,"_monsterinsights_sitenote_note":"","_monsterinsights_sitenote_category":0,"_joinchat":[]},"product_cat":[134],"product_tag":[],"class_list":{"0":"post-14060","1":"product","2":"type-product","3":"status-publish","4":"has-post-thumbnail","6":"product_cat-yafa-beauty","8":"first","9":"instock","10":"featured","11":"shipping-taxable","12":"purchasable","13":"product-type-simple","14":"add-to-wishlist-after_add_to_cart"},"aioseo_notices":[],"_links":{"self":[{"href":"https:\/\/pararepublique.com\/index.php\/wp-json\/wp\/v2\/product\/14060","targetHints":{"allow":["GET"]}}],"collection":[{"href":"https:\/\/pararepublique.com\/index.php\/wp-json\/wp\/v2\/product"}],"about":[{"href":"https:\/\/pararepublique.com\/index.php\/wp-json\/wp\/v2\/types\/product"}],"replies":[{"embeddable":true,"href":"https:\/\/pararepublique.com\/index.php\/wp-json\/wp\/v2\/comments?post=14060"}],"version-history":[{"count":1,"href":"https:\/\/pararepublique.com\/index.php\/wp-json\/wp\/v2\/product\/14060\/revisions"}],"predecessor-version":[{"id":14062,"href":"https:\/\/pararepublique.com\/index.php\/wp-json\/wp\/v2\/product\/14060\/revisions\/14062"}],"wp:featuredmedia":[{"embeddable":true,"href":"https:\/\/pararepublique.com\/index.php\/wp-json\/wp\/v2\/media\/14061"}],"wp:attachment":[{"href":"https:\/\/pararepublique.com\/index.php\/wp-json\/wp\/v2\/media?parent=14060"}],"wp:term":[{"taxonomy":"product_cat","embeddable":true,"href":"https:\/\/pararepublique.com\/index.php\/wp-json\/wp\/v2\/product_cat?post=14060"},{"taxonomy":"product_tag","embeddable":true,"href":"https:\/\/pararepublique.com\/index.php\/wp-json\/wp\/v2\/product_tag?post=14060"}],"curies":[{"name":"wp","href":"https:\/\/api.w.org\/{rel}","templated":true}]}}