{"id":14174,"date":"2024-12-02T11:47:49","date_gmt":"2024-12-02T11:47:49","guid":{"rendered":"https:\/\/pararepublique.com\/?post_type=product&#038;p=14174"},"modified":"2024-12-02T11:47:50","modified_gmt":"2024-12-02T11:47:50","slug":"chicco-bib-omverre-240ml","status":"publish","type":"product","link":"https:\/\/pararepublique.com\/index.php\/product\/chicco-bib-omverre-240ml\/","title":{"rendered":"CHICCO BIB OM+VERRE 240ML"},"content":{"rendered":"<ul>\n<li>Id\u00e9al pour l\u2019allaitement mixte. Ce biberon rend l\u2019allaitement plus naturel, pour b\u00e9b\u00e9 et pour vous.<\/li>\n<li>Les alv\u00e9oles de confort uniques de la t\u00e9tine permettent au b\u00e9b\u00e9 de t\u00e9ter comme au sein, ce qui facilite l\u2019alternance sein.<\/li>\n<\/ul>\n","protected":false},"excerpt":{"rendered":"<p>Id\u00e9al pour l\u2019allaitement mixte. Ce biberon rend l\u2019allaitement plus naturel, pour b\u00e9b\u00e9 et pour vous.<\/p>\n","protected":false},"featured_media":14175,"comment_status":"open","ping_status":"closed","template":"","meta":{"inline_featured_image":false,"_monsterinsights_skip_tracking":false,"_monsterinsights_sitenote_active":false,"_monsterinsights_sitenote_note":"","_monsterinsights_sitenote_category":0,"_joinchat":[]},"product_cat":[151],"product_tag":[],"class_list":{"0":"post-14174","1":"product","2":"type-product","3":"status-publish","4":"has-post-thumbnail","6":"product_cat-chicco","8":"first","9":"instock","10":"shipping-taxable","11":"purchasable","12":"product-type-simple","13":"add-to-wishlist-after_add_to_cart"},"aioseo_notices":[],"_links":{"self":[{"href":"https:\/\/pararepublique.com\/index.php\/wp-json\/wp\/v2\/product\/14174","targetHints":{"allow":["GET"]}}],"collection":[{"href":"https:\/\/pararepublique.com\/index.php\/wp-json\/wp\/v2\/product"}],"about":[{"href":"https:\/\/pararepublique.com\/index.php\/wp-json\/wp\/v2\/types\/product"}],"replies":[{"embeddable":true,"href":"https:\/\/pararepublique.com\/index.php\/wp-json\/wp\/v2\/comments?post=14174"}],"version-history":[{"count":1,"href":"https:\/\/pararepublique.com\/index.php\/wp-json\/wp\/v2\/product\/14174\/revisions"}],"predecessor-version":[{"id":14176,"href":"https:\/\/pararepublique.com\/index.php\/wp-json\/wp\/v2\/product\/14174\/revisions\/14176"}],"wp:featuredmedia":[{"embeddable":true,"href":"https:\/\/pararepublique.com\/index.php\/wp-json\/wp\/v2\/media\/14175"}],"wp:attachment":[{"href":"https:\/\/pararepublique.com\/index.php\/wp-json\/wp\/v2\/media?parent=14174"}],"wp:term":[{"taxonomy":"product_cat","embeddable":true,"href":"https:\/\/pararepublique.com\/index.php\/wp-json\/wp\/v2\/product_cat?post=14174"},{"taxonomy":"product_tag","embeddable":true,"href":"https:\/\/pararepublique.com\/index.php\/wp-json\/wp\/v2\/product_tag?post=14174"}],"curies":[{"name":"wp","href":"https:\/\/api.w.org\/{rel}","templated":true}]}}