{"id":14206,"date":"2024-12-02T12:34:08","date_gmt":"2024-12-02T12:34:08","guid":{"rendered":"https:\/\/pararepublique.com\/?post_type=product&#038;p=14206"},"modified":"2024-12-02T12:34:08","modified_gmt":"2024-12-02T12:34:08","slug":"chicco-bib-nature-glass-om-150ml","status":"publish","type":"product","link":"https:\/\/pararepublique.com\/index.php\/product\/chicco-bib-nature-glass-om-150ml\/","title":{"rendered":"CHICCO BIB NATURE GLASS OM+ 150ML"},"content":{"rendered":"<p>La particularit\u00e9 du biberon bien-\u00eatre est la t\u00e9tine physiologique, qui permet de simuler efficacement la physiologie du sein maternel. La gamme Nature Glass se distingue par son emballage \u00e9cologique, inspir\u00e9 des valeurs de la nature. Anneaux nervur\u00e9s\u00a0: donnent \u00e0 la t\u00e9tine une \u00e9lasticit\u00e9 et une texture correctes, la rendant similaire \u00e0 la t\u00e9tine. Grande base\u00a0: assure un soutien maximal aux l\u00e8vres de b\u00e9b\u00e9 et aide \u00e0 sucer. Longueur correcte\u00a0: Semblable au mamelon, la t\u00e9tine s&rsquo;\u00e9tire jusqu&rsquo;\u00e0 deux fois sa longueur pendant la succion. Valve colique\u00a0: \u00e9vite la d\u00e9glutition d&rsquo;air et aide \u00e0 r\u00e9duire les coliques, le hoquet et les r\u00e9gurgitations<\/p>\n","protected":false},"excerpt":{"rendered":"<p>La particularit\u00e9 du biberon bien-\u00eatre est la t\u00e9tine physiologique, qui permet de simuler efficacement la physiologie du sein maternel.<\/p>\n","protected":false},"featured_media":14207,"comment_status":"open","ping_status":"closed","template":"","meta":{"inline_featured_image":false,"_monsterinsights_skip_tracking":false,"_monsterinsights_sitenote_active":false,"_monsterinsights_sitenote_note":"","_monsterinsights_sitenote_category":0,"_joinchat":[]},"product_cat":[151],"product_tag":[],"class_list":{"0":"post-14206","1":"product","2":"type-product","3":"status-publish","4":"has-post-thumbnail","6":"product_cat-chicco","8":"first","9":"instock","10":"shipping-taxable","11":"purchasable","12":"product-type-simple","13":"add-to-wishlist-after_add_to_cart"},"aioseo_notices":[],"_links":{"self":[{"href":"https:\/\/pararepublique.com\/index.php\/wp-json\/wp\/v2\/product\/14206","targetHints":{"allow":["GET"]}}],"collection":[{"href":"https:\/\/pararepublique.com\/index.php\/wp-json\/wp\/v2\/product"}],"about":[{"href":"https:\/\/pararepublique.com\/index.php\/wp-json\/wp\/v2\/types\/product"}],"replies":[{"embeddable":true,"href":"https:\/\/pararepublique.com\/index.php\/wp-json\/wp\/v2\/comments?post=14206"}],"version-history":[{"count":1,"href":"https:\/\/pararepublique.com\/index.php\/wp-json\/wp\/v2\/product\/14206\/revisions"}],"predecessor-version":[{"id":14208,"href":"https:\/\/pararepublique.com\/index.php\/wp-json\/wp\/v2\/product\/14206\/revisions\/14208"}],"wp:featuredmedia":[{"embeddable":true,"href":"https:\/\/pararepublique.com\/index.php\/wp-json\/wp\/v2\/media\/14207"}],"wp:attachment":[{"href":"https:\/\/pararepublique.com\/index.php\/wp-json\/wp\/v2\/media?parent=14206"}],"wp:term":[{"taxonomy":"product_cat","embeddable":true,"href":"https:\/\/pararepublique.com\/index.php\/wp-json\/wp\/v2\/product_cat?post=14206"},{"taxonomy":"product_tag","embeddable":true,"href":"https:\/\/pararepublique.com\/index.php\/wp-json\/wp\/v2\/product_tag?post=14206"}],"curies":[{"name":"wp","href":"https:\/\/api.w.org\/{rel}","templated":true}]}}