{"id":14223,"date":"2024-12-04T11:22:31","date_gmt":"2024-12-04T11:22:31","guid":{"rendered":"https:\/\/pararepublique.com\/?post_type=product&#038;p=14223"},"modified":"2024-12-04T11:22:31","modified_gmt":"2024-12-04T11:22:31","slug":"chicco-bib-perfect-sil-300ml-rose","status":"publish","type":"product","link":"https:\/\/pararepublique.com\/index.php\/product\/chicco-bib-perfect-sil-300ml-rose\/","title":{"rendered":"CHICCO BIB PERFECT SIL 300ML ROSE"},"content":{"rendered":"<p>PERFECT 5 est le biberon Chicco qui s&rsquo;adapte naturellement aux besoins de b\u00e9b\u00e9. Une r\u00e9volution dans le monde anti-colique qui, gr\u00e2ce \u00e0 la combinaison de la t\u00e9tine exclusive Physio et de l&rsquo;innovante Membrane Equilibrium, soutient le rythme et l&rsquo;intensit\u00e9 physiologiques du b\u00e9b\u00e9, en aidant \u00e0 pr\u00e9venir l&rsquo;ingestion d&rsquo;air. Le biberon biofonctionnel Chicco PERFECT 5 permet une t\u00e9t\u00e9e r\u00e9guli\u00e8re et constante assurant au b\u00e9b\u00e9 une sensation totalement naturelle, gr\u00e2ce \u00e0 la t\u00e9tine en silicone souple avec finition Soft Sense et \u00e0 la flexibilit\u00e9 de la valve Equilibrium Membrane qui avec des micro-mouvements s&rsquo;adapte \u00e0 l&rsquo;intensit\u00e9 de la succion du b\u00e9b\u00e9 .<\/p>\n<p><strong>Que signifie Biofonctionnel ?<\/strong><\/p>\n<p>PERFECT 5 d\u00e9tecte les besoins de chaque enfant, s&rsquo;adaptant imm\u00e9diatement et continuellement \u00e0 son rythme de succion physiologique, offrant un effet anti-colique prouv\u00e9 et assurant un bien-\u00eatre maximal pendant et apr\u00e8s la t\u00e9t\u00e9e.<\/p>\n<p><strong>Pourquoi est-ce si innovant ?<\/strong><\/p>\n<p>PERFECT 5 est le seul biberon dot\u00e9 du syst\u00e8me innovant intui-flow\u2122 : l&rsquo;action combin\u00e9e exclusive de la t\u00e9tine Physio et de la Membrane Equilibrium, qui favorise un allaitement physiologique et intuitif, soutient naturellement le rythme et l&rsquo;intensit\u00e9 de la succion de chaque enfant, qui sont unique et variable.<\/p>\n<p><strong>La membrane d&rsquo;\u00e9quilibre<\/strong><\/p>\n<p>La Membrane Equilibrium \u00e0 la base du biberon permet \u00e0 l&rsquo;air de p\u00e9n\u00e9trer dans le biberon, sans se m\u00e9langer au lait, \u00e9vitant ainsi toute d\u00e9pression pour une t\u00e9t\u00e9e r\u00e9guli\u00e8re, sans interruption.<\/p>\n<p>&nbsp;<\/p>\n","protected":false},"excerpt":{"rendered":"<p>C&rsquo;est une valve anti-coliques flexible et dynamique qui apporte une r\u00e9ponse personnalis\u00e9e aux diff\u00e9rentes intensit\u00e9s de succion gr\u00e2ce \u00e0 ses micro-mouvements, adaptant constamment la quantit\u00e9 d&rsquo;air entrant dans le biberon en fonction de l&rsquo;intensit\u00e9 de succion de b\u00e9b\u00e9.<\/p>\n","protected":false},"featured_media":14224,"comment_status":"open","ping_status":"closed","template":"","meta":{"inline_featured_image":false,"_monsterinsights_skip_tracking":false,"_monsterinsights_sitenote_active":false,"_monsterinsights_sitenote_note":"","_monsterinsights_sitenote_category":0,"_joinchat":[]},"product_cat":[151],"product_tag":[],"class_list":{"0":"post-14223","1":"product","2":"type-product","3":"status-publish","4":"has-post-thumbnail","6":"product_cat-chicco","8":"first","9":"instock","10":"shipping-taxable","11":"purchasable","12":"product-type-simple","13":"add-to-wishlist-after_add_to_cart"},"aioseo_notices":[],"_links":{"self":[{"href":"https:\/\/pararepublique.com\/index.php\/wp-json\/wp\/v2\/product\/14223","targetHints":{"allow":["GET"]}}],"collection":[{"href":"https:\/\/pararepublique.com\/index.php\/wp-json\/wp\/v2\/product"}],"about":[{"href":"https:\/\/pararepublique.com\/index.php\/wp-json\/wp\/v2\/types\/product"}],"replies":[{"embeddable":true,"href":"https:\/\/pararepublique.com\/index.php\/wp-json\/wp\/v2\/comments?post=14223"}],"version-history":[{"count":2,"href":"https:\/\/pararepublique.com\/index.php\/wp-json\/wp\/v2\/product\/14223\/revisions"}],"predecessor-version":[{"id":14226,"href":"https:\/\/pararepublique.com\/index.php\/wp-json\/wp\/v2\/product\/14223\/revisions\/14226"}],"wp:featuredmedia":[{"embeddable":true,"href":"https:\/\/pararepublique.com\/index.php\/wp-json\/wp\/v2\/media\/14224"}],"wp:attachment":[{"href":"https:\/\/pararepublique.com\/index.php\/wp-json\/wp\/v2\/media?parent=14223"}],"wp:term":[{"taxonomy":"product_cat","embeddable":true,"href":"https:\/\/pararepublique.com\/index.php\/wp-json\/wp\/v2\/product_cat?post=14223"},{"taxonomy":"product_tag","embeddable":true,"href":"https:\/\/pararepublique.com\/index.php\/wp-json\/wp\/v2\/product_tag?post=14223"}],"curies":[{"name":"wp","href":"https:\/\/api.w.org\/{rel}","templated":true}]}}