{"id":14240,"date":"2024-12-04T11:50:54","date_gmt":"2024-12-04T11:50:54","guid":{"rendered":"https:\/\/pararepublique.com\/?post_type=product&#038;p=14240"},"modified":"2024-12-04T11:50:54","modified_gmt":"2024-12-04T11:50:54","slug":"chicco-bib-plast-latex-vert-250ml","status":"publish","type":"product","link":"https:\/\/pararepublique.com\/index.php\/product\/chicco-bib-plast-latex-vert-250ml\/","title":{"rendered":"CHICCO BIB PLAST LATEX VERT 250ML"},"content":{"rendered":"<ul class=\"a-unordered-list a-vertical a-spacing-mini\">\n<li class=\"a-spacing-mini\"><span class=\"a-list-item\"> Effet anti-colique prouv\u00e9 : la valve anti-colique est con\u00e7ue pour pr\u00e9venir l&rsquo;ingestion d&rsquo;air, contribuant \u00e0 r\u00e9duire l&rsquo;irritabilit\u00e9, les r\u00e9gurgitations et les coliques apr\u00e8s la t\u00e9t\u00e9e <\/span><\/li>\n<li class=\"a-spacing-mini\"><span class=\"a-list-item\"> La base large accueille confortablement les l\u00e8vres de b\u00e9b\u00e9 en facilitant la succion <\/span><\/li>\n<li class=\"a-spacing-mini\"><span class=\"a-list-item\"> Les anneaux en relief en raison de leur rugosit\u00e9 offrent une sensation naturelle <\/span><\/li>\n<\/ul>\n","protected":false},"excerpt":{"rendered":"<p><span class=\"a-list-item\">Caoutchouc : r\u00e9sistant, doux et \u00e9lastique pour une sensation confortable lors de la succion <\/span><\/p>\n","protected":false},"featured_media":14241,"comment_status":"open","ping_status":"closed","template":"","meta":{"inline_featured_image":false,"_monsterinsights_skip_tracking":false,"_monsterinsights_sitenote_active":false,"_monsterinsights_sitenote_note":"","_monsterinsights_sitenote_category":0,"_joinchat":[]},"product_cat":[151],"product_tag":[],"class_list":{"0":"post-14240","1":"product","2":"type-product","3":"status-publish","4":"has-post-thumbnail","6":"product_cat-chicco","8":"first","9":"instock","10":"shipping-taxable","11":"purchasable","12":"product-type-simple","13":"add-to-wishlist-after_add_to_cart"},"aioseo_notices":[],"_links":{"self":[{"href":"https:\/\/pararepublique.com\/index.php\/wp-json\/wp\/v2\/product\/14240","targetHints":{"allow":["GET"]}}],"collection":[{"href":"https:\/\/pararepublique.com\/index.php\/wp-json\/wp\/v2\/product"}],"about":[{"href":"https:\/\/pararepublique.com\/index.php\/wp-json\/wp\/v2\/types\/product"}],"replies":[{"embeddable":true,"href":"https:\/\/pararepublique.com\/index.php\/wp-json\/wp\/v2\/comments?post=14240"}],"version-history":[{"count":2,"href":"https:\/\/pararepublique.com\/index.php\/wp-json\/wp\/v2\/product\/14240\/revisions"}],"predecessor-version":[{"id":14243,"href":"https:\/\/pararepublique.com\/index.php\/wp-json\/wp\/v2\/product\/14240\/revisions\/14243"}],"wp:featuredmedia":[{"embeddable":true,"href":"https:\/\/pararepublique.com\/index.php\/wp-json\/wp\/v2\/media\/14241"}],"wp:attachment":[{"href":"https:\/\/pararepublique.com\/index.php\/wp-json\/wp\/v2\/media?parent=14240"}],"wp:term":[{"taxonomy":"product_cat","embeddable":true,"href":"https:\/\/pararepublique.com\/index.php\/wp-json\/wp\/v2\/product_cat?post=14240"},{"taxonomy":"product_tag","embeddable":true,"href":"https:\/\/pararepublique.com\/index.php\/wp-json\/wp\/v2\/product_tag?post=14240"}],"curies":[{"name":"wp","href":"https:\/\/api.w.org\/{rel}","templated":true}]}}