{"id":14253,"date":"2024-12-04T15:10:57","date_gmt":"2024-12-04T15:10:57","guid":{"rendered":"https:\/\/pararepublique.com\/?post_type=product&#038;p=14253"},"modified":"2024-12-04T15:10:57","modified_gmt":"2024-12-04T15:10:57","slug":"chicco-bib-plast-silic-rose-240ml-4m","status":"publish","type":"product","link":"https:\/\/pararepublique.com\/index.php\/product\/chicco-bib-plast-silic-rose-240ml-4m\/","title":{"rendered":"CHICCO BIB PLAST SILIC ROSE 240ML 4M+"},"content":{"rendered":"","protected":false},"excerpt":{"rendered":"<p>Le biberon plastique 240 ML en silicone CHICCO a \u00e9t\u00e9 con\u00e7u pour d\u00e9velopper l&rsquo;autonomie chez l&rsquo;enfant gr\u00e2ce a la bouteille de forme ergonomique avec une double poign\u00e9e int\u00e9gr\u00e9e , il est dot\u00e9 d&rsquo;une t\u00e9tine physiologique en silicone avec valve anti-colique<\/p>\n","protected":false},"featured_media":14254,"comment_status":"open","ping_status":"closed","template":"","meta":{"inline_featured_image":false,"_monsterinsights_skip_tracking":false,"_monsterinsights_sitenote_active":false,"_monsterinsights_sitenote_note":"","_monsterinsights_sitenote_category":0,"_joinchat":[]},"product_cat":[151],"product_tag":[],"class_list":{"0":"post-14253","1":"product","2":"type-product","3":"status-publish","4":"has-post-thumbnail","6":"product_cat-chicco","8":"first","9":"instock","10":"shipping-taxable","11":"purchasable","12":"product-type-simple","13":"add-to-wishlist-after_add_to_cart"},"aioseo_notices":[],"_links":{"self":[{"href":"https:\/\/pararepublique.com\/index.php\/wp-json\/wp\/v2\/product\/14253","targetHints":{"allow":["GET"]}}],"collection":[{"href":"https:\/\/pararepublique.com\/index.php\/wp-json\/wp\/v2\/product"}],"about":[{"href":"https:\/\/pararepublique.com\/index.php\/wp-json\/wp\/v2\/types\/product"}],"replies":[{"embeddable":true,"href":"https:\/\/pararepublique.com\/index.php\/wp-json\/wp\/v2\/comments?post=14253"}],"version-history":[{"count":1,"href":"https:\/\/pararepublique.com\/index.php\/wp-json\/wp\/v2\/product\/14253\/revisions"}],"predecessor-version":[{"id":14255,"href":"https:\/\/pararepublique.com\/index.php\/wp-json\/wp\/v2\/product\/14253\/revisions\/14255"}],"wp:featuredmedia":[{"embeddable":true,"href":"https:\/\/pararepublique.com\/index.php\/wp-json\/wp\/v2\/media\/14254"}],"wp:attachment":[{"href":"https:\/\/pararepublique.com\/index.php\/wp-json\/wp\/v2\/media?parent=14253"}],"wp:term":[{"taxonomy":"product_cat","embeddable":true,"href":"https:\/\/pararepublique.com\/index.php\/wp-json\/wp\/v2\/product_cat?post=14253"},{"taxonomy":"product_tag","embeddable":true,"href":"https:\/\/pararepublique.com\/index.php\/wp-json\/wp\/v2\/product_tag?post=14253"}],"curies":[{"name":"wp","href":"https:\/\/api.w.org\/{rel}","templated":true}]}}