{"id":14335,"date":"2024-12-10T12:21:14","date_gmt":"2024-12-10T12:21:14","guid":{"rendered":"https:\/\/pararepublique.com\/?post_type=product&#038;p=14335"},"modified":"2024-12-10T12:21:14","modified_gmt":"2024-12-10T12:21:14","slug":"chicco-ciseaux-nouveau-ne-bleu-om","status":"publish","type":"product","link":"https:\/\/pararepublique.com\/index.php\/product\/chicco-ciseaux-nouveau-ne-bleu-om\/","title":{"rendered":"CHICCO CISEAUX NOUVEAU NE BLEU OM+"},"content":{"rendered":"<p>Disponible en 3 couleurs : Bleu, Rose, Orange<\/p>\n","protected":false},"excerpt":{"rendered":"<p>Ciseaux \u00e0 ongles en acier inoxydable pour nouveau-n\u00e9 avec lames a la forme courb\u00e9e et aux extremit\u00e9s arrondies pour une utilisation en toute s\u00e9curit\u00e9. Avec lames courtes pour un meilleur controle de la coupe. Un embout de protection prot\u00e9ge les lames de fa\u00e7on hygi\u00e9niaue.<\/p>\n","protected":false},"featured_media":14336,"comment_status":"open","ping_status":"closed","template":"","meta":{"inline_featured_image":false,"_monsterinsights_skip_tracking":false,"_monsterinsights_sitenote_active":false,"_monsterinsights_sitenote_note":"","_monsterinsights_sitenote_category":0,"_joinchat":[]},"product_cat":[151],"product_tag":[],"class_list":{"0":"post-14335","1":"product","2":"type-product","3":"status-publish","4":"has-post-thumbnail","6":"product_cat-chicco","8":"first","9":"instock","10":"shipping-taxable","11":"purchasable","12":"product-type-simple","13":"add-to-wishlist-after_add_to_cart"},"aioseo_notices":[],"_links":{"self":[{"href":"https:\/\/pararepublique.com\/index.php\/wp-json\/wp\/v2\/product\/14335","targetHints":{"allow":["GET"]}}],"collection":[{"href":"https:\/\/pararepublique.com\/index.php\/wp-json\/wp\/v2\/product"}],"about":[{"href":"https:\/\/pararepublique.com\/index.php\/wp-json\/wp\/v2\/types\/product"}],"replies":[{"embeddable":true,"href":"https:\/\/pararepublique.com\/index.php\/wp-json\/wp\/v2\/comments?post=14335"}],"version-history":[{"count":1,"href":"https:\/\/pararepublique.com\/index.php\/wp-json\/wp\/v2\/product\/14335\/revisions"}],"predecessor-version":[{"id":14340,"href":"https:\/\/pararepublique.com\/index.php\/wp-json\/wp\/v2\/product\/14335\/revisions\/14340"}],"wp:featuredmedia":[{"embeddable":true,"href":"https:\/\/pararepublique.com\/index.php\/wp-json\/wp\/v2\/media\/14336"}],"wp:attachment":[{"href":"https:\/\/pararepublique.com\/index.php\/wp-json\/wp\/v2\/media?parent=14335"}],"wp:term":[{"taxonomy":"product_cat","embeddable":true,"href":"https:\/\/pararepublique.com\/index.php\/wp-json\/wp\/v2\/product_cat?post=14335"},{"taxonomy":"product_tag","embeddable":true,"href":"https:\/\/pararepublique.com\/index.php\/wp-json\/wp\/v2\/product_tag?post=14335"}],"curies":[{"name":"wp","href":"https:\/\/api.w.org\/{rel}","templated":true}]}}