{"id":14341,"date":"2024-12-10T12:31:49","date_gmt":"2024-12-10T12:31:49","guid":{"rendered":"https:\/\/pararepublique.com\/?post_type=product&#038;p=14341"},"modified":"2024-12-10T12:31:49","modified_gmt":"2024-12-10T12:31:49","slug":"chicco-clip-clap-rose-pm","status":"publish","type":"product","link":"https:\/\/pararepublique.com\/index.php\/product\/chicco-clip-clap-rose-pm\/","title":{"rendered":"CHICCO CLIP CLAP ROSE  PM+"},"content":{"rendered":"<p>L\u2019attache-sucette Easy Clip de Chicco est \u00e9galement facile \u00e0 nettoyer et \u00e0 entretenir. Elle peut \u00eatre lav\u00e9e \u00e0 la main ou au lave-vaisselle, et elle ne contient pas de BPA pour la s\u00e9curit\u00e9 de votre b\u00e9b\u00e9.<\/p>\n<p>&nbsp;<\/p>\n","protected":false},"excerpt":{"rendered":"<p>Avant la premi\u00e8re utilisation, retirez avec toute pr\u00e9caution l\u2019attache sucette de son emballage, le nettoyer uniquement dans l\u2019eau ti\u00e8de avec un nettoyant doux.<\/p>\n","protected":false},"featured_media":14342,"comment_status":"open","ping_status":"closed","template":"","meta":{"inline_featured_image":false,"_monsterinsights_skip_tracking":false,"_monsterinsights_sitenote_active":false,"_monsterinsights_sitenote_note":"","_monsterinsights_sitenote_category":0,"_joinchat":[]},"product_cat":[151],"product_tag":[],"class_list":{"0":"post-14341","1":"product","2":"type-product","3":"status-publish","4":"has-post-thumbnail","6":"product_cat-chicco","8":"first","9":"instock","10":"shipping-taxable","11":"purchasable","12":"product-type-simple","13":"add-to-wishlist-after_add_to_cart"},"aioseo_notices":[],"_links":{"self":[{"href":"https:\/\/pararepublique.com\/index.php\/wp-json\/wp\/v2\/product\/14341","targetHints":{"allow":["GET"]}}],"collection":[{"href":"https:\/\/pararepublique.com\/index.php\/wp-json\/wp\/v2\/product"}],"about":[{"href":"https:\/\/pararepublique.com\/index.php\/wp-json\/wp\/v2\/types\/product"}],"replies":[{"embeddable":true,"href":"https:\/\/pararepublique.com\/index.php\/wp-json\/wp\/v2\/comments?post=14341"}],"version-history":[{"count":2,"href":"https:\/\/pararepublique.com\/index.php\/wp-json\/wp\/v2\/product\/14341\/revisions"}],"predecessor-version":[{"id":14344,"href":"https:\/\/pararepublique.com\/index.php\/wp-json\/wp\/v2\/product\/14341\/revisions\/14344"}],"wp:featuredmedia":[{"embeddable":true,"href":"https:\/\/pararepublique.com\/index.php\/wp-json\/wp\/v2\/media\/14342"}],"wp:attachment":[{"href":"https:\/\/pararepublique.com\/index.php\/wp-json\/wp\/v2\/media?parent=14341"}],"wp:term":[{"taxonomy":"product_cat","embeddable":true,"href":"https:\/\/pararepublique.com\/index.php\/wp-json\/wp\/v2\/product_cat?post=14341"},{"taxonomy":"product_tag","embeddable":true,"href":"https:\/\/pararepublique.com\/index.php\/wp-json\/wp\/v2\/product_tag?post=14341"}],"curies":[{"name":"wp","href":"https:\/\/api.w.org\/{rel}","templated":true}]}}